{"id":3987,"date":"2021-01-31T19:18:40","date_gmt":"2021-01-31T19:18:40","guid":{"rendered":"http:\/\/barreau.stagingminimalmtl.com\/biographie-me-francois-senecal\/"},"modified":"2021-01-31T19:18:40","modified_gmt":"2021-01-31T19:18:40","slug":"biographie-me-francois-senecal","status":"publish","type":"page","link":"https:\/\/www.barreaudemontreal.qc.ca\/en\/biographie-me-francois-senecal\/","title":{"rendered":"Biographie &#8211; Me Fran\u00e7ois Sen\u00e9cal"},"content":{"rendered":"<p><strong><img decoding=\"async\" alt=\"\" src=\"https:\/\/www.barreaudemontreal.qc.ca\/wp-content\/uploads\/senecal-francois.jpg\" style=\"width: 100px; height: 114px; float: left; margin-left: 10px; margin-right: 10px;\"><\/strong><strong>Fran\u00e7ois Sen\u00e9cal<\/strong> est avocat et directeur au sein de l\u2019\u00e9quipe protection des renseignements personnels chez KPMG, o\u00f9 il s\u2019int\u00e9resse de fa\u00e7on plus large aux questions novatrices relevant du droit des technologies de l\u2019information. Pendant ses \u00e9tudes de ma\u00eetrise en droit des technologies de l\u2019information \u00e0 l\u2019Universit\u00e9 de Montr\u00e9al, il s\u2019est pench\u00e9 sur l\u2019interpr\u00e9tation des normes dans un contexte technologique changeant.<\/p>\n<p>Il enseigne pr\u00e9sentement au programme de cyberenqu\u00eates de l\u2019\u00c9cole polytechnique de Montr\u00e9al et a \u00e9galement enseign\u00e9 \u00e0 la ma\u00eetrise en administration du commerce \u00e9lectronique \u00e0 l\u2019Universit\u00e9 de Sherbrooke.<\/p>\n","protected":false},"excerpt":{"rendered":"<p>\n","protected":false},"author":3,"featured_media":0,"parent":0,"menu_order":29,"comment_status":"closed","ping_status":"closed","template":"","meta":{"_acf_changed":false,"_editorskit_title_hidden":false,"_editorskit_reading_time":0,"_editorskit_is_block_options_detached":false,"_editorskit_block_options_position":"{}","inline_featured_image":false,"ngg_post_thumbnail":0,"footnotes":""},"class_list":["post-3987","page","type-page","status-publish","hentry"],"acf":[],"yoast_head":"<!-- This site is optimized with the Yoast SEO plugin v27.4 - https:\/\/yoast.com\/product\/yoast-seo-wordpress\/ -->\n<title>Biographie - Me Fran\u00e7ois Sen\u00e9cal - Barreau de Montr&eacute;al<\/title>\n<meta name=\"robots\" content=\"index, follow, max-snippet:-1, max-image-preview:large, max-video-preview:-1\" \/>\n<link rel=\"canonical\" href=\"https:\/\/www.barreaudemontreal.qc.ca\/en\/biographie-me-francois-senecal\/\" \/>\n<meta property=\"og:locale\" content=\"en_US\" \/>\n<meta property=\"og:type\" content=\"article\" \/>\n<meta property=\"og:title\" content=\"Biographie - Me Fran\u00e7ois Sen\u00e9cal - Barreau de Montr&eacute;al\" \/>\n<meta property=\"og:url\" content=\"https:\/\/www.barreaudemontreal.qc.ca\/en\/biographie-me-francois-senecal\/\" \/>\n<meta property=\"og:site_name\" content=\"Barreau de Montr&eacute;al\" \/>\n<meta property=\"og:image\" content=\"https:\/\/www.barreaudemontreal.qc.ca\/wp-content\/uploads\/senecal-francois.jpg\" \/>\n\t<meta property=\"og:image:width\" content=\"598\" \/>\n\t<meta property=\"og:image:height\" content=\"681\" \/>\n\t<meta property=\"og:image:type\" content=\"image\/jpeg\" \/>\n<meta name=\"twitter:card\" content=\"summary_large_image\" \/>\n<meta name=\"twitter:label1\" content=\"Est. reading time\" \/>\n\t<meta name=\"twitter:data1\" content=\"1 minute\" \/>\n<script type=\"application\/ld+json\" class=\"yoast-schema-graph\">{\"@context\":\"https:\\\/\\\/schema.org\",\"@graph\":[{\"@type\":\"WebPage\",\"@id\":\"https:\\\/\\\/www.barreaudemontreal.qc.ca\\\/en\\\/biographie-me-francois-senecal\\\/\",\"url\":\"https:\\\/\\\/www.barreaudemontreal.qc.ca\\\/en\\\/biographie-me-francois-senecal\\\/\",\"name\":\"Biographie - Me Fran\u00e7ois Sen\u00e9cal - Barreau de Montr&eacute;al\",\"isPartOf\":{\"@id\":\"https:\\\/\\\/www.barreaudemontreal.qc.ca\\\/en\\\/#website\"},\"primaryImageOfPage\":{\"@id\":\"https:\\\/\\\/www.barreaudemontreal.qc.ca\\\/en\\\/biographie-me-francois-senecal\\\/#primaryimage\"},\"image\":{\"@id\":\"https:\\\/\\\/www.barreaudemontreal.qc.ca\\\/en\\\/biographie-me-francois-senecal\\\/#primaryimage\"},\"thumbnailUrl\":\"https:\\\/\\\/www.barreaudemontreal.qc.ca\\\/wp-content\\\/uploads\\\/senecal-francois.jpg\",\"datePublished\":\"2021-01-31T19:18:40+00:00\",\"breadcrumb\":{\"@id\":\"https:\\\/\\\/www.barreaudemontreal.qc.ca\\\/en\\\/biographie-me-francois-senecal\\\/#breadcrumb\"},\"inLanguage\":\"en-US\",\"potentialAction\":[{\"@type\":\"ReadAction\",\"target\":[\"https:\\\/\\\/www.barreaudemontreal.qc.ca\\\/en\\\/biographie-me-francois-senecal\\\/\"]}]},{\"@type\":\"ImageObject\",\"inLanguage\":\"en-US\",\"@id\":\"https:\\\/\\\/www.barreaudemontreal.qc.ca\\\/en\\\/biographie-me-francois-senecal\\\/#primaryimage\",\"url\":\"https:\\\/\\\/www.barreaudemontreal.qc.ca\\\/wp-content\\\/uploads\\\/senecal-francois.jpg\",\"contentUrl\":\"https:\\\/\\\/www.barreaudemontreal.qc.ca\\\/wp-content\\\/uploads\\\/senecal-francois.jpg\"},{\"@type\":\"BreadcrumbList\",\"@id\":\"https:\\\/\\\/www.barreaudemontreal.qc.ca\\\/en\\\/biographie-me-francois-senecal\\\/#breadcrumb\",\"itemListElement\":[{\"@type\":\"ListItem\",\"position\":1,\"name\":\"Home\",\"item\":\"https:\\\/\\\/www.barreaudemontreal.qc.ca\\\/en\\\/\"},{\"@type\":\"ListItem\",\"position\":2,\"name\":\"Biographie &#8211; Me Fran\u00e7ois Sen\u00e9cal\"}]},{\"@type\":\"WebSite\",\"@id\":\"https:\\\/\\\/www.barreaudemontreal.qc.ca\\\/en\\\/#website\",\"url\":\"https:\\\/\\\/www.barreaudemontreal.qc.ca\\\/en\\\/\",\"name\":\"Barreau de Montr&eacute;al\",\"description\":\"La plus grande section du Barreau du Qu&eacute;bec\",\"potentialAction\":[{\"@type\":\"SearchAction\",\"target\":{\"@type\":\"EntryPoint\",\"urlTemplate\":\"https:\\\/\\\/www.barreaudemontreal.qc.ca\\\/en\\\/?s={search_term_string}\"},\"query-input\":{\"@type\":\"PropertyValueSpecification\",\"valueRequired\":true,\"valueName\":\"search_term_string\"}}],\"inLanguage\":\"en-US\"}]}<\/script>\n<!-- \/ Yoast SEO plugin. -->","yoast_head_json":{"title":"Biographie - Me Fran\u00e7ois Sen\u00e9cal - Barreau de Montr&eacute;al","robots":{"index":"index","follow":"follow","max-snippet":"max-snippet:-1","max-image-preview":"max-image-preview:large","max-video-preview":"max-video-preview:-1"},"canonical":"https:\/\/www.barreaudemontreal.qc.ca\/en\/biographie-me-francois-senecal\/","og_locale":"en_US","og_type":"article","og_title":"Biographie - Me Fran\u00e7ois Sen\u00e9cal - Barreau de Montr&eacute;al","og_url":"https:\/\/www.barreaudemontreal.qc.ca\/en\/biographie-me-francois-senecal\/","og_site_name":"Barreau de Montr&eacute;al","og_image":[{"width":598,"height":681,"url":"https:\/\/www.barreaudemontreal.qc.ca\/wp-content\/uploads\/senecal-francois.jpg","type":"image\/jpeg"}],"twitter_card":"summary_large_image","twitter_misc":{"Est. reading time":"1 minute"},"schema":{"@context":"https:\/\/schema.org","@graph":[{"@type":"WebPage","@id":"https:\/\/www.barreaudemontreal.qc.ca\/en\/biographie-me-francois-senecal\/","url":"https:\/\/www.barreaudemontreal.qc.ca\/en\/biographie-me-francois-senecal\/","name":"Biographie - Me Fran\u00e7ois Sen\u00e9cal - Barreau de Montr&eacute;al","isPartOf":{"@id":"https:\/\/www.barreaudemontreal.qc.ca\/en\/#website"},"primaryImageOfPage":{"@id":"https:\/\/www.barreaudemontreal.qc.ca\/en\/biographie-me-francois-senecal\/#primaryimage"},"image":{"@id":"https:\/\/www.barreaudemontreal.qc.ca\/en\/biographie-me-francois-senecal\/#primaryimage"},"thumbnailUrl":"https:\/\/www.barreaudemontreal.qc.ca\/wp-content\/uploads\/senecal-francois.jpg","datePublished":"2021-01-31T19:18:40+00:00","breadcrumb":{"@id":"https:\/\/www.barreaudemontreal.qc.ca\/en\/biographie-me-francois-senecal\/#breadcrumb"},"inLanguage":"en-US","potentialAction":[{"@type":"ReadAction","target":["https:\/\/www.barreaudemontreal.qc.ca\/en\/biographie-me-francois-senecal\/"]}]},{"@type":"ImageObject","inLanguage":"en-US","@id":"https:\/\/www.barreaudemontreal.qc.ca\/en\/biographie-me-francois-senecal\/#primaryimage","url":"https:\/\/www.barreaudemontreal.qc.ca\/wp-content\/uploads\/senecal-francois.jpg","contentUrl":"https:\/\/www.barreaudemontreal.qc.ca\/wp-content\/uploads\/senecal-francois.jpg"},{"@type":"BreadcrumbList","@id":"https:\/\/www.barreaudemontreal.qc.ca\/en\/biographie-me-francois-senecal\/#breadcrumb","itemListElement":[{"@type":"ListItem","position":1,"name":"Home","item":"https:\/\/www.barreaudemontreal.qc.ca\/en\/"},{"@type":"ListItem","position":2,"name":"Biographie &#8211; Me Fran\u00e7ois Sen\u00e9cal"}]},{"@type":"WebSite","@id":"https:\/\/www.barreaudemontreal.qc.ca\/en\/#website","url":"https:\/\/www.barreaudemontreal.qc.ca\/en\/","name":"Barreau de Montr&eacute;al","description":"La plus grande section du Barreau du Qu&eacute;bec","potentialAction":[{"@type":"SearchAction","target":{"@type":"EntryPoint","urlTemplate":"https:\/\/www.barreaudemontreal.qc.ca\/en\/?s={search_term_string}"},"query-input":{"@type":"PropertyValueSpecification","valueRequired":true,"valueName":"search_term_string"}}],"inLanguage":"en-US"}]}},"_links":{"self":[{"href":"https:\/\/www.barreaudemontreal.qc.ca\/en\/wp-json\/wp\/v2\/pages\/3987","targetHints":{"allow":["GET"]}}],"collection":[{"href":"https:\/\/www.barreaudemontreal.qc.ca\/en\/wp-json\/wp\/v2\/pages"}],"about":[{"href":"https:\/\/www.barreaudemontreal.qc.ca\/en\/wp-json\/wp\/v2\/types\/page"}],"author":[{"embeddable":true,"href":"https:\/\/www.barreaudemontreal.qc.ca\/en\/wp-json\/wp\/v2\/users\/3"}],"replies":[{"embeddable":true,"href":"https:\/\/www.barreaudemontreal.qc.ca\/en\/wp-json\/wp\/v2\/comments?post=3987"}],"version-history":[{"count":0,"href":"https:\/\/www.barreaudemontreal.qc.ca\/en\/wp-json\/wp\/v2\/pages\/3987\/revisions"}],"wp:attachment":[{"href":"https:\/\/www.barreaudemontreal.qc.ca\/en\/wp-json\/wp\/v2\/media?parent=3987"}],"curies":[{"name":"wp","href":"https:\/\/api.w.org\/{rel}","templated":true}]}}

Biographie &#8211; Me François Senécal

<p><strong><img decoding="async" alt="" src="https://www.barreaudemontreal.qc.ca/wp-content/uploads/senecal-francois.jpg" style="width: 100px; height: 114px; float: left; margin-left: 10px; margin-right: 10px;"></strong><strong>François Senécal</strong> est avocat et directeur au sein de l’équipe protection des renseignements personnels chez KPMG, où il s’intéresse de façon plus large aux questions novatrices relevant du droit des technologies de l’information. Pendant ses études de maîtrise en droit des technologies de l’information à l’Université de Montréal, il s’est penché sur l’interprétation des normes dans un contexte technologique changeant.</p>
<p>Il enseigne présentement au programme de cyberenquêtes de l’École polytechnique de Montréal et a également enseigné à la maîtrise en administration du commerce électronique à l’Université de Sherbrooke.</p>

<!-- This site is optimized with the Yoast SEO plugin v27.4 - https://yoast.com/product/yoast-seo-wordpress/ -->
<title>Biographie - Me François Senécal - Barreau de Montr&eacute;al</title>
<meta name="robots" content="index, follow, max-snippet:-1, max-image-preview:large, max-video-preview:-1" />
<link rel="canonical" href="https://www.barreaudemontreal.qc.ca/en/biographie-me-francois-senecal/" />
<meta property="og:locale" content="en_US" />
<meta property="og:type" content="article" />
<meta property="og:title" content="Biographie - Me François Senécal - Barreau de Montr&eacute;al" />
<meta property="og:url" content="https://www.barreaudemontreal.qc.ca/en/biographie-me-francois-senecal/" />
<meta property="og:site_name" content="Barreau de Montr&eacute;al" />
<meta property="og:image" content="https://www.barreaudemontreal.qc.ca/wp-content/uploads/senecal-francois.jpg" />
	<meta property="og:image:width" content="598" />
	<meta property="og:image:height" content="681" />
	<meta property="og:image:type" content="image/jpeg" />
<meta name="twitter:card" content="summary_large_image" />
<meta name="twitter:label1" content="Est. reading time" />
	<meta name="twitter:data1" content="1 minute" />
<script type="application/ld+json" class="yoast-schema-graph">{"@context":"https:\/\/schema.org","@graph":[{"@type":"WebPage","@id":"https:\/\/www.barreaudemontreal.qc.ca\/en\/biographie-me-francois-senecal\/","url":"https:\/\/www.barreaudemontreal.qc.ca\/en\/biographie-me-francois-senecal\/","name":"Biographie - Me François Senécal - Barreau de Montr&eacute;al","isPartOf":{"@id":"https:\/\/www.barreaudemontreal.qc.ca\/en\/#website"},"primaryImageOfPage":{"@id":"https:\/\/www.barreaudemontreal.qc.ca\/en\/biographie-me-francois-senecal\/#primaryimage"},"image":{"@id":"https:\/\/www.barreaudemontreal.qc.ca\/en\/biographie-me-francois-senecal\/#primaryimage"},"thumbnailUrl":"https:\/\/www.barreaudemontreal.qc.ca\/wp-content\/uploads\/senecal-francois.jpg","datePublished":"2021-01-31T19:18:40+00:00","breadcrumb":{"@id":"https:\/\/www.barreaudemontreal.qc.ca\/en\/biographie-me-francois-senecal\/#breadcrumb"},"inLanguage":"en-US","potentialAction":[{"@type":"ReadAction","target":["https:\/\/www.barreaudemontreal.qc.ca\/en\/biographie-me-francois-senecal\/"]}]},{"@type":"ImageObject","inLanguage":"en-US","@id":"https:\/\/www.barreaudemontreal.qc.ca\/en\/biographie-me-francois-senecal\/#primaryimage","url":"https:\/\/www.barreaudemontreal.qc.ca\/wp-content\/uploads\/senecal-francois.jpg","contentUrl":"https:\/\/www.barreaudemontreal.qc.ca\/wp-content\/uploads\/senecal-francois.jpg"},{"@type":"BreadcrumbList","@id":"https:\/\/www.barreaudemontreal.qc.ca\/en\/biographie-me-francois-senecal\/#breadcrumb","itemListElement":[{"@type":"ListItem","position":1,"name":"Home","item":"https:\/\/www.barreaudemontreal.qc.ca\/en\/"},{"@type":"ListItem","position":2,"name":"Biographie &#8211; Me François Senécal"}]},{"@type":"WebSite","@id":"https:\/\/www.barreaudemontreal.qc.ca\/en\/#website","url":"https:\/\/www.barreaudemontreal.qc.ca\/en\/","name":"Barreau de Montr&eacute;al","description":"La plus grande section du Barreau du Qu&eacute;bec","potentialAction":[{"@type":"SearchAction","target":{"@type":"EntryPoint","urlTemplate":"https:\/\/www.barreaudemontreal.qc.ca\/en\/?s={search_term_string}"},"query-input":{"@type":"PropertyValueSpecification","valueRequired":true,"valueName":"search_term_string"}}],"inLanguage":"en-US"}]}</script>
<!-- / Yoast SEO plugin. -->

Biographie - Me François Senécal - Barreau de Montr&eacute;al
