{"id":31362,"date":"2023-03-06T20:12:59","date_gmt":"2023-03-07T01:12:59","guid":{"rendered":"https:\/\/www.barreaudemontreal.qc.ca\/?page_id=31362"},"modified":"2023-03-06T23:48:13","modified_gmt":"2023-03-07T04:48:13","slug":"biographie-lhonorable-marie-anne-paquette","status":"publish","type":"page","link":"https:\/\/www.barreaudemontreal.qc.ca\/en\/activites\/biographie-lhonorable-marie-anne-paquette\/","title":{"rendered":"Biographie &#8211; L\u2019honorable Marie-Anne Paquette"},"content":{"rendered":"<div class=\"wp-block-image\">\n<figure class=\"alignleft size-full is-resized\"><img decoding=\"async\" src=\"https:\/\/www.barreaudemontreal.qc.ca\/wp-content\/uploads\/photo-juge-paquette-edited-2.jpg\" alt=\"\" class=\"wp-image-31405\" width=\"261\" height=\"347\"\/><figcaption class=\"wp-element-caption\"><strong>L\u2019honorable Marie-Anne Paquette<\/strong>,<br><em>juge en chef de la Cour sup\u00e9rieure du Qu\u00e9bec<\/em><\/figcaption><\/figure>\n<\/div>\n\n\n<p>Avant sa nomination comme juge en chef de la Cour sup\u00e9rieure le 2 juin 2022, l&#8217;honorable Marie-Anne Paquette, a \u00e9t\u00e9 re\u00e7ue au Barreau du Qu\u00e9bec en 1994.<\/p>\n\n\n\n<p>Elle a \u00e9t\u00e9 auxiliaire juridique \u00e0 la Cour supr\u00eame du Canada, ou elle a eu le privil\u00e8ge de travailler avec L&#8217;ex juge en chef du Canada, la tr\u00e8s honorable Beverly McLachlin.<\/p>\n\n\n\n<p>Elle a ensuite pratiqu\u00e9 le litige comme avocate, puis associ\u00e9e chez McCarthy T\u00e9trault, et chez Woods, boutique et litige. En tant qu,avocate, la juge en chef Paquette a exerc\u00e9 dans les domaines du litige civil et commercial, du recours collectif et de la responsabilit\u00e9 professionnelle.<br><br>Elle a \u00e9t\u00e9 nomm\u00e9e \u00e0 la Cour sup\u00e9rieure du Qu\u00e9bec en 2010 et a eu l&#8217;occasion, depuis, de rendre plusieurs jugements dans des domaines vari\u00e9s, incluant les litiges commerciaux et l&#8217;insolvabilit\u00e9.<\/p>\n\n\n\n<p>Elle a \u00e9t\u00e9 juge coordonnatrice de la Chambre commerciale de la Cour sup\u00e9rieure en 2020, jusqu&#8217;\u00e0 sa nomination \u00e0 titre de juge en chef.<\/p>\n","protected":false},"excerpt":{"rendered":"<p>Avant sa nomination comme juge en chef de la Cour sup\u00e9rieure le 2 juin 2022, l&#8217;honorable Marie-Anne Paquette, a \u00e9t\u00e9 re\u00e7ue au Barreau du Qu\u00e9bec en 1994. Elle a \u00e9t\u00e9 [&hellip;]<\/p>\n","protected":false},"author":3,"featured_media":0,"parent":1300,"menu_order":0,"comment_status":"closed","ping_status":"closed","template":"","meta":{"_acf_changed":false,"_editorskit_title_hidden":false,"_editorskit_reading_time":1,"_editorskit_is_block_options_detached":false,"_editorskit_block_options_position":"{}","inline_featured_image":false,"ngg_post_thumbnail":0,"footnotes":""},"class_list":["post-31362","page","type-page","status-publish","hentry"],"acf":[],"yoast_head":"<!-- This site is optimized with the Yoast SEO plugin v27.4 - https:\/\/yoast.com\/product\/yoast-seo-wordpress\/ -->\n<title>Biographie - L\u2019honorable Marie-Anne Paquette - Barreau de Montr&eacute;al<\/title>\n<meta name=\"robots\" content=\"index, follow, max-snippet:-1, max-image-preview:large, max-video-preview:-1\" \/>\n<link rel=\"canonical\" href=\"https:\/\/www.barreaudemontreal.qc.ca\/en\/activites\/biographie-lhonorable-marie-anne-paquette\/\" \/>\n<meta property=\"og:locale\" content=\"en_US\" \/>\n<meta property=\"og:type\" content=\"article\" \/>\n<meta property=\"og:title\" content=\"Biographie - L\u2019honorable Marie-Anne Paquette - Barreau de Montr&eacute;al\" \/>\n<meta property=\"og:description\" content=\"Avant sa nomination comme juge en chef de la Cour sup\u00e9rieure le 2 juin 2022, l&#8217;honorable Marie-Anne Paquette, a \u00e9t\u00e9 re\u00e7ue au Barreau du Qu\u00e9bec en 1994. Elle a \u00e9t\u00e9 [&hellip;]\" \/>\n<meta property=\"og:url\" content=\"https:\/\/www.barreaudemontreal.qc.ca\/en\/activites\/biographie-lhonorable-marie-anne-paquette\/\" \/>\n<meta property=\"og:site_name\" content=\"Barreau de Montr&eacute;al\" \/>\n<meta property=\"article:modified_time\" content=\"2023-03-07T04:48:13+00:00\" \/>\n<meta property=\"og:image\" content=\"https:\/\/www.barreaudemontreal.qc.ca\/wp-content\/uploads\/photo-juge-paquette-edited-2.jpg\" \/>\n<meta name=\"twitter:card\" content=\"summary_large_image\" \/>\n<meta name=\"twitter:label1\" content=\"Est. reading time\" \/>\n\t<meta name=\"twitter:data1\" content=\"2 minutes\" \/>\n<script type=\"application\/ld+json\" class=\"yoast-schema-graph\">{\"@context\":\"https:\\\/\\\/schema.org\",\"@graph\":[{\"@type\":\"WebPage\",\"@id\":\"https:\\\/\\\/www.barreaudemontreal.qc.ca\\\/en\\\/activites\\\/biographie-lhonorable-marie-anne-paquette\\\/\",\"url\":\"https:\\\/\\\/www.barreaudemontreal.qc.ca\\\/en\\\/activites\\\/biographie-lhonorable-marie-anne-paquette\\\/\",\"name\":\"Biographie - L\u2019honorable Marie-Anne Paquette - Barreau de Montr&eacute;al\",\"isPartOf\":{\"@id\":\"https:\\\/\\\/www.barreaudemontreal.qc.ca\\\/en\\\/#website\"},\"primaryImageOfPage\":{\"@id\":\"https:\\\/\\\/www.barreaudemontreal.qc.ca\\\/en\\\/activites\\\/biographie-lhonorable-marie-anne-paquette\\\/#primaryimage\"},\"image\":{\"@id\":\"https:\\\/\\\/www.barreaudemontreal.qc.ca\\\/en\\\/activites\\\/biographie-lhonorable-marie-anne-paquette\\\/#primaryimage\"},\"thumbnailUrl\":\"https:\\\/\\\/www.barreaudemontreal.qc.ca\\\/wp-content\\\/uploads\\\/photo-juge-paquette-edited-2.jpg\",\"datePublished\":\"2023-03-07T01:12:59+00:00\",\"dateModified\":\"2023-03-07T04:48:13+00:00\",\"breadcrumb\":{\"@id\":\"https:\\\/\\\/www.barreaudemontreal.qc.ca\\\/en\\\/activites\\\/biographie-lhonorable-marie-anne-paquette\\\/#breadcrumb\"},\"inLanguage\":\"en-US\",\"potentialAction\":[{\"@type\":\"ReadAction\",\"target\":[\"https:\\\/\\\/www.barreaudemontreal.qc.ca\\\/en\\\/activites\\\/biographie-lhonorable-marie-anne-paquette\\\/\"]}]},{\"@type\":\"ImageObject\",\"inLanguage\":\"en-US\",\"@id\":\"https:\\\/\\\/www.barreaudemontreal.qc.ca\\\/en\\\/activites\\\/biographie-lhonorable-marie-anne-paquette\\\/#primaryimage\",\"url\":\"https:\\\/\\\/www.barreaudemontreal.qc.ca\\\/wp-content\\\/uploads\\\/photo-juge-paquette-edited-2.jpg\",\"contentUrl\":\"https:\\\/\\\/www.barreaudemontreal.qc.ca\\\/wp-content\\\/uploads\\\/photo-juge-paquette-edited-2.jpg\"},{\"@type\":\"BreadcrumbList\",\"@id\":\"https:\\\/\\\/www.barreaudemontreal.qc.ca\\\/en\\\/activites\\\/biographie-lhonorable-marie-anne-paquette\\\/#breadcrumb\",\"itemListElement\":[{\"@type\":\"ListItem\",\"position\":1,\"name\":\"Home\",\"item\":\"https:\\\/\\\/www.barreaudemontreal.qc.ca\\\/en\\\/\"},{\"@type\":\"ListItem\",\"position\":2,\"name\":\"Activit\u00e9s et formations\",\"item\":\"https:\\\/\\\/www.barreaudemontreal.qc.ca\\\/en\\\/activites\\\/\"},{\"@type\":\"ListItem\",\"position\":3,\"name\":\"Biographie &#8211; L\u2019honorable Marie-Anne Paquette\"}]},{\"@type\":\"WebSite\",\"@id\":\"https:\\\/\\\/www.barreaudemontreal.qc.ca\\\/en\\\/#website\",\"url\":\"https:\\\/\\\/www.barreaudemontreal.qc.ca\\\/en\\\/\",\"name\":\"Barreau de Montr&eacute;al\",\"description\":\"La plus grande section du Barreau du Qu&eacute;bec\",\"potentialAction\":[{\"@type\":\"SearchAction\",\"target\":{\"@type\":\"EntryPoint\",\"urlTemplate\":\"https:\\\/\\\/www.barreaudemontreal.qc.ca\\\/en\\\/?s={search_term_string}\"},\"query-input\":{\"@type\":\"PropertyValueSpecification\",\"valueRequired\":true,\"valueName\":\"search_term_string\"}}],\"inLanguage\":\"en-US\"}]}<\/script>\n<!-- \/ Yoast SEO plugin. -->","yoast_head_json":{"title":"Biographie - L\u2019honorable Marie-Anne Paquette - Barreau de Montr&eacute;al","robots":{"index":"index","follow":"follow","max-snippet":"max-snippet:-1","max-image-preview":"max-image-preview:large","max-video-preview":"max-video-preview:-1"},"canonical":"https:\/\/www.barreaudemontreal.qc.ca\/en\/activites\/biographie-lhonorable-marie-anne-paquette\/","og_locale":"en_US","og_type":"article","og_title":"Biographie - L\u2019honorable Marie-Anne Paquette - Barreau de Montr&eacute;al","og_description":"Avant sa nomination comme juge en chef de la Cour sup\u00e9rieure le 2 juin 2022, l&#8217;honorable Marie-Anne Paquette, a \u00e9t\u00e9 re\u00e7ue au Barreau du Qu\u00e9bec en 1994. Elle a \u00e9t\u00e9 [&hellip;]","og_url":"https:\/\/www.barreaudemontreal.qc.ca\/en\/activites\/biographie-lhonorable-marie-anne-paquette\/","og_site_name":"Barreau de Montr&eacute;al","article_modified_time":"2023-03-07T04:48:13+00:00","og_image":[{"url":"https:\/\/www.barreaudemontreal.qc.ca\/wp-content\/uploads\/photo-juge-paquette-edited-2.jpg","type":"","width":"","height":""}],"twitter_card":"summary_large_image","twitter_misc":{"Est. reading time":"2 minutes"},"schema":{"@context":"https:\/\/schema.org","@graph":[{"@type":"WebPage","@id":"https:\/\/www.barreaudemontreal.qc.ca\/en\/activites\/biographie-lhonorable-marie-anne-paquette\/","url":"https:\/\/www.barreaudemontreal.qc.ca\/en\/activites\/biographie-lhonorable-marie-anne-paquette\/","name":"Biographie - L\u2019honorable Marie-Anne Paquette - Barreau de Montr&eacute;al","isPartOf":{"@id":"https:\/\/www.barreaudemontreal.qc.ca\/en\/#website"},"primaryImageOfPage":{"@id":"https:\/\/www.barreaudemontreal.qc.ca\/en\/activites\/biographie-lhonorable-marie-anne-paquette\/#primaryimage"},"image":{"@id":"https:\/\/www.barreaudemontreal.qc.ca\/en\/activites\/biographie-lhonorable-marie-anne-paquette\/#primaryimage"},"thumbnailUrl":"https:\/\/www.barreaudemontreal.qc.ca\/wp-content\/uploads\/photo-juge-paquette-edited-2.jpg","datePublished":"2023-03-07T01:12:59+00:00","dateModified":"2023-03-07T04:48:13+00:00","breadcrumb":{"@id":"https:\/\/www.barreaudemontreal.qc.ca\/en\/activites\/biographie-lhonorable-marie-anne-paquette\/#breadcrumb"},"inLanguage":"en-US","potentialAction":[{"@type":"ReadAction","target":["https:\/\/www.barreaudemontreal.qc.ca\/en\/activites\/biographie-lhonorable-marie-anne-paquette\/"]}]},{"@type":"ImageObject","inLanguage":"en-US","@id":"https:\/\/www.barreaudemontreal.qc.ca\/en\/activites\/biographie-lhonorable-marie-anne-paquette\/#primaryimage","url":"https:\/\/www.barreaudemontreal.qc.ca\/wp-content\/uploads\/photo-juge-paquette-edited-2.jpg","contentUrl":"https:\/\/www.barreaudemontreal.qc.ca\/wp-content\/uploads\/photo-juge-paquette-edited-2.jpg"},{"@type":"BreadcrumbList","@id":"https:\/\/www.barreaudemontreal.qc.ca\/en\/activites\/biographie-lhonorable-marie-anne-paquette\/#breadcrumb","itemListElement":[{"@type":"ListItem","position":1,"name":"Home","item":"https:\/\/www.barreaudemontreal.qc.ca\/en\/"},{"@type":"ListItem","position":2,"name":"Activit\u00e9s et formations","item":"https:\/\/www.barreaudemontreal.qc.ca\/en\/activites\/"},{"@type":"ListItem","position":3,"name":"Biographie &#8211; L\u2019honorable Marie-Anne Paquette"}]},{"@type":"WebSite","@id":"https:\/\/www.barreaudemontreal.qc.ca\/en\/#website","url":"https:\/\/www.barreaudemontreal.qc.ca\/en\/","name":"Barreau de Montr&eacute;al","description":"La plus grande section du Barreau du Qu&eacute;bec","potentialAction":[{"@type":"SearchAction","target":{"@type":"EntryPoint","urlTemplate":"https:\/\/www.barreaudemontreal.qc.ca\/en\/?s={search_term_string}"},"query-input":{"@type":"PropertyValueSpecification","valueRequired":true,"valueName":"search_term_string"}}],"inLanguage":"en-US"}]}},"_links":{"self":[{"href":"https:\/\/www.barreaudemontreal.qc.ca\/en\/wp-json\/wp\/v2\/pages\/31362","targetHints":{"allow":["GET"]}}],"collection":[{"href":"https:\/\/www.barreaudemontreal.qc.ca\/en\/wp-json\/wp\/v2\/pages"}],"about":[{"href":"https:\/\/www.barreaudemontreal.qc.ca\/en\/wp-json\/wp\/v2\/types\/page"}],"author":[{"embeddable":true,"href":"https:\/\/www.barreaudemontreal.qc.ca\/en\/wp-json\/wp\/v2\/users\/3"}],"replies":[{"embeddable":true,"href":"https:\/\/www.barreaudemontreal.qc.ca\/en\/wp-json\/wp\/v2\/comments?post=31362"}],"version-history":[{"count":0,"href":"https:\/\/www.barreaudemontreal.qc.ca\/en\/wp-json\/wp\/v2\/pages\/31362\/revisions"}],"up":[{"embeddable":true,"href":"https:\/\/www.barreaudemontreal.qc.ca\/en\/wp-json\/wp\/v2\/pages\/1300"}],"wp:attachment":[{"href":"https:\/\/www.barreaudemontreal.qc.ca\/en\/wp-json\/wp\/v2\/media?parent=31362"}],"curies":[{"name":"wp","href":"https:\/\/api.w.org\/{rel}","templated":true}]}}

<div class="wp-block-image">
<figure class="alignleft size-full is-resized"><img decoding="async" src="https://www.barreaudemontreal.qc.ca/wp-content/uploads/photo-juge-paquette-edited-2.jpg" alt="" class="wp-image-31405" width="261" height="347"/><figcaption class="wp-element-caption"><strong>L’honorable Marie-Anne Paquette</strong>,<br><em>juge en chef de la Cour supérieure du Québec</em></figcaption></figure>
</div>


<p>Avant sa nomination comme juge en chef de la Cour supérieure le 2 juin 2022, l&#8217;honorable Marie-Anne Paquette, a été reçue au Barreau du Québec en 1994.</p>



<p>Elle a été auxiliaire juridique à la Cour suprême du Canada, ou elle a eu le privilège de travailler avec L&#8217;ex juge en chef du Canada, la très honorable Beverly McLachlin.</p>



<p>Elle a ensuite pratiqué le litige comme avocate, puis associée chez McCarthy Tétrault, et chez Woods, boutique et litige. En tant qu,avocate, la juge en chef Paquette a exercé dans les domaines du litige civil et commercial, du recours collectif et de la responsabilité professionnelle.<br><br>Elle a été nommée à la Cour supérieure du Québec en 2010 et a eu l&#8217;occasion, depuis, de rendre plusieurs jugements dans des domaines variés, incluant les litiges commerciaux et l&#8217;insolvabilité.</p>



<p>Elle a été juge coordonnatrice de la Chambre commerciale de la Cour supérieure en 2020, jusqu&#8217;à sa nomination à titre de juge en chef.</p>

<p>Avant sa nomination comme juge en chef de la Cour supérieure le 2 juin 2022, l&#8217;honorable Marie-Anne Paquette, a été reçue au Barreau du Québec en 1994. Elle a été [&hellip;]</p>

<!-- This site is optimized with the Yoast SEO plugin v27.4 - https://yoast.com/product/yoast-seo-wordpress/ -->
<title>Biographie - L’honorable Marie-Anne Paquette - Barreau de Montr&eacute;al</title>
<meta name="robots" content="index, follow, max-snippet:-1, max-image-preview:large, max-video-preview:-1" />
<link rel="canonical" href="https://www.barreaudemontreal.qc.ca/en/activites/biographie-lhonorable-marie-anne-paquette/" />
<meta property="og:locale" content="en_US" />
<meta property="og:type" content="article" />
<meta property="og:title" content="Biographie - L’honorable Marie-Anne Paquette - Barreau de Montr&eacute;al" />
<meta property="og:description" content="Avant sa nomination comme juge en chef de la Cour supérieure le 2 juin 2022, l&#8217;honorable Marie-Anne Paquette, a été reçue au Barreau du Québec en 1994. Elle a été [&hellip;]" />
<meta property="og:url" content="https://www.barreaudemontreal.qc.ca/en/activites/biographie-lhonorable-marie-anne-paquette/" />
<meta property="og:site_name" content="Barreau de Montr&eacute;al" />
<meta property="article:modified_time" content="2023-03-07T04:48:13+00:00" />
<meta property="og:image" content="https://www.barreaudemontreal.qc.ca/wp-content/uploads/photo-juge-paquette-edited-2.jpg" />
<meta name="twitter:card" content="summary_large_image" />
<meta name="twitter:label1" content="Est. reading time" />
	<meta name="twitter:data1" content="2 minutes" />
<script type="application/ld+json" class="yoast-schema-graph">{"@context":"https:\/\/schema.org","@graph":[{"@type":"WebPage","@id":"https:\/\/www.barreaudemontreal.qc.ca\/en\/activites\/biographie-lhonorable-marie-anne-paquette\/","url":"https:\/\/www.barreaudemontreal.qc.ca\/en\/activites\/biographie-lhonorable-marie-anne-paquette\/","name":"Biographie - L’honorable Marie-Anne Paquette - Barreau de Montr&eacute;al","isPartOf":{"@id":"https:\/\/www.barreaudemontreal.qc.ca\/en\/#website"},"primaryImageOfPage":{"@id":"https:\/\/www.barreaudemontreal.qc.ca\/en\/activites\/biographie-lhonorable-marie-anne-paquette\/#primaryimage"},"image":{"@id":"https:\/\/www.barreaudemontreal.qc.ca\/en\/activites\/biographie-lhonorable-marie-anne-paquette\/#primaryimage"},"thumbnailUrl":"https:\/\/www.barreaudemontreal.qc.ca\/wp-content\/uploads\/photo-juge-paquette-edited-2.jpg","datePublished":"2023-03-07T01:12:59+00:00","dateModified":"2023-03-07T04:48:13+00:00","breadcrumb":{"@id":"https:\/\/www.barreaudemontreal.qc.ca\/en\/activites\/biographie-lhonorable-marie-anne-paquette\/#breadcrumb"},"inLanguage":"en-US","potentialAction":[{"@type":"ReadAction","target":["https:\/\/www.barreaudemontreal.qc.ca\/en\/activites\/biographie-lhonorable-marie-anne-paquette\/"]}]},{"@type":"ImageObject","inLanguage":"en-US","@id":"https:\/\/www.barreaudemontreal.qc.ca\/en\/activites\/biographie-lhonorable-marie-anne-paquette\/#primaryimage","url":"https:\/\/www.barreaudemontreal.qc.ca\/wp-content\/uploads\/photo-juge-paquette-edited-2.jpg","contentUrl":"https:\/\/www.barreaudemontreal.qc.ca\/wp-content\/uploads\/photo-juge-paquette-edited-2.jpg"},{"@type":"BreadcrumbList","@id":"https:\/\/www.barreaudemontreal.qc.ca\/en\/activites\/biographie-lhonorable-marie-anne-paquette\/#breadcrumb","itemListElement":[{"@type":"ListItem","position":1,"name":"Home","item":"https:\/\/www.barreaudemontreal.qc.ca\/en\/"},{"@type":"ListItem","position":2,"name":"Activités et formations","item":"https:\/\/www.barreaudemontreal.qc.ca\/en\/activites\/"},{"@type":"ListItem","position":3,"name":"Biographie &#8211; L’honorable Marie-Anne Paquette"}]},{"@type":"WebSite","@id":"https:\/\/www.barreaudemontreal.qc.ca\/en\/#website","url":"https:\/\/www.barreaudemontreal.qc.ca\/en\/","name":"Barreau de Montr&eacute;al","description":"La plus grande section du Barreau du Qu&eacute;bec","potentialAction":[{"@type":"SearchAction","target":{"@type":"EntryPoint","urlTemplate":"https:\/\/www.barreaudemontreal.qc.ca\/en\/?s={search_term_string}"},"query-input":{"@type":"PropertyValueSpecification","valueRequired":true,"valueName":"search_term_string"}}],"inLanguage":"en-US"}]}</script>
<!-- / Yoast SEO plugin. -->

Avant sa nomination comme juge en chef de la Cour supérieure le 2 juin 2022, l&#8217;honorable Marie-Anne Paquette, a été reçue au Barreau du Québec en 1994. Elle a été [&hellip;]

Activités et formations
