{"id":1443,"date":"2014-01-24T20:52:21","date_gmt":"2014-01-24T20:52:21","guid":{"rendered":"http:\/\/barreau.stagingminimalmtl.com\/presenting-ethnocultural-diversity-committee\/"},"modified":"2014-01-24T20:52:21","modified_gmt":"2014-01-24T20:52:21","slug":"presenting-ethnocultural-diversity-committee","status":"publish","type":"page","link":"https:\/\/www.barreaudemontreal.qc.ca\/en\/presenting-ethnocultural-diversity-committee\/","title":{"rendered":"Presenting the Ethnocultural Diversity Committee"},"content":{"rendered":"<div style=\"text-align: left;\"><em><span style=\"color:#696969;\"><span style=\"font-size: 11px;\"><em>Article diffused on January 22, 2014<\/em><\/span><\/span><\/em><\/p>\n<p>To perform its mission of protecting the public, the Bar of Montreal can rely on the thoughts and suggestions resulting from the participation of its 400 valuable volunteers, who serve on some 40 different committees.&nbsp; Their discussions also allow the Bar of Montreal to know the concerns of its members and orient its actions accordingly. The creation of a joint committee on ethnocultural diversity with the Young Bar Association of Montreal (YBAM) is a fine example of what listening to our members can bring about.&nbsp;<\/p>\n<p><strong>Creation of the Committee on Ethnocultural Diversity <\/strong><\/p>\n<p>This committee was established in 2007. Its terms of reference at that time called for providing better representation for the members of cultural communities within the Bar and advising the Boards of Directors of the Bar and the AJBM on this subject.&nbsp;<\/p>\n<p>Initially, the committee recommended that one seat on the Board of the Bar of Montreal be reserved for a member from a cultural community. Instead, the Board gave the committee a mandate to encourage members of cultural communities to become more involved in the Bar\u2019s activities.&nbsp;<\/p>\n<p>The first action by the committee along those lines was to invite the representatives of various associations of lawyers from the cultural communities to join them. The Lord Reading Law Society and the Association canadienne italienne des juristes du Qu\u00e9bec responded to that invitation and are still present.&nbsp;<\/p>\n<p>The committee also organizes an annual conference on human rights.&nbsp; The inspiration of Mtre Stephen G. Schenke when he was B\u00e2tonnier for Montr\u00e9al, this popular event has provided an opportunity to examine such topical subjects as:<\/p>\n<ul>\n<li>The challenges of ethnocultural diversity within the legal profession;<\/li>\n<li>The impact of various religions on Qu\u00e9bec practice;<\/li>\n<li>Racial profiling racial;<\/li>\n<li>The border between individual and collective rights.<\/li>\n<\/ul>\n<p><strong>Winds of change<\/strong><\/p>\n<p>In the fall of 2012, the members of the committee felt the need to clarify its terms of reference and adjust the committee\u2019s activities, given the growing proportion of members of the Bar from cultural communities, a situation that reflects the composition of Montr\u00e9al\u2019s population.<\/p>\n<p><strong>One Bar for all!<\/strong><\/p>\n<p>Based on this new approach, the committee will now be focussing on making the members of the Bar aware of the demographic reality, helping the integration of members from cultural communities within the Bar and being attentive to their needs.&nbsp;<\/p>\n<p>The committee will continue to offer high quality information sessions on subjects of particular importance to the members of cultural communities. This will enable all members of the Bar of Montreal and the AJBM to develop their understanding of the realities of the cultural communities.&nbsp;<\/p>\n<p>The committee hopes that its new orientation will facilitate interaction between members of the Bar and the people it encounters in the course of their duties, whatever their cultural origin.&nbsp;<\/p>\n<p>The committee invites you to read its Newsletter to learn more about its activities.<\/p>\n<\/div>\n<div style=\"text-align: left;\"><em><strong>The members of this committee for the year 2013-2014 are :&nbsp;<\/strong><\/em><\/div>\n<div style=\"text-align: left;\"><em>Mtre No\u00ebl Saint-Pierre, president, Mtres Attieha Chamaa, Maria Giustina Corsi, Keith Hanna, Steven Mark Kmec, Awatif Lakhdar, Ze\u00efneb Mellouli, Donald Michelin, Herv\u00e9 Ndedi Penda, Catherine Ouimet, general director of YBAM, Aline Uyen Khanh Quach and Ren\u00e9 Saint-L\u00e9ger.<\/em><\/div>\n<div style=\"text-align: left;\">&nbsp;<\/div>\n<div style=\"text-align: left;\">&nbsp;<\/div>\n<div>&nbsp;<\/div>\n","protected":false},"excerpt":{"rendered":"<div style=\"text-align: left;\"><em><span style=\"color:#696969;\"><span style=\"font-size: 11px;\"><em>Article diffused on January 22, 2014<\/em><\/span><\/span><\/em><\/p>\n","protected":false},"author":3,"featured_media":0,"parent":0,"menu_order":185,"comment_status":"closed","ping_status":"closed","template":"","meta":{"_acf_changed":false,"_editorskit_title_hidden":false,"_editorskit_reading_time":0,"_editorskit_is_block_options_detached":false,"_editorskit_block_options_position":"{}","inline_featured_image":false,"ngg_post_thumbnail":0,"footnotes":""},"class_list":["post-1443","page","type-page","status-publish","hentry"],"acf":[],"yoast_head":"<!-- This site is optimized with the Yoast SEO plugin v27.4 - https:\/\/yoast.com\/product\/yoast-seo-wordpress\/ -->\n<title>Presenting the Ethnocultural Diversity Committee - Barreau de Montr&eacute;al<\/title>\n<meta name=\"robots\" content=\"index, follow, max-snippet:-1, max-image-preview:large, max-video-preview:-1\" \/>\n<link rel=\"canonical\" href=\"https:\/\/www.barreaudemontreal.qc.ca\/en\/presenting-ethnocultural-diversity-committee\/\" \/>\n<meta property=\"og:locale\" content=\"en_US\" \/>\n<meta property=\"og:type\" content=\"article\" \/>\n<meta property=\"og:title\" content=\"Presenting the Ethnocultural Diversity Committee - Barreau de Montr&eacute;al\" \/>\n<meta property=\"og:description\" content=\"Article diffused on January 22, 2014\" \/>\n<meta property=\"og:url\" content=\"https:\/\/www.barreaudemontreal.qc.ca\/en\/presenting-ethnocultural-diversity-committee\/\" \/>\n<meta property=\"og:site_name\" content=\"Barreau de Montr&eacute;al\" \/>\n<meta name=\"twitter:card\" content=\"summary_large_image\" \/>\n<meta name=\"twitter:label1\" content=\"Est. reading time\" \/>\n\t<meta name=\"twitter:data1\" content=\"3 minutes\" \/>\n<script type=\"application\/ld+json\" class=\"yoast-schema-graph\">{\"@context\":\"https:\\\/\\\/schema.org\",\"@graph\":[{\"@type\":\"WebPage\",\"@id\":\"https:\\\/\\\/www.barreaudemontreal.qc.ca\\\/en\\\/presenting-ethnocultural-diversity-committee\\\/\",\"url\":\"https:\\\/\\\/www.barreaudemontreal.qc.ca\\\/en\\\/presenting-ethnocultural-diversity-committee\\\/\",\"name\":\"Presenting the Ethnocultural Diversity Committee - Barreau de Montr&eacute;al\",\"isPartOf\":{\"@id\":\"https:\\\/\\\/www.barreaudemontreal.qc.ca\\\/en\\\/#website\"},\"datePublished\":\"2014-01-24T20:52:21+00:00\",\"breadcrumb\":{\"@id\":\"https:\\\/\\\/www.barreaudemontreal.qc.ca\\\/en\\\/presenting-ethnocultural-diversity-committee\\\/#breadcrumb\"},\"inLanguage\":\"en-US\",\"potentialAction\":[{\"@type\":\"ReadAction\",\"target\":[\"https:\\\/\\\/www.barreaudemontreal.qc.ca\\\/en\\\/presenting-ethnocultural-diversity-committee\\\/\"]}]},{\"@type\":\"BreadcrumbList\",\"@id\":\"https:\\\/\\\/www.barreaudemontreal.qc.ca\\\/en\\\/presenting-ethnocultural-diversity-committee\\\/#breadcrumb\",\"itemListElement\":[{\"@type\":\"ListItem\",\"position\":1,\"name\":\"Home\",\"item\":\"https:\\\/\\\/www.barreaudemontreal.qc.ca\\\/en\\\/\"},{\"@type\":\"ListItem\",\"position\":2,\"name\":\"Presenting the Ethnocultural Diversity Committee\"}]},{\"@type\":\"WebSite\",\"@id\":\"https:\\\/\\\/www.barreaudemontreal.qc.ca\\\/en\\\/#website\",\"url\":\"https:\\\/\\\/www.barreaudemontreal.qc.ca\\\/en\\\/\",\"name\":\"Barreau de Montr&eacute;al\",\"description\":\"La plus grande section du Barreau du Qu&eacute;bec\",\"potentialAction\":[{\"@type\":\"SearchAction\",\"target\":{\"@type\":\"EntryPoint\",\"urlTemplate\":\"https:\\\/\\\/www.barreaudemontreal.qc.ca\\\/en\\\/?s={search_term_string}\"},\"query-input\":{\"@type\":\"PropertyValueSpecification\",\"valueRequired\":true,\"valueName\":\"search_term_string\"}}],\"inLanguage\":\"en-US\"}]}<\/script>\n<!-- \/ Yoast SEO plugin. -->","yoast_head_json":{"title":"Presenting the Ethnocultural Diversity Committee - Barreau de Montr&eacute;al","robots":{"index":"index","follow":"follow","max-snippet":"max-snippet:-1","max-image-preview":"max-image-preview:large","max-video-preview":"max-video-preview:-1"},"canonical":"https:\/\/www.barreaudemontreal.qc.ca\/en\/presenting-ethnocultural-diversity-committee\/","og_locale":"en_US","og_type":"article","og_title":"Presenting the Ethnocultural Diversity Committee - Barreau de Montr&eacute;al","og_description":"Article diffused on January 22, 2014","og_url":"https:\/\/www.barreaudemontreal.qc.ca\/en\/presenting-ethnocultural-diversity-committee\/","og_site_name":"Barreau de Montr&eacute;al","twitter_card":"summary_large_image","twitter_misc":{"Est. reading time":"3 minutes"},"schema":{"@context":"https:\/\/schema.org","@graph":[{"@type":"WebPage","@id":"https:\/\/www.barreaudemontreal.qc.ca\/en\/presenting-ethnocultural-diversity-committee\/","url":"https:\/\/www.barreaudemontreal.qc.ca\/en\/presenting-ethnocultural-diversity-committee\/","name":"Presenting the Ethnocultural Diversity Committee - Barreau de Montr&eacute;al","isPartOf":{"@id":"https:\/\/www.barreaudemontreal.qc.ca\/en\/#website"},"datePublished":"2014-01-24T20:52:21+00:00","breadcrumb":{"@id":"https:\/\/www.barreaudemontreal.qc.ca\/en\/presenting-ethnocultural-diversity-committee\/#breadcrumb"},"inLanguage":"en-US","potentialAction":[{"@type":"ReadAction","target":["https:\/\/www.barreaudemontreal.qc.ca\/en\/presenting-ethnocultural-diversity-committee\/"]}]},{"@type":"BreadcrumbList","@id":"https:\/\/www.barreaudemontreal.qc.ca\/en\/presenting-ethnocultural-diversity-committee\/#breadcrumb","itemListElement":[{"@type":"ListItem","position":1,"name":"Home","item":"https:\/\/www.barreaudemontreal.qc.ca\/en\/"},{"@type":"ListItem","position":2,"name":"Presenting the Ethnocultural Diversity Committee"}]},{"@type":"WebSite","@id":"https:\/\/www.barreaudemontreal.qc.ca\/en\/#website","url":"https:\/\/www.barreaudemontreal.qc.ca\/en\/","name":"Barreau de Montr&eacute;al","description":"La plus grande section du Barreau du Qu&eacute;bec","potentialAction":[{"@type":"SearchAction","target":{"@type":"EntryPoint","urlTemplate":"https:\/\/www.barreaudemontreal.qc.ca\/en\/?s={search_term_string}"},"query-input":{"@type":"PropertyValueSpecification","valueRequired":true,"valueName":"search_term_string"}}],"inLanguage":"en-US"}]}},"_links":{"self":[{"href":"https:\/\/www.barreaudemontreal.qc.ca\/en\/wp-json\/wp\/v2\/pages\/1443","targetHints":{"allow":["GET"]}}],"collection":[{"href":"https:\/\/www.barreaudemontreal.qc.ca\/en\/wp-json\/wp\/v2\/pages"}],"about":[{"href":"https:\/\/www.barreaudemontreal.qc.ca\/en\/wp-json\/wp\/v2\/types\/page"}],"author":[{"embeddable":true,"href":"https:\/\/www.barreaudemontreal.qc.ca\/en\/wp-json\/wp\/v2\/users\/3"}],"replies":[{"embeddable":true,"href":"https:\/\/www.barreaudemontreal.qc.ca\/en\/wp-json\/wp\/v2\/comments?post=1443"}],"version-history":[{"count":0,"href":"https:\/\/www.barreaudemontreal.qc.ca\/en\/wp-json\/wp\/v2\/pages\/1443\/revisions"}],"wp:attachment":[{"href":"https:\/\/www.barreaudemontreal.qc.ca\/en\/wp-json\/wp\/v2\/media?parent=1443"}],"curies":[{"name":"wp","href":"https:\/\/api.w.org\/{rel}","templated":true}]}}

<div style="text-align: left;"><em><span style="color:#696969;"><span style="font-size: 11px;"><em>Article diffused on January 22, 2014</em></span></span></em></p>
<p>To perform its mission of protecting the public, the Bar of Montreal can rely on the thoughts and suggestions resulting from the participation of its 400 valuable volunteers, who serve on some 40 different committees.&nbsp; Their discussions also allow the Bar of Montreal to know the concerns of its members and orient its actions accordingly. The creation of a joint committee on ethnocultural diversity with the Young Bar Association of Montreal (YBAM) is a fine example of what listening to our members can bring about.&nbsp;</p>
<p><strong>Creation of the Committee on Ethnocultural Diversity </strong></p>
<p>This committee was established in 2007. Its terms of reference at that time called for providing better representation for the members of cultural communities within the Bar and advising the Boards of Directors of the Bar and the AJBM on this subject.&nbsp;</p>
<p>Initially, the committee recommended that one seat on the Board of the Bar of Montreal be reserved for a member from a cultural community. Instead, the Board gave the committee a mandate to encourage members of cultural communities to become more involved in the Bar’s activities.&nbsp;</p>
<p>The first action by the committee along those lines was to invite the representatives of various associations of lawyers from the cultural communities to join them. The Lord Reading Law Society and the Association canadienne italienne des juristes du Québec responded to that invitation and are still present.&nbsp;</p>
<p>The committee also organizes an annual conference on human rights.&nbsp; The inspiration of Mtre Stephen G. Schenke when he was Bâtonnier for Montréal, this popular event has provided an opportunity to examine such topical subjects as:</p>
<ul>
<li>The challenges of ethnocultural diversity within the legal profession;</li>
<li>The impact of various religions on Québec practice;</li>
<li>Racial profiling racial;</li>
<li>The border between individual and collective rights.</li>
</ul>
<p><strong>Winds of change</strong></p>
<p>In the fall of 2012, the members of the committee felt the need to clarify its terms of reference and adjust the committee’s activities, given the growing proportion of members of the Bar from cultural communities, a situation that reflects the composition of Montréal’s population.</p>
<p><strong>One Bar for all!</strong></p>
<p>Based on this new approach, the committee will now be focussing on making the members of the Bar aware of the demographic reality, helping the integration of members from cultural communities within the Bar and being attentive to their needs.&nbsp;</p>
<p>The committee will continue to offer high quality information sessions on subjects of particular importance to the members of cultural communities. This will enable all members of the Bar of Montreal and the AJBM to develop their understanding of the realities of the cultural communities.&nbsp;</p>
<p>The committee hopes that its new orientation will facilitate interaction between members of the Bar and the people it encounters in the course of their duties, whatever their cultural origin.&nbsp;</p>
<p>The committee invites you to read its Newsletter to learn more about its activities.</p>
</div>
<div style="text-align: left;"><em><strong>The members of this committee for the year 2013-2014 are :&nbsp;</strong></em></div>
<div style="text-align: left;"><em>Mtre Noël Saint-Pierre, president, Mtres Attieha Chamaa, Maria Giustina Corsi, Keith Hanna, Steven Mark Kmec, Awatif Lakhdar, Zeïneb Mellouli, Donald Michelin, Hervé Ndedi Penda, Catherine Ouimet, general director of YBAM, Aline Uyen Khanh Quach and René Saint-Léger.</em></div>
<div style="text-align: left;">&nbsp;</div>
<div style="text-align: left;">&nbsp;</div>
<div>&nbsp;</div>
