{"id":35655,"date":"2023-12-11T15:32:00","date_gmt":"2023-12-11T20:32:00","guid":{"rendered":"https:\/\/www.barreaudemontreal.qc.ca\/?post_type=communications&#038;p=35655"},"modified":"2024-02-08T15:37:44","modified_gmt":"2024-02-08T20:37:44","slug":"projet-de-coordination-parentale-cour-superieure","status":"publish","type":"communications","link":"https:\/\/www.barreaudemontreal.qc.ca\/en\/communications\/projet-de-coordination-parentale-cour-superieure\/","title":{"rendered":"Projet de coordination parentale\u00a0\u2013 Cour sup\u00e9rieure"},"content":{"rendered":"\n<p>Le 11 d\u00e9cembre 2023 \u00e9tait annonc\u00e9e la mise en \u0153uvre d&#8217;un nouveau projet pilote de coordination parentale pour les familles s\u00e9par\u00e9es \u00e0 haut niveau de conflit ayant obtenu un jugement de la Cour sup\u00e9rieure du district de Montr\u00e9al. Ce projet vise \u00e0 diminuer le recours au syst\u00e8me judiciaire et \u00e0 prioriser l&#8217;int\u00e9r\u00eat des enfants.<\/p>\n\n\n\n<ul class=\"wp-block-list\">\n<li><a href=\"https:\/\/us-east-2.protection.sophos.com\/?d=quebec.ca&amp;u=aHR0cHM6Ly93d3cucXVlYmVjLmNhL25vdXZlbGxlcy9hY3R1YWxpdGVzL2RldGFpbHMvcHJvamV0LWRlLWNvb3JkaW5hdGlvbi1wYXJlbnRhbGUtYS1sYS1jb3VyLXN1cGVyaWV1cmUtNTI3MjY=&amp;p=m&amp;i=NjM0ZDVhZjA2N2U1MGQxMTk1ZTY3MTg5&amp;t=ZzZZMjRSRkorR3dFUVRUZGdBb3JRdFEzSjRJQ1hIVjQ4VkhyWFhTOUxsVT0=&amp;h=d40d8865cba045b1a8e9061ab0356d9e&amp;s=AVNPUEhUT0NFTkNSWVBUSVYF6RLU4Mm89pBv98K2ezyWV9drRUaDDccuPK_rUCSsKg\" target=\"_blank\" rel=\"noreferrer noopener\">Communiqu\u00e9 (11 d\u00e9cembre 2023) <\/a>&nbsp;<\/li>\n\n\n\n<li><a href=\"https:\/\/coursuperieureduquebec.ca\/fileadmin\/cour-superieure\/Districts_judiciaires\/Montreal\/Projet_de_Coordination_parentale_-_nov_2023.pdf\" target=\"_blank\" rel=\"noreferrer noopener\">Projet de coordination parentale de la Cour sup\u00e9rieure<\/a><\/li>\n\n\n\n<li><a href=\"https:\/\/coursuperieureduquebec.ca\/fileadmin\/cour-superieure\/Districts_judiciaires\/Montreal\/Annexes_au_Projet_de_coordination_parentale_nov_2023.docx\" target=\"_blank\" rel=\"noreferrer noopener\">Annexes au Projet de coordination parentale<\/a><\/li>\n\n\n\n<li><a href=\"https:\/\/www.barreaudemontreal.qc.ca\/wp-content\/uploads\/cs-fam_listecoordinateursparentaux_dec2023.pdf\" target=\"_blank\" rel=\"noreferrer noopener\" class=\"ek-link\">Liste des professionnels<\/a><\/li>\n<\/ul>\n","protected":false},"excerpt":{"rendered":"<p>Le 11 d\u00e9cembre 2023 \u00e9tait annonc\u00e9e la mise en \u0153uvre d&#8217;un nouveau projet pilote de coordination parentale pour les familles s\u00e9par\u00e9es \u00e0 haut niveau de conflit ayant obtenu un jugement [&hellip;]<\/p>\n","protected":false},"author":3,"featured_media":0,"template":"","meta":{"_acf_changed":false,"_editorskit_title_hidden":false,"_editorskit_reading_time":0,"_editorskit_is_block_options_detached":false,"_editorskit_block_options_position":"{}","inline_featured_image":false,"ngg_post_thumbnail":0},"nouvelle_category":[101],"nouvelles_tags":[114],"class_list":["post-35655","communications","type-communications","status-publish","hentry","nouvelle_category-avis-des-tribunaux","nouvelles_tags-cour-superieure"],"acf":[],"yoast_head":"<!-- This site is optimized with the Yoast SEO plugin v27.4 - https:\/\/yoast.com\/product\/yoast-seo-wordpress\/ -->\n<title>Projet de coordination parentale\u00a0\u2013 Cour sup\u00e9rieure - Barreau de Montr&eacute;al<\/title>\n<meta name=\"robots\" content=\"index, follow, max-snippet:-1, max-image-preview:large, max-video-preview:-1\" \/>\n<link rel=\"canonical\" href=\"https:\/\/www.barreaudemontreal.qc.ca\/en\/communications\/projet-de-coordination-parentale-cour-superieure\/\" \/>\n<meta property=\"og:locale\" content=\"en_US\" \/>\n<meta property=\"og:type\" content=\"article\" \/>\n<meta property=\"og:title\" content=\"Projet de coordination parentale\u00a0\u2013 Cour sup\u00e9rieure - Barreau de Montr&eacute;al\" \/>\n<meta property=\"og:description\" content=\"Le 11 d\u00e9cembre 2023 \u00e9tait annonc\u00e9e la mise en \u0153uvre d&#8217;un nouveau projet pilote de coordination parentale pour les familles s\u00e9par\u00e9es \u00e0 haut niveau de conflit ayant obtenu un jugement [&hellip;]\" \/>\n<meta property=\"og:url\" content=\"https:\/\/www.barreaudemontreal.qc.ca\/en\/communications\/projet-de-coordination-parentale-cour-superieure\/\" \/>\n<meta property=\"og:site_name\" content=\"Barreau de Montr&eacute;al\" \/>\n<meta property=\"article:modified_time\" content=\"2024-02-08T20:37:44+00:00\" \/>\n<meta name=\"twitter:card\" content=\"summary_large_image\" \/>\n<meta name=\"twitter:label1\" content=\"Est. reading time\" \/>\n\t<meta name=\"twitter:data1\" content=\"1 minute\" \/>\n<script type=\"application\/ld+json\" class=\"yoast-schema-graph\">{\"@context\":\"https:\\\/\\\/schema.org\",\"@graph\":[{\"@type\":\"WebPage\",\"@id\":\"https:\\\/\\\/www.barreaudemontreal.qc.ca\\\/en\\\/communications\\\/projet-de-coordination-parentale-cour-superieure\\\/\",\"url\":\"https:\\\/\\\/www.barreaudemontreal.qc.ca\\\/en\\\/communications\\\/projet-de-coordination-parentale-cour-superieure\\\/\",\"name\":\"Projet de coordination parentale\u00a0\u2013 Cour sup\u00e9rieure - Barreau de Montr&eacute;al\",\"isPartOf\":{\"@id\":\"https:\\\/\\\/www.barreaudemontreal.qc.ca\\\/en\\\/#website\"},\"datePublished\":\"2023-12-11T20:32:00+00:00\",\"dateModified\":\"2024-02-08T20:37:44+00:00\",\"breadcrumb\":{\"@id\":\"https:\\\/\\\/www.barreaudemontreal.qc.ca\\\/en\\\/communications\\\/projet-de-coordination-parentale-cour-superieure\\\/#breadcrumb\"},\"inLanguage\":\"en-US\",\"potentialAction\":[{\"@type\":\"ReadAction\",\"target\":[\"https:\\\/\\\/www.barreaudemontreal.qc.ca\\\/en\\\/communications\\\/projet-de-coordination-parentale-cour-superieure\\\/\"]}]},{\"@type\":\"BreadcrumbList\",\"@id\":\"https:\\\/\\\/www.barreaudemontreal.qc.ca\\\/en\\\/communications\\\/projet-de-coordination-parentale-cour-superieure\\\/#breadcrumb\",\"itemListElement\":[{\"@type\":\"ListItem\",\"position\":1,\"name\":\"Home\",\"item\":\"https:\\\/\\\/www.barreaudemontreal.qc.ca\\\/en\\\/\"},{\"@type\":\"ListItem\",\"position\":2,\"name\":\"Communications\",\"item\":\"https:\\\/\\\/www.barreaudemontreal.qc.ca\\\/en\\\/communications\\\/\"},{\"@type\":\"ListItem\",\"position\":3,\"name\":\"Projet de coordination parentale\u00a0\u2013 Cour sup\u00e9rieure\"}]},{\"@type\":\"WebSite\",\"@id\":\"https:\\\/\\\/www.barreaudemontreal.qc.ca\\\/en\\\/#website\",\"url\":\"https:\\\/\\\/www.barreaudemontreal.qc.ca\\\/en\\\/\",\"name\":\"Barreau de Montr&eacute;al\",\"description\":\"La plus grande section du Barreau du Qu&eacute;bec\",\"potentialAction\":[{\"@type\":\"SearchAction\",\"target\":{\"@type\":\"EntryPoint\",\"urlTemplate\":\"https:\\\/\\\/www.barreaudemontreal.qc.ca\\\/en\\\/?s={search_term_string}\"},\"query-input\":{\"@type\":\"PropertyValueSpecification\",\"valueRequired\":true,\"valueName\":\"search_term_string\"}}],\"inLanguage\":\"en-US\"}]}<\/script>\n<!-- \/ Yoast SEO plugin. -->","yoast_head_json":{"title":"Projet de coordination parentale\u00a0\u2013 Cour sup\u00e9rieure - Barreau de Montr&eacute;al","robots":{"index":"index","follow":"follow","max-snippet":"max-snippet:-1","max-image-preview":"max-image-preview:large","max-video-preview":"max-video-preview:-1"},"canonical":"https:\/\/www.barreaudemontreal.qc.ca\/en\/communications\/projet-de-coordination-parentale-cour-superieure\/","og_locale":"en_US","og_type":"article","og_title":"Projet de coordination parentale\u00a0\u2013 Cour sup\u00e9rieure - Barreau de Montr&eacute;al","og_description":"Le 11 d\u00e9cembre 2023 \u00e9tait annonc\u00e9e la mise en \u0153uvre d&#8217;un nouveau projet pilote de coordination parentale pour les familles s\u00e9par\u00e9es \u00e0 haut niveau de conflit ayant obtenu un jugement [&hellip;]","og_url":"https:\/\/www.barreaudemontreal.qc.ca\/en\/communications\/projet-de-coordination-parentale-cour-superieure\/","og_site_name":"Barreau de Montr&eacute;al","article_modified_time":"2024-02-08T20:37:44+00:00","twitter_card":"summary_large_image","twitter_misc":{"Est. reading time":"1 minute"},"schema":{"@context":"https:\/\/schema.org","@graph":[{"@type":"WebPage","@id":"https:\/\/www.barreaudemontreal.qc.ca\/en\/communications\/projet-de-coordination-parentale-cour-superieure\/","url":"https:\/\/www.barreaudemontreal.qc.ca\/en\/communications\/projet-de-coordination-parentale-cour-superieure\/","name":"Projet de coordination parentale\u00a0\u2013 Cour sup\u00e9rieure - Barreau de Montr&eacute;al","isPartOf":{"@id":"https:\/\/www.barreaudemontreal.qc.ca\/en\/#website"},"datePublished":"2023-12-11T20:32:00+00:00","dateModified":"2024-02-08T20:37:44+00:00","breadcrumb":{"@id":"https:\/\/www.barreaudemontreal.qc.ca\/en\/communications\/projet-de-coordination-parentale-cour-superieure\/#breadcrumb"},"inLanguage":"en-US","potentialAction":[{"@type":"ReadAction","target":["https:\/\/www.barreaudemontreal.qc.ca\/en\/communications\/projet-de-coordination-parentale-cour-superieure\/"]}]},{"@type":"BreadcrumbList","@id":"https:\/\/www.barreaudemontreal.qc.ca\/en\/communications\/projet-de-coordination-parentale-cour-superieure\/#breadcrumb","itemListElement":[{"@type":"ListItem","position":1,"name":"Home","item":"https:\/\/www.barreaudemontreal.qc.ca\/en\/"},{"@type":"ListItem","position":2,"name":"Communications","item":"https:\/\/www.barreaudemontreal.qc.ca\/en\/communications\/"},{"@type":"ListItem","position":3,"name":"Projet de coordination parentale\u00a0\u2013 Cour sup\u00e9rieure"}]},{"@type":"WebSite","@id":"https:\/\/www.barreaudemontreal.qc.ca\/en\/#website","url":"https:\/\/www.barreaudemontreal.qc.ca\/en\/","name":"Barreau de Montr&eacute;al","description":"La plus grande section du Barreau du Qu&eacute;bec","potentialAction":[{"@type":"SearchAction","target":{"@type":"EntryPoint","urlTemplate":"https:\/\/www.barreaudemontreal.qc.ca\/en\/?s={search_term_string}"},"query-input":{"@type":"PropertyValueSpecification","valueRequired":true,"valueName":"search_term_string"}}],"inLanguage":"en-US"}]}},"_links":{"self":[{"href":"https:\/\/www.barreaudemontreal.qc.ca\/en\/wp-json\/wp\/v2\/communications\/35655","targetHints":{"allow":["GET"]}}],"collection":[{"href":"https:\/\/www.barreaudemontreal.qc.ca\/en\/wp-json\/wp\/v2\/communications"}],"about":[{"href":"https:\/\/www.barreaudemontreal.qc.ca\/en\/wp-json\/wp\/v2\/types\/communications"}],"author":[{"embeddable":true,"href":"https:\/\/www.barreaudemontreal.qc.ca\/en\/wp-json\/wp\/v2\/users\/3"}],"wp:attachment":[{"href":"https:\/\/www.barreaudemontreal.qc.ca\/en\/wp-json\/wp\/v2\/media?parent=35655"}],"wp:term":[{"taxonomy":"nouvelle_category","embeddable":true,"href":"https:\/\/www.barreaudemontreal.qc.ca\/en\/wp-json\/wp\/v2\/nouvelle_category?post=35655"},{"taxonomy":"nouvelles_tags","embeddable":true,"href":"https:\/\/www.barreaudemontreal.qc.ca\/en\/wp-json\/wp\/v2\/nouvelles_tags?post=35655"}],"curies":[{"name":"wp","href":"https:\/\/api.w.org\/{rel}","templated":true}]}}

Projet de coordination parentale – Cour supérieure

<p>Le 11 décembre 2023 était annoncée la mise en œuvre d&#8217;un nouveau projet pilote de coordination parentale pour les familles séparées à haut niveau de conflit ayant obtenu un jugement de la Cour supérieure du district de Montréal. Ce projet vise à diminuer le recours au système judiciaire et à prioriser l&#8217;intérêt des enfants.</p>



<ul class="wp-block-list">
<li><a href="https://us-east-2.protection.sophos.com/?d=quebec.ca&amp;u=aHR0cHM6Ly93d3cucXVlYmVjLmNhL25vdXZlbGxlcy9hY3R1YWxpdGVzL2RldGFpbHMvcHJvamV0LWRlLWNvb3JkaW5hdGlvbi1wYXJlbnRhbGUtYS1sYS1jb3VyLXN1cGVyaWV1cmUtNTI3MjY=&amp;p=m&amp;i=NjM0ZDVhZjA2N2U1MGQxMTk1ZTY3MTg5&amp;t=ZzZZMjRSRkorR3dFUVRUZGdBb3JRdFEzSjRJQ1hIVjQ4VkhyWFhTOUxsVT0=&amp;h=d40d8865cba045b1a8e9061ab0356d9e&amp;s=AVNPUEhUT0NFTkNSWVBUSVYF6RLU4Mm89pBv98K2ezyWV9drRUaDDccuPK_rUCSsKg" target="_blank" rel="noreferrer noopener">Communiqué (11 décembre 2023) </a>&nbsp;</li>



<li><a href="https://coursuperieureduquebec.ca/fileadmin/cour-superieure/Districts_judiciaires/Montreal/Projet_de_Coordination_parentale_-_nov_2023.pdf" target="_blank" rel="noreferrer noopener">Projet de coordination parentale de la Cour supérieure</a></li>



<li><a href="https://coursuperieureduquebec.ca/fileadmin/cour-superieure/Districts_judiciaires/Montreal/Annexes_au_Projet_de_coordination_parentale_nov_2023.docx" target="_blank" rel="noreferrer noopener">Annexes au Projet de coordination parentale</a></li>



<li><a href="https://www.barreaudemontreal.qc.ca/wp-content/uploads/cs-fam_listecoordinateursparentaux_dec2023.pdf" target="_blank" rel="noreferrer noopener" class="ek-link">Liste des professionnels</a></li>
</ul>

<p>Le 11 décembre 2023 était annoncée la mise en œuvre d&#8217;un nouveau projet pilote de coordination parentale pour les familles séparées à haut niveau de conflit ayant obtenu un jugement [&hellip;]</p>

<!-- This site is optimized with the Yoast SEO plugin v27.4 - https://yoast.com/product/yoast-seo-wordpress/ -->
<title>Projet de coordination parentale – Cour supérieure - Barreau de Montr&eacute;al</title>
<meta name="robots" content="index, follow, max-snippet:-1, max-image-preview:large, max-video-preview:-1" />
<link rel="canonical" href="https://www.barreaudemontreal.qc.ca/en/communications/projet-de-coordination-parentale-cour-superieure/" />
<meta property="og:locale" content="en_US" />
<meta property="og:type" content="article" />
<meta property="og:title" content="Projet de coordination parentale – Cour supérieure - Barreau de Montr&eacute;al" />
<meta property="og:description" content="Le 11 décembre 2023 était annoncée la mise en œuvre d&#8217;un nouveau projet pilote de coordination parentale pour les familles séparées à haut niveau de conflit ayant obtenu un jugement [&hellip;]" />
<meta property="og:url" content="https://www.barreaudemontreal.qc.ca/en/communications/projet-de-coordination-parentale-cour-superieure/" />
<meta property="og:site_name" content="Barreau de Montr&eacute;al" />
<meta property="article:modified_time" content="2024-02-08T20:37:44+00:00" />
<meta name="twitter:card" content="summary_large_image" />
<meta name="twitter:label1" content="Est. reading time" />
	<meta name="twitter:data1" content="1 minute" />
<script type="application/ld+json" class="yoast-schema-graph">{"@context":"https:\/\/schema.org","@graph":[{"@type":"WebPage","@id":"https:\/\/www.barreaudemontreal.qc.ca\/en\/communications\/projet-de-coordination-parentale-cour-superieure\/","url":"https:\/\/www.barreaudemontreal.qc.ca\/en\/communications\/projet-de-coordination-parentale-cour-superieure\/","name":"Projet de coordination parentale – Cour supérieure - Barreau de Montr&eacute;al","isPartOf":{"@id":"https:\/\/www.barreaudemontreal.qc.ca\/en\/#website"},"datePublished":"2023-12-11T20:32:00+00:00","dateModified":"2024-02-08T20:37:44+00:00","breadcrumb":{"@id":"https:\/\/www.barreaudemontreal.qc.ca\/en\/communications\/projet-de-coordination-parentale-cour-superieure\/#breadcrumb"},"inLanguage":"en-US","potentialAction":[{"@type":"ReadAction","target":["https:\/\/www.barreaudemontreal.qc.ca\/en\/communications\/projet-de-coordination-parentale-cour-superieure\/"]}]},{"@type":"BreadcrumbList","@id":"https:\/\/www.barreaudemontreal.qc.ca\/en\/communications\/projet-de-coordination-parentale-cour-superieure\/#breadcrumb","itemListElement":[{"@type":"ListItem","position":1,"name":"Home","item":"https:\/\/www.barreaudemontreal.qc.ca\/en\/"},{"@type":"ListItem","position":2,"name":"Communications","item":"https:\/\/www.barreaudemontreal.qc.ca\/en\/communications\/"},{"@type":"ListItem","position":3,"name":"Projet de coordination parentale – Cour supérieure"}]},{"@type":"WebSite","@id":"https:\/\/www.barreaudemontreal.qc.ca\/en\/#website","url":"https:\/\/www.barreaudemontreal.qc.ca\/en\/","name":"Barreau de Montr&eacute;al","description":"La plus grande section du Barreau du Qu&eacute;bec","potentialAction":[{"@type":"SearchAction","target":{"@type":"EntryPoint","urlTemplate":"https:\/\/www.barreaudemontreal.qc.ca\/en\/?s={search_term_string}"},"query-input":{"@type":"PropertyValueSpecification","valueRequired":true,"valueName":"search_term_string"}}],"inLanguage":"en-US"}]}</script>
<!-- / Yoast SEO plugin. -->

Projet de coordination parentale – Cour supérieure - Barreau de Montr&eacute;al

Le 11 décembre 2023 était annoncée la mise en œuvre d&#8217;un nouveau projet pilote de coordination parentale pour les familles séparées à haut niveau de conflit ayant obtenu un jugement [&hellip;]
