{"id":34748,"date":"2023-11-22T13:12:34","date_gmt":"2023-11-22T18:12:34","guid":{"rendered":"https:\/\/www.barreaudemontreal.qc.ca\/?post_type=communications&#038;p=34748"},"modified":"2023-11-23T13:45:17","modified_gmt":"2023-11-23T18:45:17","slug":"participez-a-notre-collecte-de-denrees-alimentaires","status":"publish","type":"communications","link":"https:\/\/www.barreaudemontreal.qc.ca\/en\/communications\/participez-a-notre-collecte-de-denrees-alimentaires\/","title":{"rendered":"Participez \u00e0 la collecte de denr\u00e9es alimentaires"},"content":{"rendered":"\n<p><strong>Du 22 novembre au 15 d\u00e9cembre<\/strong>, le Barreau de Montr\u00e9al organise pour la deuxi\u00e8me ann\u00e9e cons\u00e9cutive une collecte de denr\u00e9es alimentaires au profit de Moisson&nbsp;Montr\u00e9al.<\/p>\n\n\n\n<p>Moisson Montr\u00e9al contribue \u00e0 combler mensuellement pr\u00e8s de 900 000 demandes d\u2019aide alimentaire, \u00e0 travers un r\u00e9seau de plus de 300 organismes communautaires sur l\u2019\u00eele de Montr\u00e9al. Savez-vous qu\u2019\u00e0 ce jour, 36% des b\u00e9n\u00e9ficiaires sont des&nbsp;enfants&nbsp;?<\/p>\n\n\n\n<p>Les membres qui assisteront \u00e0 des comit\u00e9s en pr\u00e9sentiel sont invit\u00e9s \u00e0 amener des dons \u00e0 nos&nbsp;bureaux.<\/p>\n\n\n\n<p><strong>Points de collecte :<\/strong><\/p>\n\n\n\n<ul class=\"wp-block-list\">\n<li>Barreau de Montr\u00e9al (460 rue Saint-Gabriel, 2e \u00e9tage)<\/li>\n\n\n\n<li>Salon des avocats (Palais de Justice de Montr\u00e9al, 2e \u00e9tage, local 2.159)<\/li>\n<\/ul>\n\n\n\n<p><strong>Quoi donner :<\/strong> des denr\u00e9es non p\u00e9rissables telles que des conserves, des produits secs (p\u00e2tes alimentaires, c\u00e9r\u00e9ales, collations, etc.), des sauces et des pr\u00e9parations pour nourrissons.<\/p>\n\n\n\n<p><strong>On compte sur vous !<\/strong><\/p>\n","protected":false},"excerpt":{"rendered":"<p>Du 22 novembre au 15 d\u00e9cembre, donnez g\u00e9n\u00e9reusement au profit de Moisson\u00a0Montr\u00e9al.<\/p>\n","protected":false},"author":3,"featured_media":0,"template":"","meta":{"_acf_changed":false,"_editorskit_title_hidden":false,"_editorskit_reading_time":0,"_editorskit_is_block_options_detached":false,"_editorskit_block_options_position":"{}","inline_featured_image":false,"ngg_post_thumbnail":0},"nouvelle_category":[100],"nouvelles_tags":[346],"class_list":["post-34748","communications","type-communications","status-publish","hentry","nouvelle_category-nouvelles","nouvelles_tags-collecte-au-profit-de-moisson-montreal"],"acf":[],"yoast_head":"<!-- This site is optimized with the Yoast SEO plugin v27.4 - https:\/\/yoast.com\/product\/yoast-seo-wordpress\/ -->\n<title>Participez \u00e0 la collecte de denr\u00e9es alimentaires - Barreau de Montr&eacute;al<\/title>\n<meta name=\"robots\" content=\"index, follow, max-snippet:-1, max-image-preview:large, max-video-preview:-1\" \/>\n<link rel=\"canonical\" href=\"https:\/\/www.barreaudemontreal.qc.ca\/en\/communications\/participez-a-notre-collecte-de-denrees-alimentaires\/\" \/>\n<meta property=\"og:locale\" content=\"en_US\" \/>\n<meta property=\"og:type\" content=\"article\" \/>\n<meta property=\"og:title\" content=\"Participez \u00e0 la collecte de denr\u00e9es alimentaires - Barreau de Montr&eacute;al\" \/>\n<meta property=\"og:description\" content=\"Du 22 novembre au 15 d\u00e9cembre, donnez g\u00e9n\u00e9reusement au profit de Moisson\u00a0Montr\u00e9al.\" \/>\n<meta property=\"og:url\" content=\"https:\/\/www.barreaudemontreal.qc.ca\/en\/communications\/participez-a-notre-collecte-de-denrees-alimentaires\/\" \/>\n<meta property=\"og:site_name\" content=\"Barreau de Montr&eacute;al\" \/>\n<meta property=\"article:modified_time\" content=\"2023-11-23T18:45:17+00:00\" \/>\n<meta property=\"og:image\" content=\"https:\/\/www.barreaudemontreal.qc.ca\/wp-content\/uploads\/nouvelles-collecte-dons2023.jpg\" \/>\n\t<meta property=\"og:image:width\" content=\"1000\" \/>\n\t<meta property=\"og:image:height\" content=\"755\" \/>\n\t<meta property=\"og:image:type\" content=\"image\/jpeg\" \/>\n<meta name=\"twitter:card\" content=\"summary_large_image\" \/>\n<meta name=\"twitter:label1\" content=\"Est. reading time\" \/>\n\t<meta name=\"twitter:data1\" content=\"1 minute\" \/>\n<script type=\"application\/ld+json\" class=\"yoast-schema-graph\">{\"@context\":\"https:\\\/\\\/schema.org\",\"@graph\":[{\"@type\":\"WebPage\",\"@id\":\"https:\\\/\\\/www.barreaudemontreal.qc.ca\\\/en\\\/communications\\\/participez-a-notre-collecte-de-denrees-alimentaires\\\/\",\"url\":\"https:\\\/\\\/www.barreaudemontreal.qc.ca\\\/en\\\/communications\\\/participez-a-notre-collecte-de-denrees-alimentaires\\\/\",\"name\":\"Participez \u00e0 la collecte de denr\u00e9es alimentaires - Barreau de Montr&eacute;al\",\"isPartOf\":{\"@id\":\"https:\\\/\\\/www.barreaudemontreal.qc.ca\\\/en\\\/#website\"},\"datePublished\":\"2023-11-22T18:12:34+00:00\",\"dateModified\":\"2023-11-23T18:45:17+00:00\",\"breadcrumb\":{\"@id\":\"https:\\\/\\\/www.barreaudemontreal.qc.ca\\\/en\\\/communications\\\/participez-a-notre-collecte-de-denrees-alimentaires\\\/#breadcrumb\"},\"inLanguage\":\"en-US\",\"potentialAction\":[{\"@type\":\"ReadAction\",\"target\":[\"https:\\\/\\\/www.barreaudemontreal.qc.ca\\\/en\\\/communications\\\/participez-a-notre-collecte-de-denrees-alimentaires\\\/\"]}]},{\"@type\":\"BreadcrumbList\",\"@id\":\"https:\\\/\\\/www.barreaudemontreal.qc.ca\\\/en\\\/communications\\\/participez-a-notre-collecte-de-denrees-alimentaires\\\/#breadcrumb\",\"itemListElement\":[{\"@type\":\"ListItem\",\"position\":1,\"name\":\"Home\",\"item\":\"https:\\\/\\\/www.barreaudemontreal.qc.ca\\\/en\\\/\"},{\"@type\":\"ListItem\",\"position\":2,\"name\":\"Communications\",\"item\":\"https:\\\/\\\/www.barreaudemontreal.qc.ca\\\/en\\\/communications\\\/\"},{\"@type\":\"ListItem\",\"position\":3,\"name\":\"Participez \u00e0 la collecte de denr\u00e9es alimentaires\"}]},{\"@type\":\"WebSite\",\"@id\":\"https:\\\/\\\/www.barreaudemontreal.qc.ca\\\/en\\\/#website\",\"url\":\"https:\\\/\\\/www.barreaudemontreal.qc.ca\\\/en\\\/\",\"name\":\"Barreau de Montr&eacute;al\",\"description\":\"La plus grande section du Barreau du Qu&eacute;bec\",\"potentialAction\":[{\"@type\":\"SearchAction\",\"target\":{\"@type\":\"EntryPoint\",\"urlTemplate\":\"https:\\\/\\\/www.barreaudemontreal.qc.ca\\\/en\\\/?s={search_term_string}\"},\"query-input\":{\"@type\":\"PropertyValueSpecification\",\"valueRequired\":true,\"valueName\":\"search_term_string\"}}],\"inLanguage\":\"en-US\"}]}<\/script>\n<!-- \/ Yoast SEO plugin. -->","yoast_head_json":{"title":"Participez \u00e0 la collecte de denr\u00e9es alimentaires - Barreau de Montr&eacute;al","robots":{"index":"index","follow":"follow","max-snippet":"max-snippet:-1","max-image-preview":"max-image-preview:large","max-video-preview":"max-video-preview:-1"},"canonical":"https:\/\/www.barreaudemontreal.qc.ca\/en\/communications\/participez-a-notre-collecte-de-denrees-alimentaires\/","og_locale":"en_US","og_type":"article","og_title":"Participez \u00e0 la collecte de denr\u00e9es alimentaires - Barreau de Montr&eacute;al","og_description":"Du 22 novembre au 15 d\u00e9cembre, donnez g\u00e9n\u00e9reusement au profit de Moisson\u00a0Montr\u00e9al.","og_url":"https:\/\/www.barreaudemontreal.qc.ca\/en\/communications\/participez-a-notre-collecte-de-denrees-alimentaires\/","og_site_name":"Barreau de Montr&eacute;al","article_modified_time":"2023-11-23T18:45:17+00:00","og_image":[{"width":1000,"height":755,"url":"https:\/\/www.barreaudemontreal.qc.ca\/wp-content\/uploads\/nouvelles-collecte-dons2023.jpg","type":"image\/jpeg"}],"twitter_card":"summary_large_image","twitter_misc":{"Est. reading time":"1 minute"},"schema":{"@context":"https:\/\/schema.org","@graph":[{"@type":"WebPage","@id":"https:\/\/www.barreaudemontreal.qc.ca\/en\/communications\/participez-a-notre-collecte-de-denrees-alimentaires\/","url":"https:\/\/www.barreaudemontreal.qc.ca\/en\/communications\/participez-a-notre-collecte-de-denrees-alimentaires\/","name":"Participez \u00e0 la collecte de denr\u00e9es alimentaires - Barreau de Montr&eacute;al","isPartOf":{"@id":"https:\/\/www.barreaudemontreal.qc.ca\/en\/#website"},"datePublished":"2023-11-22T18:12:34+00:00","dateModified":"2023-11-23T18:45:17+00:00","breadcrumb":{"@id":"https:\/\/www.barreaudemontreal.qc.ca\/en\/communications\/participez-a-notre-collecte-de-denrees-alimentaires\/#breadcrumb"},"inLanguage":"en-US","potentialAction":[{"@type":"ReadAction","target":["https:\/\/www.barreaudemontreal.qc.ca\/en\/communications\/participez-a-notre-collecte-de-denrees-alimentaires\/"]}]},{"@type":"BreadcrumbList","@id":"https:\/\/www.barreaudemontreal.qc.ca\/en\/communications\/participez-a-notre-collecte-de-denrees-alimentaires\/#breadcrumb","itemListElement":[{"@type":"ListItem","position":1,"name":"Home","item":"https:\/\/www.barreaudemontreal.qc.ca\/en\/"},{"@type":"ListItem","position":2,"name":"Communications","item":"https:\/\/www.barreaudemontreal.qc.ca\/en\/communications\/"},{"@type":"ListItem","position":3,"name":"Participez \u00e0 la collecte de denr\u00e9es alimentaires"}]},{"@type":"WebSite","@id":"https:\/\/www.barreaudemontreal.qc.ca\/en\/#website","url":"https:\/\/www.barreaudemontreal.qc.ca\/en\/","name":"Barreau de Montr&eacute;al","description":"La plus grande section du Barreau du Qu&eacute;bec","potentialAction":[{"@type":"SearchAction","target":{"@type":"EntryPoint","urlTemplate":"https:\/\/www.barreaudemontreal.qc.ca\/en\/?s={search_term_string}"},"query-input":{"@type":"PropertyValueSpecification","valueRequired":true,"valueName":"search_term_string"}}],"inLanguage":"en-US"}]}},"_links":{"self":[{"href":"https:\/\/www.barreaudemontreal.qc.ca\/en\/wp-json\/wp\/v2\/communications\/34748","targetHints":{"allow":["GET"]}}],"collection":[{"href":"https:\/\/www.barreaudemontreal.qc.ca\/en\/wp-json\/wp\/v2\/communications"}],"about":[{"href":"https:\/\/www.barreaudemontreal.qc.ca\/en\/wp-json\/wp\/v2\/types\/communications"}],"author":[{"embeddable":true,"href":"https:\/\/www.barreaudemontreal.qc.ca\/en\/wp-json\/wp\/v2\/users\/3"}],"wp:attachment":[{"href":"https:\/\/www.barreaudemontreal.qc.ca\/en\/wp-json\/wp\/v2\/media?parent=34748"}],"wp:term":[{"taxonomy":"nouvelle_category","embeddable":true,"href":"https:\/\/www.barreaudemontreal.qc.ca\/en\/wp-json\/wp\/v2\/nouvelle_category?post=34748"},{"taxonomy":"nouvelles_tags","embeddable":true,"href":"https:\/\/www.barreaudemontreal.qc.ca\/en\/wp-json\/wp\/v2\/nouvelles_tags?post=34748"}],"curies":[{"name":"wp","href":"https:\/\/api.w.org\/{rel}","templated":true}]}}

Participez à la collecte de denrées alimentaires

<p><strong>Du 22 novembre au 15 décembre</strong>, le Barreau de Montréal organise pour la deuxième année consécutive une collecte de denrées alimentaires au profit de Moisson&nbsp;Montréal.</p>



<p>Moisson Montréal contribue à combler mensuellement près de 900 000 demandes d’aide alimentaire, à travers un réseau de plus de 300 organismes communautaires sur l’île de Montréal. Savez-vous qu’à ce jour, 36% des bénéficiaires sont des&nbsp;enfants&nbsp;?</p>



<p>Les membres qui assisteront à des comités en présentiel sont invités à amener des dons à nos&nbsp;bureaux.</p>



<p><strong>Points de collecte :</strong></p>



<ul class="wp-block-list">
<li>Barreau de Montréal (460 rue Saint-Gabriel, 2e étage)</li>



<li>Salon des avocats (Palais de Justice de Montréal, 2e étage, local 2.159)</li>
</ul>



<p><strong>Quoi donner :</strong> des denrées non périssables telles que des conserves, des produits secs (pâtes alimentaires, céréales, collations, etc.), des sauces et des préparations pour nourrissons.</p>



<p><strong>On compte sur vous !</strong></p>

<p>Du 22 novembre au 15 décembre, donnez généreusement au profit de Moisson Montréal.</p>

<!-- This site is optimized with the Yoast SEO plugin v27.4 - https://yoast.com/product/yoast-seo-wordpress/ -->
<title>Participez à la collecte de denrées alimentaires - Barreau de Montr&eacute;al</title>
<meta name="robots" content="index, follow, max-snippet:-1, max-image-preview:large, max-video-preview:-1" />
<link rel="canonical" href="https://www.barreaudemontreal.qc.ca/en/communications/participez-a-notre-collecte-de-denrees-alimentaires/" />
<meta property="og:locale" content="en_US" />
<meta property="og:type" content="article" />
<meta property="og:title" content="Participez à la collecte de denrées alimentaires - Barreau de Montr&eacute;al" />
<meta property="og:description" content="Du 22 novembre au 15 décembre, donnez généreusement au profit de Moisson Montréal." />
<meta property="og:url" content="https://www.barreaudemontreal.qc.ca/en/communications/participez-a-notre-collecte-de-denrees-alimentaires/" />
<meta property="og:site_name" content="Barreau de Montr&eacute;al" />
<meta property="article:modified_time" content="2023-11-23T18:45:17+00:00" />
<meta property="og:image" content="https://www.barreaudemontreal.qc.ca/wp-content/uploads/nouvelles-collecte-dons2023.jpg" />
	<meta property="og:image:width" content="1000" />
	<meta property="og:image:height" content="755" />
	<meta property="og:image:type" content="image/jpeg" />
<meta name="twitter:card" content="summary_large_image" />
<meta name="twitter:label1" content="Est. reading time" />
	<meta name="twitter:data1" content="1 minute" />
<script type="application/ld+json" class="yoast-schema-graph">{"@context":"https:\/\/schema.org","@graph":[{"@type":"WebPage","@id":"https:\/\/www.barreaudemontreal.qc.ca\/en\/communications\/participez-a-notre-collecte-de-denrees-alimentaires\/","url":"https:\/\/www.barreaudemontreal.qc.ca\/en\/communications\/participez-a-notre-collecte-de-denrees-alimentaires\/","name":"Participez à la collecte de denrées alimentaires - Barreau de Montr&eacute;al","isPartOf":{"@id":"https:\/\/www.barreaudemontreal.qc.ca\/en\/#website"},"datePublished":"2023-11-22T18:12:34+00:00","dateModified":"2023-11-23T18:45:17+00:00","breadcrumb":{"@id":"https:\/\/www.barreaudemontreal.qc.ca\/en\/communications\/participez-a-notre-collecte-de-denrees-alimentaires\/#breadcrumb"},"inLanguage":"en-US","potentialAction":[{"@type":"ReadAction","target":["https:\/\/www.barreaudemontreal.qc.ca\/en\/communications\/participez-a-notre-collecte-de-denrees-alimentaires\/"]}]},{"@type":"BreadcrumbList","@id":"https:\/\/www.barreaudemontreal.qc.ca\/en\/communications\/participez-a-notre-collecte-de-denrees-alimentaires\/#breadcrumb","itemListElement":[{"@type":"ListItem","position":1,"name":"Home","item":"https:\/\/www.barreaudemontreal.qc.ca\/en\/"},{"@type":"ListItem","position":2,"name":"Communications","item":"https:\/\/www.barreaudemontreal.qc.ca\/en\/communications\/"},{"@type":"ListItem","position":3,"name":"Participez à la collecte de denrées alimentaires"}]},{"@type":"WebSite","@id":"https:\/\/www.barreaudemontreal.qc.ca\/en\/#website","url":"https:\/\/www.barreaudemontreal.qc.ca\/en\/","name":"Barreau de Montr&eacute;al","description":"La plus grande section du Barreau du Qu&eacute;bec","potentialAction":[{"@type":"SearchAction","target":{"@type":"EntryPoint","urlTemplate":"https:\/\/www.barreaudemontreal.qc.ca\/en\/?s={search_term_string}"},"query-input":{"@type":"PropertyValueSpecification","valueRequired":true,"valueName":"search_term_string"}}],"inLanguage":"en-US"}]}</script>
<!-- / Yoast SEO plugin. -->

Participez à la collecte de denrées alimentaires - Barreau de Montr&eacute;al

Du 22 novembre au 15 décembre, donnez généreusement au profit de Moisson Montréal.
