{"id":33264,"date":"2023-07-03T03:23:00","date_gmt":"2023-07-03T07:23:00","guid":{"rendered":"https:\/\/www.barreaudemontreal.qc.ca\/?post_type=communications&#038;p=33264"},"modified":"2023-07-03T15:52:43","modified_gmt":"2023-07-03T19:52:43","slug":"directive-concernant-la-gestion-de-linstance-cour-du-quebec","status":"publish","type":"communications","link":"https:\/\/www.barreaudemontreal.qc.ca\/en\/communications\/directive-concernant-la-gestion-de-linstance-cour-du-quebec\/","title":{"rendered":"Directive &#8211; Gestion des instances en mati\u00e8re civile et dans les mati\u00e8res relatives \u00e0 la jeunesse &#8211; Cour du Qu\u00e9bec"},"content":{"rendered":"\n<p>Consultez le communiqu\u00e9 de la Cour du Qu\u00e9bec \u00e9mis le 16 juin 2023 :<\/p>\n\n\n\n<ul class=\"wp-block-list\">\n<li><a aria-label=\" (opens in a new tab)\" href=\"https:\/\/www.barreaudemontreal.qc.ca\/wp-content\/uploads\/avis-des-tribunaux\/cq-codificationdirectivegestioninstance_20230616.pdf\" target=\"_blank\" rel=\"noreferrer noopener\" class=\"ek-link\">Directive concernant la gestion des instances en mati\u00e8re civile et dans les mati\u00e8res relatives \u00e0 la jeunesse pour la d\u00e9claration d&#8217;admissibilit\u00e9 \u00e0 l&#8217;adoption<\/a><\/li>\n<\/ul>\n","protected":false},"excerpt":{"rendered":"<p>Consultez le communiqu\u00e9 de la Cour du Qu\u00e9bec \u00e9mis le 16 juin 2023 :<\/p>\n","protected":false},"author":3,"featured_media":0,"template":"","meta":{"_acf_changed":false,"_editorskit_title_hidden":false,"_editorskit_reading_time":0,"_editorskit_is_block_options_detached":false,"_editorskit_block_options_position":"{}","inline_featured_image":false,"ngg_post_thumbnail":0},"nouvelle_category":[101],"nouvelles_tags":[128],"class_list":["post-33264","communications","type-communications","status-publish","hentry","nouvelle_category-avis-des-tribunaux","nouvelles_tags-cour-du-quebec"],"acf":[],"yoast_head":"<!-- This site is optimized with the Yoast SEO plugin v27.4 - https:\/\/yoast.com\/product\/yoast-seo-wordpress\/ -->\n<title>Directive - Gestion des instances en mati\u00e8re civile et dans les mati\u00e8res relatives \u00e0 la jeunesse - Cour du Qu\u00e9bec - Barreau de Montr&eacute;al<\/title>\n<meta name=\"robots\" content=\"index, follow, max-snippet:-1, max-image-preview:large, max-video-preview:-1\" \/>\n<link rel=\"canonical\" href=\"https:\/\/www.barreaudemontreal.qc.ca\/en\/communications\/directive-concernant-la-gestion-de-linstance-cour-du-quebec\/\" \/>\n<meta property=\"og:locale\" content=\"en_US\" \/>\n<meta property=\"og:type\" content=\"article\" \/>\n<meta property=\"og:title\" content=\"Directive - Gestion des instances en mati\u00e8re civile et dans les mati\u00e8res relatives \u00e0 la jeunesse - Cour du Qu\u00e9bec - Barreau de Montr&eacute;al\" \/>\n<meta property=\"og:description\" content=\"Consultez le communiqu\u00e9 de la Cour du Qu\u00e9bec \u00e9mis le 16 juin 2023 :\" \/>\n<meta property=\"og:url\" content=\"https:\/\/www.barreaudemontreal.qc.ca\/en\/communications\/directive-concernant-la-gestion-de-linstance-cour-du-quebec\/\" \/>\n<meta property=\"og:site_name\" content=\"Barreau de Montr&eacute;al\" \/>\n<meta property=\"article:modified_time\" content=\"2023-07-03T19:52:43+00:00\" \/>\n<meta name=\"twitter:card\" content=\"summary_large_image\" \/>\n<meta name=\"twitter:label1\" content=\"Est. reading time\" \/>\n\t<meta name=\"twitter:data1\" content=\"1 minute\" \/>\n<script type=\"application\/ld+json\" class=\"yoast-schema-graph\">{\"@context\":\"https:\\\/\\\/schema.org\",\"@graph\":[{\"@type\":\"WebPage\",\"@id\":\"https:\\\/\\\/www.barreaudemontreal.qc.ca\\\/en\\\/communications\\\/directive-concernant-la-gestion-de-linstance-cour-du-quebec\\\/\",\"url\":\"https:\\\/\\\/www.barreaudemontreal.qc.ca\\\/en\\\/communications\\\/directive-concernant-la-gestion-de-linstance-cour-du-quebec\\\/\",\"name\":\"Directive - Gestion des instances en mati\u00e8re civile et dans les mati\u00e8res relatives \u00e0 la jeunesse - Cour du Qu\u00e9bec - Barreau de Montr&eacute;al\",\"isPartOf\":{\"@id\":\"https:\\\/\\\/www.barreaudemontreal.qc.ca\\\/en\\\/#website\"},\"datePublished\":\"2023-07-03T07:23:00+00:00\",\"dateModified\":\"2023-07-03T19:52:43+00:00\",\"breadcrumb\":{\"@id\":\"https:\\\/\\\/www.barreaudemontreal.qc.ca\\\/en\\\/communications\\\/directive-concernant-la-gestion-de-linstance-cour-du-quebec\\\/#breadcrumb\"},\"inLanguage\":\"en-US\",\"potentialAction\":[{\"@type\":\"ReadAction\",\"target\":[\"https:\\\/\\\/www.barreaudemontreal.qc.ca\\\/en\\\/communications\\\/directive-concernant-la-gestion-de-linstance-cour-du-quebec\\\/\"]}]},{\"@type\":\"BreadcrumbList\",\"@id\":\"https:\\\/\\\/www.barreaudemontreal.qc.ca\\\/en\\\/communications\\\/directive-concernant-la-gestion-de-linstance-cour-du-quebec\\\/#breadcrumb\",\"itemListElement\":[{\"@type\":\"ListItem\",\"position\":1,\"name\":\"Home\",\"item\":\"https:\\\/\\\/www.barreaudemontreal.qc.ca\\\/en\\\/\"},{\"@type\":\"ListItem\",\"position\":2,\"name\":\"Communications\",\"item\":\"https:\\\/\\\/www.barreaudemontreal.qc.ca\\\/en\\\/communications\\\/\"},{\"@type\":\"ListItem\",\"position\":3,\"name\":\"Directive &#8211; Gestion des instances en mati\u00e8re civile et dans les mati\u00e8res relatives \u00e0 la jeunesse &#8211; Cour du Qu\u00e9bec\"}]},{\"@type\":\"WebSite\",\"@id\":\"https:\\\/\\\/www.barreaudemontreal.qc.ca\\\/en\\\/#website\",\"url\":\"https:\\\/\\\/www.barreaudemontreal.qc.ca\\\/en\\\/\",\"name\":\"Barreau de Montr&eacute;al\",\"description\":\"La plus grande section du Barreau du Qu&eacute;bec\",\"potentialAction\":[{\"@type\":\"SearchAction\",\"target\":{\"@type\":\"EntryPoint\",\"urlTemplate\":\"https:\\\/\\\/www.barreaudemontreal.qc.ca\\\/en\\\/?s={search_term_string}\"},\"query-input\":{\"@type\":\"PropertyValueSpecification\",\"valueRequired\":true,\"valueName\":\"search_term_string\"}}],\"inLanguage\":\"en-US\"}]}<\/script>\n<!-- \/ Yoast SEO plugin. -->","yoast_head_json":{"title":"Directive - Gestion des instances en mati\u00e8re civile et dans les mati\u00e8res relatives \u00e0 la jeunesse - Cour du Qu\u00e9bec - Barreau de Montr&eacute;al","robots":{"index":"index","follow":"follow","max-snippet":"max-snippet:-1","max-image-preview":"max-image-preview:large","max-video-preview":"max-video-preview:-1"},"canonical":"https:\/\/www.barreaudemontreal.qc.ca\/en\/communications\/directive-concernant-la-gestion-de-linstance-cour-du-quebec\/","og_locale":"en_US","og_type":"article","og_title":"Directive - Gestion des instances en mati\u00e8re civile et dans les mati\u00e8res relatives \u00e0 la jeunesse - Cour du Qu\u00e9bec - Barreau de Montr&eacute;al","og_description":"Consultez le communiqu\u00e9 de la Cour du Qu\u00e9bec \u00e9mis le 16 juin 2023 :","og_url":"https:\/\/www.barreaudemontreal.qc.ca\/en\/communications\/directive-concernant-la-gestion-de-linstance-cour-du-quebec\/","og_site_name":"Barreau de Montr&eacute;al","article_modified_time":"2023-07-03T19:52:43+00:00","twitter_card":"summary_large_image","twitter_misc":{"Est. reading time":"1 minute"},"schema":{"@context":"https:\/\/schema.org","@graph":[{"@type":"WebPage","@id":"https:\/\/www.barreaudemontreal.qc.ca\/en\/communications\/directive-concernant-la-gestion-de-linstance-cour-du-quebec\/","url":"https:\/\/www.barreaudemontreal.qc.ca\/en\/communications\/directive-concernant-la-gestion-de-linstance-cour-du-quebec\/","name":"Directive - Gestion des instances en mati\u00e8re civile et dans les mati\u00e8res relatives \u00e0 la jeunesse - Cour du Qu\u00e9bec - Barreau de Montr&eacute;al","isPartOf":{"@id":"https:\/\/www.barreaudemontreal.qc.ca\/en\/#website"},"datePublished":"2023-07-03T07:23:00+00:00","dateModified":"2023-07-03T19:52:43+00:00","breadcrumb":{"@id":"https:\/\/www.barreaudemontreal.qc.ca\/en\/communications\/directive-concernant-la-gestion-de-linstance-cour-du-quebec\/#breadcrumb"},"inLanguage":"en-US","potentialAction":[{"@type":"ReadAction","target":["https:\/\/www.barreaudemontreal.qc.ca\/en\/communications\/directive-concernant-la-gestion-de-linstance-cour-du-quebec\/"]}]},{"@type":"BreadcrumbList","@id":"https:\/\/www.barreaudemontreal.qc.ca\/en\/communications\/directive-concernant-la-gestion-de-linstance-cour-du-quebec\/#breadcrumb","itemListElement":[{"@type":"ListItem","position":1,"name":"Home","item":"https:\/\/www.barreaudemontreal.qc.ca\/en\/"},{"@type":"ListItem","position":2,"name":"Communications","item":"https:\/\/www.barreaudemontreal.qc.ca\/en\/communications\/"},{"@type":"ListItem","position":3,"name":"Directive &#8211; Gestion des instances en mati\u00e8re civile et dans les mati\u00e8res relatives \u00e0 la jeunesse &#8211; Cour du Qu\u00e9bec"}]},{"@type":"WebSite","@id":"https:\/\/www.barreaudemontreal.qc.ca\/en\/#website","url":"https:\/\/www.barreaudemontreal.qc.ca\/en\/","name":"Barreau de Montr&eacute;al","description":"La plus grande section du Barreau du Qu&eacute;bec","potentialAction":[{"@type":"SearchAction","target":{"@type":"EntryPoint","urlTemplate":"https:\/\/www.barreaudemontreal.qc.ca\/en\/?s={search_term_string}"},"query-input":{"@type":"PropertyValueSpecification","valueRequired":true,"valueName":"search_term_string"}}],"inLanguage":"en-US"}]}},"_links":{"self":[{"href":"https:\/\/www.barreaudemontreal.qc.ca\/en\/wp-json\/wp\/v2\/communications\/33264","targetHints":{"allow":["GET"]}}],"collection":[{"href":"https:\/\/www.barreaudemontreal.qc.ca\/en\/wp-json\/wp\/v2\/communications"}],"about":[{"href":"https:\/\/www.barreaudemontreal.qc.ca\/en\/wp-json\/wp\/v2\/types\/communications"}],"author":[{"embeddable":true,"href":"https:\/\/www.barreaudemontreal.qc.ca\/en\/wp-json\/wp\/v2\/users\/3"}],"wp:attachment":[{"href":"https:\/\/www.barreaudemontreal.qc.ca\/en\/wp-json\/wp\/v2\/media?parent=33264"}],"wp:term":[{"taxonomy":"nouvelle_category","embeddable":true,"href":"https:\/\/www.barreaudemontreal.qc.ca\/en\/wp-json\/wp\/v2\/nouvelle_category?post=33264"},{"taxonomy":"nouvelles_tags","embeddable":true,"href":"https:\/\/www.barreaudemontreal.qc.ca\/en\/wp-json\/wp\/v2\/nouvelles_tags?post=33264"}],"curies":[{"name":"wp","href":"https:\/\/api.w.org\/{rel}","templated":true}]}}

Directive &#8211; Gestion des instances en matière civile et dans les matières relatives à la jeunesse &#8211; Cour du Québec

<p>Consultez le communiqué de la Cour du Québec émis le 16 juin 2023 :</p>



<ul class="wp-block-list">
<li><a aria-label=" (opens in a new tab)" href="https://www.barreaudemontreal.qc.ca/wp-content/uploads/avis-des-tribunaux/cq-codificationdirectivegestioninstance_20230616.pdf" target="_blank" rel="noreferrer noopener" class="ek-link">Directive concernant la gestion des instances en matière civile et dans les matières relatives à la jeunesse pour la déclaration d&#8217;admissibilité à l&#8217;adoption</a></li>
</ul>

<p>Consultez le communiqué de la Cour du Québec émis le 16 juin 2023 :</p>

<!-- This site is optimized with the Yoast SEO plugin v27.4 - https://yoast.com/product/yoast-seo-wordpress/ -->
<title>Directive - Gestion des instances en matière civile et dans les matières relatives à la jeunesse - Cour du Québec - Barreau de Montr&eacute;al</title>
<meta name="robots" content="index, follow, max-snippet:-1, max-image-preview:large, max-video-preview:-1" />
<link rel="canonical" href="https://www.barreaudemontreal.qc.ca/en/communications/directive-concernant-la-gestion-de-linstance-cour-du-quebec/" />
<meta property="og:locale" content="en_US" />
<meta property="og:type" content="article" />
<meta property="og:title" content="Directive - Gestion des instances en matière civile et dans les matières relatives à la jeunesse - Cour du Québec - Barreau de Montr&eacute;al" />
<meta property="og:description" content="Consultez le communiqué de la Cour du Québec émis le 16 juin 2023 :" />
<meta property="og:url" content="https://www.barreaudemontreal.qc.ca/en/communications/directive-concernant-la-gestion-de-linstance-cour-du-quebec/" />
<meta property="og:site_name" content="Barreau de Montr&eacute;al" />
<meta property="article:modified_time" content="2023-07-03T19:52:43+00:00" />
<meta name="twitter:card" content="summary_large_image" />
<meta name="twitter:label1" content="Est. reading time" />
	<meta name="twitter:data1" content="1 minute" />
<script type="application/ld+json" class="yoast-schema-graph">{"@context":"https:\/\/schema.org","@graph":[{"@type":"WebPage","@id":"https:\/\/www.barreaudemontreal.qc.ca\/en\/communications\/directive-concernant-la-gestion-de-linstance-cour-du-quebec\/","url":"https:\/\/www.barreaudemontreal.qc.ca\/en\/communications\/directive-concernant-la-gestion-de-linstance-cour-du-quebec\/","name":"Directive - Gestion des instances en matière civile et dans les matières relatives à la jeunesse - Cour du Québec - Barreau de Montr&eacute;al","isPartOf":{"@id":"https:\/\/www.barreaudemontreal.qc.ca\/en\/#website"},"datePublished":"2023-07-03T07:23:00+00:00","dateModified":"2023-07-03T19:52:43+00:00","breadcrumb":{"@id":"https:\/\/www.barreaudemontreal.qc.ca\/en\/communications\/directive-concernant-la-gestion-de-linstance-cour-du-quebec\/#breadcrumb"},"inLanguage":"en-US","potentialAction":[{"@type":"ReadAction","target":["https:\/\/www.barreaudemontreal.qc.ca\/en\/communications\/directive-concernant-la-gestion-de-linstance-cour-du-quebec\/"]}]},{"@type":"BreadcrumbList","@id":"https:\/\/www.barreaudemontreal.qc.ca\/en\/communications\/directive-concernant-la-gestion-de-linstance-cour-du-quebec\/#breadcrumb","itemListElement":[{"@type":"ListItem","position":1,"name":"Home","item":"https:\/\/www.barreaudemontreal.qc.ca\/en\/"},{"@type":"ListItem","position":2,"name":"Communications","item":"https:\/\/www.barreaudemontreal.qc.ca\/en\/communications\/"},{"@type":"ListItem","position":3,"name":"Directive &#8211; Gestion des instances en matière civile et dans les matières relatives à la jeunesse &#8211; Cour du Québec"}]},{"@type":"WebSite","@id":"https:\/\/www.barreaudemontreal.qc.ca\/en\/#website","url":"https:\/\/www.barreaudemontreal.qc.ca\/en\/","name":"Barreau de Montr&eacute;al","description":"La plus grande section du Barreau du Qu&eacute;bec","potentialAction":[{"@type":"SearchAction","target":{"@type":"EntryPoint","urlTemplate":"https:\/\/www.barreaudemontreal.qc.ca\/en\/?s={search_term_string}"},"query-input":{"@type":"PropertyValueSpecification","valueRequired":true,"valueName":"search_term_string"}}],"inLanguage":"en-US"}]}</script>
<!-- / Yoast SEO plugin. -->

Directive - Gestion des instances en matière civile et dans les matières relatives à la jeunesse - Cour du Québec - Barreau de Montr&eacute;al

Consultez le communiqué de la Cour du Québec émis le 16 juin 2023 :
