{"id":8562,"date":"2013-04-25T13:42:22","date_gmt":"2013-04-25T13:42:22","guid":{"rendered":"http:\/\/barreau.stagingminimalmtl.com\/fr\/comite\/liaison-avec-la-cour-superieure-en-matiere-familiale\/"},"modified":"2025-08-11T16:59:57","modified_gmt":"2025-08-11T20:59:57","slug":"liaison-avec-la-cour-superieure-en-matiere-familiale","status":"publish","type":"comites","link":"https:\/\/www.barreaudemontreal.qc.ca\/en\/comites\/liaison-avec-la-cour-superieure-en-matiere-familiale\/","title":{"rendered":"Liaison avec la Cour sup\u00e9rieure en mati\u00e8re familiale"},"content":{"rendered":"\n<p><strong>MANDAT<\/strong><\/p>\n\n\n\n<p>Ce comit\u00e9 a le mandat d\u2019assurer le lien entre la Magistrature et les avocats et avocates oeuvrant en droit de la famille dans leur pratique quotidienne. En effet, les membres du comit\u00e9, de concert avec la Magistrature, proposent et apportent des solutions afin d\u2019am\u00e9liorer le syst\u00e8me juridique familial dans son ensemble, tant pour la bonne administration de la justice que dans l\u2019int\u00e9r\u00eat du justiciable.<\/p>\n\n\n\n<p><strong>MEMBRES 2025-2026<\/strong><\/p>\n\n\n\n<p><strong>Me Fabrizio Mancuso,\u00a0<\/strong><em><strong>pr\u00e9sident<\/strong><\/em>, les honorables Jean-Fran\u00e7ois Michaud (j.c.s.), Fr\u00e9d\u00e9ric P\u00e9rodeau (j.c.s.), Jean-S\u00e9bastien Vaillancourt (j.c.s.), Mes V\u00e9ronique Collard, Louis Dessureault, \u00c9liane Malo, Andr\u00e9anne Martel, Charlotte Oger Chambonnet, St\u00e9phanie Racette, Johanna Sarfati, Marie Annik Walsh, de m\u00eame que les repr\u00e9sentants des Services judiciaires, de l\u2019AAADFQ, de l\u2019Aide juridique, du Centre de justice de proximit\u00e9 du Grand Montr\u00e9al, de la Cour sup\u00e9rieure.<\/p>\n","protected":false},"author":30,"featured_media":0,"template":"","meta":{"_acf_changed":false,"_editorskit_title_hidden":false,"_editorskit_reading_time":1,"_editorskit_is_block_options_detached":false,"_editorskit_block_options_position":"{}","inline_featured_image":false,"ngg_post_thumbnail":0,"footnotes":""},"comites_category":[],"class_list":["post-8562","comites","type-comites","status-publish","hentry"],"acf":[],"yoast_head":"<!-- This site is optimized with the Yoast SEO plugin v27.4 - https:\/\/yoast.com\/product\/yoast-seo-wordpress\/ -->\n<title>Liaison avec la Cour sup\u00e9rieure en mati\u00e8re familiale - Barreau de Montr&eacute;al<\/title>\n<meta name=\"robots\" content=\"index, follow, max-snippet:-1, max-image-preview:large, max-video-preview:-1\" \/>\n<link rel=\"canonical\" href=\"https:\/\/www.barreaudemontreal.qc.ca\/en\/comites\/liaison-avec-la-cour-superieure-en-matiere-familiale\/\" \/>\n<meta property=\"og:locale\" content=\"en_US\" \/>\n<meta property=\"og:type\" content=\"article\" \/>\n<meta property=\"og:title\" content=\"Liaison avec la Cour sup\u00e9rieure en mati\u00e8re familiale - Barreau de Montr&eacute;al\" \/>\n<meta property=\"og:description\" content=\"MANDATCe comit\u00e9 a le mandat d&#039;assurer le lien entre la Magistrature et les avocats et avocates oeuvrant en droit de la famille dans leur pratique quotidienne. En effet, les membres du comit\u00e9, de concert avec la Magistrature, proposent et apportent des solutions afin d&#039;am\u00e9liorer le syst\u00e8me juridique familial dans son ensemble, tant pour la bonne administration de la justice que dans l&#039;int\u00e9r\u00eat du justiciable.MEMBRES 2020-2021\" \/>\n<meta property=\"og:url\" content=\"https:\/\/www.barreaudemontreal.qc.ca\/en\/comites\/liaison-avec-la-cour-superieure-en-matiere-familiale\/\" \/>\n<meta property=\"og:site_name\" content=\"Barreau de Montr&eacute;al\" \/>\n<meta property=\"article:modified_time\" content=\"2025-08-11T20:59:57+00:00\" \/>\n<meta name=\"twitter:card\" content=\"summary_large_image\" \/>\n<meta name=\"twitter:label1\" content=\"Est. reading time\" \/>\n\t<meta name=\"twitter:data1\" content=\"1 minute\" \/>\n<script type=\"application\/ld+json\" class=\"yoast-schema-graph\">{\"@context\":\"https:\\\/\\\/schema.org\",\"@graph\":[{\"@type\":\"WebPage\",\"@id\":\"https:\\\/\\\/www.barreaudemontreal.qc.ca\\\/en\\\/comites\\\/liaison-avec-la-cour-superieure-en-matiere-familiale\\\/\",\"url\":\"https:\\\/\\\/www.barreaudemontreal.qc.ca\\\/en\\\/comites\\\/liaison-avec-la-cour-superieure-en-matiere-familiale\\\/\",\"name\":\"Liaison avec la Cour sup\u00e9rieure en mati\u00e8re familiale - Barreau de Montr&eacute;al\",\"isPartOf\":{\"@id\":\"https:\\\/\\\/www.barreaudemontreal.qc.ca\\\/en\\\/#website\"},\"datePublished\":\"2013-04-25T13:42:22+00:00\",\"dateModified\":\"2025-08-11T20:59:57+00:00\",\"breadcrumb\":{\"@id\":\"https:\\\/\\\/www.barreaudemontreal.qc.ca\\\/en\\\/comites\\\/liaison-avec-la-cour-superieure-en-matiere-familiale\\\/#breadcrumb\"},\"inLanguage\":\"en-US\",\"potentialAction\":[{\"@type\":\"ReadAction\",\"target\":[\"https:\\\/\\\/www.barreaudemontreal.qc.ca\\\/en\\\/comites\\\/liaison-avec-la-cour-superieure-en-matiere-familiale\\\/\"]}]},{\"@type\":\"BreadcrumbList\",\"@id\":\"https:\\\/\\\/www.barreaudemontreal.qc.ca\\\/en\\\/comites\\\/liaison-avec-la-cour-superieure-en-matiere-familiale\\\/#breadcrumb\",\"itemListElement\":[{\"@type\":\"ListItem\",\"position\":1,\"name\":\"Home\",\"item\":\"https:\\\/\\\/www.barreaudemontreal.qc.ca\\\/en\\\/\"},{\"@type\":\"ListItem\",\"position\":2,\"name\":\"Comit\u00e9s\",\"item\":\"https:\\\/\\\/www.barreaudemontreal.qc.ca\\\/en\\\/comites\\\/\"},{\"@type\":\"ListItem\",\"position\":3,\"name\":\"Liaison avec la Cour sup\u00e9rieure en mati\u00e8re familiale\"}]},{\"@type\":\"WebSite\",\"@id\":\"https:\\\/\\\/www.barreaudemontreal.qc.ca\\\/en\\\/#website\",\"url\":\"https:\\\/\\\/www.barreaudemontreal.qc.ca\\\/en\\\/\",\"name\":\"Barreau de Montr&eacute;al\",\"description\":\"La plus grande section du Barreau du Qu&eacute;bec\",\"potentialAction\":[{\"@type\":\"SearchAction\",\"target\":{\"@type\":\"EntryPoint\",\"urlTemplate\":\"https:\\\/\\\/www.barreaudemontreal.qc.ca\\\/en\\\/?s={search_term_string}\"},\"query-input\":{\"@type\":\"PropertyValueSpecification\",\"valueRequired\":true,\"valueName\":\"search_term_string\"}}],\"inLanguage\":\"en-US\"}]}<\/script>\n<!-- \/ Yoast SEO plugin. -->","yoast_head_json":{"title":"Liaison avec la Cour sup\u00e9rieure en mati\u00e8re familiale - Barreau de Montr&eacute;al","robots":{"index":"index","follow":"follow","max-snippet":"max-snippet:-1","max-image-preview":"max-image-preview:large","max-video-preview":"max-video-preview:-1"},"canonical":"https:\/\/www.barreaudemontreal.qc.ca\/en\/comites\/liaison-avec-la-cour-superieure-en-matiere-familiale\/","og_locale":"en_US","og_type":"article","og_title":"Liaison avec la Cour sup\u00e9rieure en mati\u00e8re familiale - Barreau de Montr&eacute;al","og_description":"MANDATCe comit\u00e9 a le mandat d'assurer le lien entre la Magistrature et les avocats et avocates oeuvrant en droit de la famille dans leur pratique quotidienne. En effet, les membres du comit\u00e9, de concert avec la Magistrature, proposent et apportent des solutions afin d'am\u00e9liorer le syst\u00e8me juridique familial dans son ensemble, tant pour la bonne administration de la justice que dans l'int\u00e9r\u00eat du justiciable.MEMBRES 2020-2021","og_url":"https:\/\/www.barreaudemontreal.qc.ca\/en\/comites\/liaison-avec-la-cour-superieure-en-matiere-familiale\/","og_site_name":"Barreau de Montr&eacute;al","article_modified_time":"2025-08-11T20:59:57+00:00","twitter_card":"summary_large_image","twitter_misc":{"Est. reading time":"1 minute"},"schema":{"@context":"https:\/\/schema.org","@graph":[{"@type":"WebPage","@id":"https:\/\/www.barreaudemontreal.qc.ca\/en\/comites\/liaison-avec-la-cour-superieure-en-matiere-familiale\/","url":"https:\/\/www.barreaudemontreal.qc.ca\/en\/comites\/liaison-avec-la-cour-superieure-en-matiere-familiale\/","name":"Liaison avec la Cour sup\u00e9rieure en mati\u00e8re familiale - Barreau de Montr&eacute;al","isPartOf":{"@id":"https:\/\/www.barreaudemontreal.qc.ca\/en\/#website"},"datePublished":"2013-04-25T13:42:22+00:00","dateModified":"2025-08-11T20:59:57+00:00","breadcrumb":{"@id":"https:\/\/www.barreaudemontreal.qc.ca\/en\/comites\/liaison-avec-la-cour-superieure-en-matiere-familiale\/#breadcrumb"},"inLanguage":"en-US","potentialAction":[{"@type":"ReadAction","target":["https:\/\/www.barreaudemontreal.qc.ca\/en\/comites\/liaison-avec-la-cour-superieure-en-matiere-familiale\/"]}]},{"@type":"BreadcrumbList","@id":"https:\/\/www.barreaudemontreal.qc.ca\/en\/comites\/liaison-avec-la-cour-superieure-en-matiere-familiale\/#breadcrumb","itemListElement":[{"@type":"ListItem","position":1,"name":"Home","item":"https:\/\/www.barreaudemontreal.qc.ca\/en\/"},{"@type":"ListItem","position":2,"name":"Comit\u00e9s","item":"https:\/\/www.barreaudemontreal.qc.ca\/en\/comites\/"},{"@type":"ListItem","position":3,"name":"Liaison avec la Cour sup\u00e9rieure en mati\u00e8re familiale"}]},{"@type":"WebSite","@id":"https:\/\/www.barreaudemontreal.qc.ca\/en\/#website","url":"https:\/\/www.barreaudemontreal.qc.ca\/en\/","name":"Barreau de Montr&eacute;al","description":"La plus grande section du Barreau du Qu&eacute;bec","potentialAction":[{"@type":"SearchAction","target":{"@type":"EntryPoint","urlTemplate":"https:\/\/www.barreaudemontreal.qc.ca\/en\/?s={search_term_string}"},"query-input":{"@type":"PropertyValueSpecification","valueRequired":true,"valueName":"search_term_string"}}],"inLanguage":"en-US"}]}},"_links":{"self":[{"href":"https:\/\/www.barreaudemontreal.qc.ca\/en\/wp-json\/wp\/v2\/comites\/8562","targetHints":{"allow":["GET"]}}],"collection":[{"href":"https:\/\/www.barreaudemontreal.qc.ca\/en\/wp-json\/wp\/v2\/comites"}],"about":[{"href":"https:\/\/www.barreaudemontreal.qc.ca\/en\/wp-json\/wp\/v2\/types\/comites"}],"author":[{"embeddable":true,"href":"https:\/\/www.barreaudemontreal.qc.ca\/en\/wp-json\/wp\/v2\/users\/30"}],"version-history":[{"count":0,"href":"https:\/\/www.barreaudemontreal.qc.ca\/en\/wp-json\/wp\/v2\/comites\/8562\/revisions"}],"wp:attachment":[{"href":"https:\/\/www.barreaudemontreal.qc.ca\/en\/wp-json\/wp\/v2\/media?parent=8562"}],"wp:term":[{"taxonomy":"comites_category","embeddable":true,"href":"https:\/\/www.barreaudemontreal.qc.ca\/en\/wp-json\/wp\/v2\/comites_category?post=8562"}],"curies":[{"name":"wp","href":"https:\/\/api.w.org\/{rel}","templated":true}]}}

Liaison avec la Cour supérieure en matière familiale

<p><strong>MANDAT</strong></p>



<p>Ce comité a le mandat d’assurer le lien entre la Magistrature et les avocats et avocates oeuvrant en droit de la famille dans leur pratique quotidienne. En effet, les membres du comité, de concert avec la Magistrature, proposent et apportent des solutions afin d’améliorer le système juridique familial dans son ensemble, tant pour la bonne administration de la justice que dans l’intérêt du justiciable.</p>



<p><strong>MEMBRES 2025-2026</strong></p>



<p><strong>Me Fabrizio Mancuso, </strong><em><strong>président</strong></em>, les honorables Jean-François Michaud (j.c.s.), Frédéric Pérodeau (j.c.s.), Jean-Sébastien Vaillancourt (j.c.s.), Mes Véronique Collard, Louis Dessureault, Éliane Malo, Andréanne Martel, Charlotte Oger Chambonnet, Stéphanie Racette, Johanna Sarfati, Marie Annik Walsh, de même que les représentants des Services judiciaires, de l’AAADFQ, de l’Aide juridique, du Centre de justice de proximité du Grand Montréal, de la Cour supérieure.</p>

<!-- This site is optimized with the Yoast SEO plugin v27.4 - https://yoast.com/product/yoast-seo-wordpress/ -->
<title>Liaison avec la Cour supérieure en matière familiale - Barreau de Montr&eacute;al</title>
<meta name="robots" content="index, follow, max-snippet:-1, max-image-preview:large, max-video-preview:-1" />
<link rel="canonical" href="https://www.barreaudemontreal.qc.ca/en/comites/liaison-avec-la-cour-superieure-en-matiere-familiale/" />
<meta property="og:locale" content="en_US" />
<meta property="og:type" content="article" />
<meta property="og:title" content="Liaison avec la Cour supérieure en matière familiale - Barreau de Montr&eacute;al" />
<meta property="og:description" content="MANDATCe comité a le mandat d&#039;assurer le lien entre la Magistrature et les avocats et avocates oeuvrant en droit de la famille dans leur pratique quotidienne. En effet, les membres du comité, de concert avec la Magistrature, proposent et apportent des solutions afin d&#039;améliorer le système juridique familial dans son ensemble, tant pour la bonne administration de la justice que dans l&#039;intérêt du justiciable.MEMBRES 2020-2021" />
<meta property="og:url" content="https://www.barreaudemontreal.qc.ca/en/comites/liaison-avec-la-cour-superieure-en-matiere-familiale/" />
<meta property="og:site_name" content="Barreau de Montr&eacute;al" />
<meta property="article:modified_time" content="2025-08-11T20:59:57+00:00" />
<meta name="twitter:card" content="summary_large_image" />
<meta name="twitter:label1" content="Est. reading time" />
	<meta name="twitter:data1" content="1 minute" />
<script type="application/ld+json" class="yoast-schema-graph">{"@context":"https:\/\/schema.org","@graph":[{"@type":"WebPage","@id":"https:\/\/www.barreaudemontreal.qc.ca\/en\/comites\/liaison-avec-la-cour-superieure-en-matiere-familiale\/","url":"https:\/\/www.barreaudemontreal.qc.ca\/en\/comites\/liaison-avec-la-cour-superieure-en-matiere-familiale\/","name":"Liaison avec la Cour supérieure en matière familiale - Barreau de Montr&eacute;al","isPartOf":{"@id":"https:\/\/www.barreaudemontreal.qc.ca\/en\/#website"},"datePublished":"2013-04-25T13:42:22+00:00","dateModified":"2025-08-11T20:59:57+00:00","breadcrumb":{"@id":"https:\/\/www.barreaudemontreal.qc.ca\/en\/comites\/liaison-avec-la-cour-superieure-en-matiere-familiale\/#breadcrumb"},"inLanguage":"en-US","potentialAction":[{"@type":"ReadAction","target":["https:\/\/www.barreaudemontreal.qc.ca\/en\/comites\/liaison-avec-la-cour-superieure-en-matiere-familiale\/"]}]},{"@type":"BreadcrumbList","@id":"https:\/\/www.barreaudemontreal.qc.ca\/en\/comites\/liaison-avec-la-cour-superieure-en-matiere-familiale\/#breadcrumb","itemListElement":[{"@type":"ListItem","position":1,"name":"Home","item":"https:\/\/www.barreaudemontreal.qc.ca\/en\/"},{"@type":"ListItem","position":2,"name":"Comités","item":"https:\/\/www.barreaudemontreal.qc.ca\/en\/comites\/"},{"@type":"ListItem","position":3,"name":"Liaison avec la Cour supérieure en matière familiale"}]},{"@type":"WebSite","@id":"https:\/\/www.barreaudemontreal.qc.ca\/en\/#website","url":"https:\/\/www.barreaudemontreal.qc.ca\/en\/","name":"Barreau de Montr&eacute;al","description":"La plus grande section du Barreau du Qu&eacute;bec","potentialAction":[{"@type":"SearchAction","target":{"@type":"EntryPoint","urlTemplate":"https:\/\/www.barreaudemontreal.qc.ca\/en\/?s={search_term_string}"},"query-input":{"@type":"PropertyValueSpecification","valueRequired":true,"valueName":"search_term_string"}}],"inLanguage":"en-US"}]}</script>
<!-- / Yoast SEO plugin. -->

Liaison avec la Cour supérieure en matière familiale - Barreau de Montr&eacute;al

MANDATCe comité a le mandat d'assurer le lien entre la Magistrature et les avocats et avocates oeuvrant en droit de la famille dans leur pratique quotidienne. En effet, les membres du comité, de concert avec la Magistrature, proposent et apportent des solutions afin d'améliorer le système juridique familial dans son ensemble, tant pour la bonne administration de la justice que dans l'intérêt du justiciable.MEMBRES 2020-2021

Comités
