{"id":8559,"date":"2013-04-11T14:05:28","date_gmt":"2013-04-11T14:05:28","guid":{"rendered":"http:\/\/barreau.stagingminimalmtl.com\/fr\/comite\/liaison-avec-la-cour-du-quebec-chambre-de-la-jeunesse\/"},"modified":"2025-08-11T16:55:57","modified_gmt":"2025-08-11T20:55:57","slug":"liaison-avec-la-cour-du-quebec-chambre-de-la-jeunesse","status":"publish","type":"comites","link":"https:\/\/www.barreaudemontreal.qc.ca\/en\/comites\/liaison-avec-la-cour-du-quebec-chambre-de-la-jeunesse\/","title":{"rendered":"Liaison avec la Cour du Qu\u00e9bec, chambre de la jeunesse"},"content":{"rendered":"\n<p><strong>MANDAT<\/strong><\/p>\n\n\n\n<p>Le comit\u00e9 fait le lien entre le Barreau de Montr\u00e9al et la chambre de la jeunesse de la Cour du Qu\u00e9bec. Par ce comit\u00e9, le Barreau de Montr\u00e9al s\u2019int\u00e9resse de plus pr\u00e8s \u00e0 la cause du droit de la jeunesse. L\u2019objectif principal du comit\u00e9 demeure l\u2019am\u00e9lioration de la qualit\u00e9 des services rendus aux enfants, aux adolescents et aux parents, et \u00e0 tous justiciables de cette juridiction dans les domaines de l\u2019adoption, de la protection de la jeunesse et de la justice p\u00e9nale pour les adolescents.<\/p>\n\n\n\n<p><strong>MEMBRES 2025-2026<\/strong><\/p>\n\n\n\n<p><strong>Me Tiago Murias,\u00a0<\/strong><em><strong>pr\u00e9sident<\/strong><\/em>, les honorables Robert Hamel (j.c.q.), Annie Savard (j.c.q.), Alexandre St-Onge (j.c.q.), Mes Younes Ameur, Ariane Gagnon, Gabriel Larose, Ma\u00efa Sureau, de m\u00eame que les repr\u00e9sentants de l\u2019AAADJM, de l\u2019Aide juridique, du DPCP, de la DPJ, des Services judiciaires et de la Cour du Qu\u00e9bec.<\/p>\n","protected":false},"author":30,"featured_media":0,"template":"","meta":{"_acf_changed":false,"_editorskit_title_hidden":false,"_editorskit_reading_time":1,"_editorskit_is_block_options_detached":false,"_editorskit_block_options_position":"{}","inline_featured_image":false,"ngg_post_thumbnail":0,"footnotes":""},"comites_category":[],"class_list":["post-8559","comites","type-comites","status-publish","hentry"],"acf":[],"yoast_head":"<!-- This site is optimized with the Yoast SEO plugin v27.4 - https:\/\/yoast.com\/product\/yoast-seo-wordpress\/ -->\n<title>Liaison avec la Cour du Qu\u00e9bec, chambre de la jeunesse - Barreau de Montr&eacute;al<\/title>\n<meta name=\"robots\" content=\"index, follow, max-snippet:-1, max-image-preview:large, max-video-preview:-1\" \/>\n<link rel=\"canonical\" href=\"https:\/\/www.barreaudemontreal.qc.ca\/en\/comites\/liaison-avec-la-cour-du-quebec-chambre-de-la-jeunesse\/\" \/>\n<meta property=\"og:locale\" content=\"en_US\" \/>\n<meta property=\"og:type\" content=\"article\" \/>\n<meta property=\"og:title\" content=\"Liaison avec la Cour du Qu\u00e9bec, chambre de la jeunesse - Barreau de Montr&eacute;al\" \/>\n<meta property=\"og:description\" content=\"MANDATLe comit\u00e9 fait le lien entre le Barreau de Montr\u00e9al et la chambre de la jeunesse de la Cour du Qu\u00e9bec. Par ce comit\u00e9, le Barreau de Montr\u00e9al s&#039;int\u00e9resse de plus pr\u00e8s \u00e0 la cause du droit de la jeunesse. L&#039;objectif principal du comit\u00e9 demeure l&#039;am\u00e9lioration de la qualit\u00e9 des services rendus aux enfants, aux adolescents et aux parents, et \u00e0 tous justiciables de cette juridiction dans les domaines de l&#039;adoption, de la protection de la jeunesse et de la justice p\u00e9nale pour les adolescents.\" \/>\n<meta property=\"og:url\" content=\"https:\/\/www.barreaudemontreal.qc.ca\/en\/comites\/liaison-avec-la-cour-du-quebec-chambre-de-la-jeunesse\/\" \/>\n<meta property=\"og:site_name\" content=\"Barreau de Montr&eacute;al\" \/>\n<meta property=\"article:modified_time\" content=\"2025-08-11T20:55:57+00:00\" \/>\n<meta name=\"twitter:card\" content=\"summary_large_image\" \/>\n<meta name=\"twitter:label1\" content=\"Est. reading time\" \/>\n\t<meta name=\"twitter:data1\" content=\"1 minute\" \/>\n<script type=\"application\/ld+json\" class=\"yoast-schema-graph\">{\"@context\":\"https:\\\/\\\/schema.org\",\"@graph\":[{\"@type\":\"WebPage\",\"@id\":\"https:\\\/\\\/www.barreaudemontreal.qc.ca\\\/en\\\/comites\\\/liaison-avec-la-cour-du-quebec-chambre-de-la-jeunesse\\\/\",\"url\":\"https:\\\/\\\/www.barreaudemontreal.qc.ca\\\/en\\\/comites\\\/liaison-avec-la-cour-du-quebec-chambre-de-la-jeunesse\\\/\",\"name\":\"Liaison avec la Cour du Qu\u00e9bec, chambre de la jeunesse - Barreau de Montr&eacute;al\",\"isPartOf\":{\"@id\":\"https:\\\/\\\/www.barreaudemontreal.qc.ca\\\/en\\\/#website\"},\"datePublished\":\"2013-04-11T14:05:28+00:00\",\"dateModified\":\"2025-08-11T20:55:57+00:00\",\"breadcrumb\":{\"@id\":\"https:\\\/\\\/www.barreaudemontreal.qc.ca\\\/en\\\/comites\\\/liaison-avec-la-cour-du-quebec-chambre-de-la-jeunesse\\\/#breadcrumb\"},\"inLanguage\":\"en-US\",\"potentialAction\":[{\"@type\":\"ReadAction\",\"target\":[\"https:\\\/\\\/www.barreaudemontreal.qc.ca\\\/en\\\/comites\\\/liaison-avec-la-cour-du-quebec-chambre-de-la-jeunesse\\\/\"]}]},{\"@type\":\"BreadcrumbList\",\"@id\":\"https:\\\/\\\/www.barreaudemontreal.qc.ca\\\/en\\\/comites\\\/liaison-avec-la-cour-du-quebec-chambre-de-la-jeunesse\\\/#breadcrumb\",\"itemListElement\":[{\"@type\":\"ListItem\",\"position\":1,\"name\":\"Home\",\"item\":\"https:\\\/\\\/www.barreaudemontreal.qc.ca\\\/en\\\/\"},{\"@type\":\"ListItem\",\"position\":2,\"name\":\"Comit\u00e9s\",\"item\":\"https:\\\/\\\/www.barreaudemontreal.qc.ca\\\/en\\\/comites\\\/\"},{\"@type\":\"ListItem\",\"position\":3,\"name\":\"Liaison avec la Cour du Qu\u00e9bec, chambre de la jeunesse\"}]},{\"@type\":\"WebSite\",\"@id\":\"https:\\\/\\\/www.barreaudemontreal.qc.ca\\\/en\\\/#website\",\"url\":\"https:\\\/\\\/www.barreaudemontreal.qc.ca\\\/en\\\/\",\"name\":\"Barreau de Montr&eacute;al\",\"description\":\"La plus grande section du Barreau du Qu&eacute;bec\",\"potentialAction\":[{\"@type\":\"SearchAction\",\"target\":{\"@type\":\"EntryPoint\",\"urlTemplate\":\"https:\\\/\\\/www.barreaudemontreal.qc.ca\\\/en\\\/?s={search_term_string}\"},\"query-input\":{\"@type\":\"PropertyValueSpecification\",\"valueRequired\":true,\"valueName\":\"search_term_string\"}}],\"inLanguage\":\"en-US\"}]}<\/script>\n<!-- \/ Yoast SEO plugin. -->","yoast_head_json":{"title":"Liaison avec la Cour du Qu\u00e9bec, chambre de la jeunesse - Barreau de Montr&eacute;al","robots":{"index":"index","follow":"follow","max-snippet":"max-snippet:-1","max-image-preview":"max-image-preview:large","max-video-preview":"max-video-preview:-1"},"canonical":"https:\/\/www.barreaudemontreal.qc.ca\/en\/comites\/liaison-avec-la-cour-du-quebec-chambre-de-la-jeunesse\/","og_locale":"en_US","og_type":"article","og_title":"Liaison avec la Cour du Qu\u00e9bec, chambre de la jeunesse - Barreau de Montr&eacute;al","og_description":"MANDATLe comit\u00e9 fait le lien entre le Barreau de Montr\u00e9al et la chambre de la jeunesse de la Cour du Qu\u00e9bec. Par ce comit\u00e9, le Barreau de Montr\u00e9al s'int\u00e9resse de plus pr\u00e8s \u00e0 la cause du droit de la jeunesse. L'objectif principal du comit\u00e9 demeure l'am\u00e9lioration de la qualit\u00e9 des services rendus aux enfants, aux adolescents et aux parents, et \u00e0 tous justiciables de cette juridiction dans les domaines de l'adoption, de la protection de la jeunesse et de la justice p\u00e9nale pour les adolescents.","og_url":"https:\/\/www.barreaudemontreal.qc.ca\/en\/comites\/liaison-avec-la-cour-du-quebec-chambre-de-la-jeunesse\/","og_site_name":"Barreau de Montr&eacute;al","article_modified_time":"2025-08-11T20:55:57+00:00","twitter_card":"summary_large_image","twitter_misc":{"Est. reading time":"1 minute"},"schema":{"@context":"https:\/\/schema.org","@graph":[{"@type":"WebPage","@id":"https:\/\/www.barreaudemontreal.qc.ca\/en\/comites\/liaison-avec-la-cour-du-quebec-chambre-de-la-jeunesse\/","url":"https:\/\/www.barreaudemontreal.qc.ca\/en\/comites\/liaison-avec-la-cour-du-quebec-chambre-de-la-jeunesse\/","name":"Liaison avec la Cour du Qu\u00e9bec, chambre de la jeunesse - Barreau de Montr&eacute;al","isPartOf":{"@id":"https:\/\/www.barreaudemontreal.qc.ca\/en\/#website"},"datePublished":"2013-04-11T14:05:28+00:00","dateModified":"2025-08-11T20:55:57+00:00","breadcrumb":{"@id":"https:\/\/www.barreaudemontreal.qc.ca\/en\/comites\/liaison-avec-la-cour-du-quebec-chambre-de-la-jeunesse\/#breadcrumb"},"inLanguage":"en-US","potentialAction":[{"@type":"ReadAction","target":["https:\/\/www.barreaudemontreal.qc.ca\/en\/comites\/liaison-avec-la-cour-du-quebec-chambre-de-la-jeunesse\/"]}]},{"@type":"BreadcrumbList","@id":"https:\/\/www.barreaudemontreal.qc.ca\/en\/comites\/liaison-avec-la-cour-du-quebec-chambre-de-la-jeunesse\/#breadcrumb","itemListElement":[{"@type":"ListItem","position":1,"name":"Home","item":"https:\/\/www.barreaudemontreal.qc.ca\/en\/"},{"@type":"ListItem","position":2,"name":"Comit\u00e9s","item":"https:\/\/www.barreaudemontreal.qc.ca\/en\/comites\/"},{"@type":"ListItem","position":3,"name":"Liaison avec la Cour du Qu\u00e9bec, chambre de la jeunesse"}]},{"@type":"WebSite","@id":"https:\/\/www.barreaudemontreal.qc.ca\/en\/#website","url":"https:\/\/www.barreaudemontreal.qc.ca\/en\/","name":"Barreau de Montr&eacute;al","description":"La plus grande section du Barreau du Qu&eacute;bec","potentialAction":[{"@type":"SearchAction","target":{"@type":"EntryPoint","urlTemplate":"https:\/\/www.barreaudemontreal.qc.ca\/en\/?s={search_term_string}"},"query-input":{"@type":"PropertyValueSpecification","valueRequired":true,"valueName":"search_term_string"}}],"inLanguage":"en-US"}]}},"_links":{"self":[{"href":"https:\/\/www.barreaudemontreal.qc.ca\/en\/wp-json\/wp\/v2\/comites\/8559","targetHints":{"allow":["GET"]}}],"collection":[{"href":"https:\/\/www.barreaudemontreal.qc.ca\/en\/wp-json\/wp\/v2\/comites"}],"about":[{"href":"https:\/\/www.barreaudemontreal.qc.ca\/en\/wp-json\/wp\/v2\/types\/comites"}],"author":[{"embeddable":true,"href":"https:\/\/www.barreaudemontreal.qc.ca\/en\/wp-json\/wp\/v2\/users\/30"}],"version-history":[{"count":0,"href":"https:\/\/www.barreaudemontreal.qc.ca\/en\/wp-json\/wp\/v2\/comites\/8559\/revisions"}],"wp:attachment":[{"href":"https:\/\/www.barreaudemontreal.qc.ca\/en\/wp-json\/wp\/v2\/media?parent=8559"}],"wp:term":[{"taxonomy":"comites_category","embeddable":true,"href":"https:\/\/www.barreaudemontreal.qc.ca\/en\/wp-json\/wp\/v2\/comites_category?post=8559"}],"curies":[{"name":"wp","href":"https:\/\/api.w.org\/{rel}","templated":true}]}}

Liaison avec la Cour du Québec, chambre de la jeunesse

<p><strong>MANDAT</strong></p>



<p>Le comité fait le lien entre le Barreau de Montréal et la chambre de la jeunesse de la Cour du Québec. Par ce comité, le Barreau de Montréal s’intéresse de plus près à la cause du droit de la jeunesse. L’objectif principal du comité demeure l’amélioration de la qualité des services rendus aux enfants, aux adolescents et aux parents, et à tous justiciables de cette juridiction dans les domaines de l’adoption, de la protection de la jeunesse et de la justice pénale pour les adolescents.</p>



<p><strong>MEMBRES 2025-2026</strong></p>



<p><strong>Me Tiago Murias, </strong><em><strong>président</strong></em>, les honorables Robert Hamel (j.c.q.), Annie Savard (j.c.q.), Alexandre St-Onge (j.c.q.), Mes Younes Ameur, Ariane Gagnon, Gabriel Larose, Maïa Sureau, de même que les représentants de l’AAADJM, de l’Aide juridique, du DPCP, de la DPJ, des Services judiciaires et de la Cour du Québec.</p>

<!-- This site is optimized with the Yoast SEO plugin v27.4 - https://yoast.com/product/yoast-seo-wordpress/ -->
<title>Liaison avec la Cour du Québec, chambre de la jeunesse - Barreau de Montr&eacute;al</title>
<meta name="robots" content="index, follow, max-snippet:-1, max-image-preview:large, max-video-preview:-1" />
<link rel="canonical" href="https://www.barreaudemontreal.qc.ca/en/comites/liaison-avec-la-cour-du-quebec-chambre-de-la-jeunesse/" />
<meta property="og:locale" content="en_US" />
<meta property="og:type" content="article" />
<meta property="og:title" content="Liaison avec la Cour du Québec, chambre de la jeunesse - Barreau de Montr&eacute;al" />
<meta property="og:description" content="MANDATLe comité fait le lien entre le Barreau de Montréal et la chambre de la jeunesse de la Cour du Québec. Par ce comité, le Barreau de Montréal s&#039;intéresse de plus près à la cause du droit de la jeunesse. L&#039;objectif principal du comité demeure l&#039;amélioration de la qualité des services rendus aux enfants, aux adolescents et aux parents, et à tous justiciables de cette juridiction dans les domaines de l&#039;adoption, de la protection de la jeunesse et de la justice pénale pour les adolescents." />
<meta property="og:url" content="https://www.barreaudemontreal.qc.ca/en/comites/liaison-avec-la-cour-du-quebec-chambre-de-la-jeunesse/" />
<meta property="og:site_name" content="Barreau de Montr&eacute;al" />
<meta property="article:modified_time" content="2025-08-11T20:55:57+00:00" />
<meta name="twitter:card" content="summary_large_image" />
<meta name="twitter:label1" content="Est. reading time" />
	<meta name="twitter:data1" content="1 minute" />
<script type="application/ld+json" class="yoast-schema-graph">{"@context":"https:\/\/schema.org","@graph":[{"@type":"WebPage","@id":"https:\/\/www.barreaudemontreal.qc.ca\/en\/comites\/liaison-avec-la-cour-du-quebec-chambre-de-la-jeunesse\/","url":"https:\/\/www.barreaudemontreal.qc.ca\/en\/comites\/liaison-avec-la-cour-du-quebec-chambre-de-la-jeunesse\/","name":"Liaison avec la Cour du Québec, chambre de la jeunesse - Barreau de Montr&eacute;al","isPartOf":{"@id":"https:\/\/www.barreaudemontreal.qc.ca\/en\/#website"},"datePublished":"2013-04-11T14:05:28+00:00","dateModified":"2025-08-11T20:55:57+00:00","breadcrumb":{"@id":"https:\/\/www.barreaudemontreal.qc.ca\/en\/comites\/liaison-avec-la-cour-du-quebec-chambre-de-la-jeunesse\/#breadcrumb"},"inLanguage":"en-US","potentialAction":[{"@type":"ReadAction","target":["https:\/\/www.barreaudemontreal.qc.ca\/en\/comites\/liaison-avec-la-cour-du-quebec-chambre-de-la-jeunesse\/"]}]},{"@type":"BreadcrumbList","@id":"https:\/\/www.barreaudemontreal.qc.ca\/en\/comites\/liaison-avec-la-cour-du-quebec-chambre-de-la-jeunesse\/#breadcrumb","itemListElement":[{"@type":"ListItem","position":1,"name":"Home","item":"https:\/\/www.barreaudemontreal.qc.ca\/en\/"},{"@type":"ListItem","position":2,"name":"Comités","item":"https:\/\/www.barreaudemontreal.qc.ca\/en\/comites\/"},{"@type":"ListItem","position":3,"name":"Liaison avec la Cour du Québec, chambre de la jeunesse"}]},{"@type":"WebSite","@id":"https:\/\/www.barreaudemontreal.qc.ca\/en\/#website","url":"https:\/\/www.barreaudemontreal.qc.ca\/en\/","name":"Barreau de Montr&eacute;al","description":"La plus grande section du Barreau du Qu&eacute;bec","potentialAction":[{"@type":"SearchAction","target":{"@type":"EntryPoint","urlTemplate":"https:\/\/www.barreaudemontreal.qc.ca\/en\/?s={search_term_string}"},"query-input":{"@type":"PropertyValueSpecification","valueRequired":true,"valueName":"search_term_string"}}],"inLanguage":"en-US"}]}</script>
<!-- / Yoast SEO plugin. -->

Liaison avec la Cour du Québec, chambre de la jeunesse - Barreau de Montr&eacute;al

MANDATLe comité fait le lien entre le Barreau de Montréal et la chambre de la jeunesse de la Cour du Québec. Par ce comité, le Barreau de Montréal s'intéresse de plus près à la cause du droit de la jeunesse. L'objectif principal du comité demeure l'amélioration de la qualité des services rendus aux enfants, aux adolescents et aux parents, et à tous justiciables de cette juridiction dans les domaines de l'adoption, de la protection de la jeunesse et de la justice pénale pour les adolescents.

Comités
