{"id":8558,"date":"2013-04-25T14:02:13","date_gmt":"2013-04-25T14:02:13","guid":{"rendered":"http:\/\/barreau.stagingminimalmtl.com\/fr\/comite\/liaison-avec-la-cour-du-quebec-chambre-civile\/"},"modified":"2025-08-11T16:40:10","modified_gmt":"2025-08-11T20:40:10","slug":"liaison-avec-la-cour-du-quebec-chambre-civile","status":"publish","type":"comites","link":"https:\/\/www.barreaudemontreal.qc.ca\/en\/comites\/liaison-avec-la-cour-du-quebec-chambre-civile\/","title":{"rendered":"Liaison avec la Cour du Qu\u00e9bec, chambre civile"},"content":{"rendered":"\n<p><strong>MANDAT<\/strong><\/p>\n\n\n\n<p>Le mandat du comit\u00e9 est de faire la liaison entre les avocats du Barreau de Montr\u00e9al et les juges de la chambre civile de la Cour du Qu\u00e9bec, relativement \u00e0 toute question pouvant les int\u00e9resser, touchant la juridiction et les activit\u00e9s de cette Cour.<\/p>\n\n\n\n<p><strong>MEMBRES 2025-2026<\/strong><\/p>\n\n\n\n<p><strong>Me Francis Belhumeur<\/strong>,\u00a0<strong><em>pr\u00e9sident<\/em><\/strong>, les honorables Marie-Julie Croteau (j.c.q.), Dominique Gibbens (j.c.q.), Alexandre St-Onge (j.c.q.), Mes Sofie Buono, Alexandre Farag, Isabelle Gauthier, Camille Janvier-Langis, Sara Korhani, Brian Moulaison, Robin Schiller, ainsi que les repr\u00e9sentants de Revenu Qu\u00e9bec, de la Ville de Montr\u00e9al, de l\u2019Aide juridique, des Services judiciaires et de la Cour du Qu\u00e9bec.<\/p>\n","protected":false},"author":30,"featured_media":0,"template":"","meta":{"_acf_changed":false,"_editorskit_title_hidden":false,"_editorskit_reading_time":1,"_editorskit_is_block_options_detached":false,"_editorskit_block_options_position":"{}","inline_featured_image":false,"ngg_post_thumbnail":0,"footnotes":""},"comites_category":[],"class_list":["post-8558","comites","type-comites","status-publish","hentry"],"acf":[],"yoast_head":"<!-- This site is optimized with the Yoast SEO plugin v27.4 - https:\/\/yoast.com\/product\/yoast-seo-wordpress\/ -->\n<title>Liaison avec la Cour du Qu\u00e9bec, chambre civile - Barreau de Montr&eacute;al<\/title>\n<meta name=\"robots\" content=\"index, follow, max-snippet:-1, max-image-preview:large, max-video-preview:-1\" \/>\n<link rel=\"canonical\" href=\"https:\/\/www.barreaudemontreal.qc.ca\/en\/comites\/liaison-avec-la-cour-du-quebec-chambre-civile\/\" \/>\n<meta property=\"og:locale\" content=\"en_US\" \/>\n<meta property=\"og:type\" content=\"article\" \/>\n<meta property=\"og:title\" content=\"Liaison avec la Cour du Qu\u00e9bec, chambre civile - Barreau de Montr&eacute;al\" \/>\n<meta property=\"og:description\" content=\"MANDAT&nbsp;Le mandat du comit\u00e9 est de faire la liaison entre les avocats du Barreau de Montr\u00e9al et les juges de la chambre civile de la Cour du Qu\u00e9bec, relativement \u00e0 toute question pouvant les int\u00e9resser, touchant la juridiction et les activit\u00e9s de cette Cour.MEMBRES 2021-2022\" \/>\n<meta property=\"og:url\" content=\"https:\/\/www.barreaudemontreal.qc.ca\/en\/comites\/liaison-avec-la-cour-du-quebec-chambre-civile\/\" \/>\n<meta property=\"og:site_name\" content=\"Barreau de Montr&eacute;al\" \/>\n<meta property=\"article:modified_time\" content=\"2025-08-11T20:40:10+00:00\" \/>\n<meta name=\"twitter:card\" content=\"summary_large_image\" \/>\n<meta name=\"twitter:label1\" content=\"Est. reading time\" \/>\n\t<meta name=\"twitter:data1\" content=\"1 minute\" \/>\n<script type=\"application\/ld+json\" class=\"yoast-schema-graph\">{\"@context\":\"https:\\\/\\\/schema.org\",\"@graph\":[{\"@type\":\"WebPage\",\"@id\":\"https:\\\/\\\/www.barreaudemontreal.qc.ca\\\/en\\\/comites\\\/liaison-avec-la-cour-du-quebec-chambre-civile\\\/\",\"url\":\"https:\\\/\\\/www.barreaudemontreal.qc.ca\\\/en\\\/comites\\\/liaison-avec-la-cour-du-quebec-chambre-civile\\\/\",\"name\":\"Liaison avec la Cour du Qu\u00e9bec, chambre civile - Barreau de Montr&eacute;al\",\"isPartOf\":{\"@id\":\"https:\\\/\\\/www.barreaudemontreal.qc.ca\\\/en\\\/#website\"},\"datePublished\":\"2013-04-25T14:02:13+00:00\",\"dateModified\":\"2025-08-11T20:40:10+00:00\",\"breadcrumb\":{\"@id\":\"https:\\\/\\\/www.barreaudemontreal.qc.ca\\\/en\\\/comites\\\/liaison-avec-la-cour-du-quebec-chambre-civile\\\/#breadcrumb\"},\"inLanguage\":\"en-US\",\"potentialAction\":[{\"@type\":\"ReadAction\",\"target\":[\"https:\\\/\\\/www.barreaudemontreal.qc.ca\\\/en\\\/comites\\\/liaison-avec-la-cour-du-quebec-chambre-civile\\\/\"]}]},{\"@type\":\"BreadcrumbList\",\"@id\":\"https:\\\/\\\/www.barreaudemontreal.qc.ca\\\/en\\\/comites\\\/liaison-avec-la-cour-du-quebec-chambre-civile\\\/#breadcrumb\",\"itemListElement\":[{\"@type\":\"ListItem\",\"position\":1,\"name\":\"Home\",\"item\":\"https:\\\/\\\/www.barreaudemontreal.qc.ca\\\/en\\\/\"},{\"@type\":\"ListItem\",\"position\":2,\"name\":\"Comit\u00e9s\",\"item\":\"https:\\\/\\\/www.barreaudemontreal.qc.ca\\\/en\\\/comites\\\/\"},{\"@type\":\"ListItem\",\"position\":3,\"name\":\"Liaison avec la Cour du Qu\u00e9bec, chambre civile\"}]},{\"@type\":\"WebSite\",\"@id\":\"https:\\\/\\\/www.barreaudemontreal.qc.ca\\\/en\\\/#website\",\"url\":\"https:\\\/\\\/www.barreaudemontreal.qc.ca\\\/en\\\/\",\"name\":\"Barreau de Montr&eacute;al\",\"description\":\"La plus grande section du Barreau du Qu&eacute;bec\",\"potentialAction\":[{\"@type\":\"SearchAction\",\"target\":{\"@type\":\"EntryPoint\",\"urlTemplate\":\"https:\\\/\\\/www.barreaudemontreal.qc.ca\\\/en\\\/?s={search_term_string}\"},\"query-input\":{\"@type\":\"PropertyValueSpecification\",\"valueRequired\":true,\"valueName\":\"search_term_string\"}}],\"inLanguage\":\"en-US\"}]}<\/script>\n<!-- \/ Yoast SEO plugin. -->","yoast_head_json":{"title":"Liaison avec la Cour du Qu\u00e9bec, chambre civile - Barreau de Montr&eacute;al","robots":{"index":"index","follow":"follow","max-snippet":"max-snippet:-1","max-image-preview":"max-image-preview:large","max-video-preview":"max-video-preview:-1"},"canonical":"https:\/\/www.barreaudemontreal.qc.ca\/en\/comites\/liaison-avec-la-cour-du-quebec-chambre-civile\/","og_locale":"en_US","og_type":"article","og_title":"Liaison avec la Cour du Qu\u00e9bec, chambre civile - Barreau de Montr&eacute;al","og_description":"MANDAT&nbsp;Le mandat du comit\u00e9 est de faire la liaison entre les avocats du Barreau de Montr\u00e9al et les juges de la chambre civile de la Cour du Qu\u00e9bec, relativement \u00e0 toute question pouvant les int\u00e9resser, touchant la juridiction et les activit\u00e9s de cette Cour.MEMBRES 2021-2022","og_url":"https:\/\/www.barreaudemontreal.qc.ca\/en\/comites\/liaison-avec-la-cour-du-quebec-chambre-civile\/","og_site_name":"Barreau de Montr&eacute;al","article_modified_time":"2025-08-11T20:40:10+00:00","twitter_card":"summary_large_image","twitter_misc":{"Est. reading time":"1 minute"},"schema":{"@context":"https:\/\/schema.org","@graph":[{"@type":"WebPage","@id":"https:\/\/www.barreaudemontreal.qc.ca\/en\/comites\/liaison-avec-la-cour-du-quebec-chambre-civile\/","url":"https:\/\/www.barreaudemontreal.qc.ca\/en\/comites\/liaison-avec-la-cour-du-quebec-chambre-civile\/","name":"Liaison avec la Cour du Qu\u00e9bec, chambre civile - Barreau de Montr&eacute;al","isPartOf":{"@id":"https:\/\/www.barreaudemontreal.qc.ca\/en\/#website"},"datePublished":"2013-04-25T14:02:13+00:00","dateModified":"2025-08-11T20:40:10+00:00","breadcrumb":{"@id":"https:\/\/www.barreaudemontreal.qc.ca\/en\/comites\/liaison-avec-la-cour-du-quebec-chambre-civile\/#breadcrumb"},"inLanguage":"en-US","potentialAction":[{"@type":"ReadAction","target":["https:\/\/www.barreaudemontreal.qc.ca\/en\/comites\/liaison-avec-la-cour-du-quebec-chambre-civile\/"]}]},{"@type":"BreadcrumbList","@id":"https:\/\/www.barreaudemontreal.qc.ca\/en\/comites\/liaison-avec-la-cour-du-quebec-chambre-civile\/#breadcrumb","itemListElement":[{"@type":"ListItem","position":1,"name":"Home","item":"https:\/\/www.barreaudemontreal.qc.ca\/en\/"},{"@type":"ListItem","position":2,"name":"Comit\u00e9s","item":"https:\/\/www.barreaudemontreal.qc.ca\/en\/comites\/"},{"@type":"ListItem","position":3,"name":"Liaison avec la Cour du Qu\u00e9bec, chambre civile"}]},{"@type":"WebSite","@id":"https:\/\/www.barreaudemontreal.qc.ca\/en\/#website","url":"https:\/\/www.barreaudemontreal.qc.ca\/en\/","name":"Barreau de Montr&eacute;al","description":"La plus grande section du Barreau du Qu&eacute;bec","potentialAction":[{"@type":"SearchAction","target":{"@type":"EntryPoint","urlTemplate":"https:\/\/www.barreaudemontreal.qc.ca\/en\/?s={search_term_string}"},"query-input":{"@type":"PropertyValueSpecification","valueRequired":true,"valueName":"search_term_string"}}],"inLanguage":"en-US"}]}},"_links":{"self":[{"href":"https:\/\/www.barreaudemontreal.qc.ca\/en\/wp-json\/wp\/v2\/comites\/8558","targetHints":{"allow":["GET"]}}],"collection":[{"href":"https:\/\/www.barreaudemontreal.qc.ca\/en\/wp-json\/wp\/v2\/comites"}],"about":[{"href":"https:\/\/www.barreaudemontreal.qc.ca\/en\/wp-json\/wp\/v2\/types\/comites"}],"author":[{"embeddable":true,"href":"https:\/\/www.barreaudemontreal.qc.ca\/en\/wp-json\/wp\/v2\/users\/30"}],"version-history":[{"count":0,"href":"https:\/\/www.barreaudemontreal.qc.ca\/en\/wp-json\/wp\/v2\/comites\/8558\/revisions"}],"wp:attachment":[{"href":"https:\/\/www.barreaudemontreal.qc.ca\/en\/wp-json\/wp\/v2\/media?parent=8558"}],"wp:term":[{"taxonomy":"comites_category","embeddable":true,"href":"https:\/\/www.barreaudemontreal.qc.ca\/en\/wp-json\/wp\/v2\/comites_category?post=8558"}],"curies":[{"name":"wp","href":"https:\/\/api.w.org\/{rel}","templated":true}]}}

Liaison avec la Cour du Québec, chambre civile

<p><strong>MANDAT</strong></p>



<p>Le mandat du comité est de faire la liaison entre les avocats du Barreau de Montréal et les juges de la chambre civile de la Cour du Québec, relativement à toute question pouvant les intéresser, touchant la juridiction et les activités de cette Cour.</p>



<p><strong>MEMBRES 2025-2026</strong></p>



<p><strong>Me Francis Belhumeur</strong>, <strong><em>président</em></strong>, les honorables Marie-Julie Croteau (j.c.q.), Dominique Gibbens (j.c.q.), Alexandre St-Onge (j.c.q.), Mes Sofie Buono, Alexandre Farag, Isabelle Gauthier, Camille Janvier-Langis, Sara Korhani, Brian Moulaison, Robin Schiller, ainsi que les représentants de Revenu Québec, de la Ville de Montréal, de l’Aide juridique, des Services judiciaires et de la Cour du Québec.</p>

<!-- This site is optimized with the Yoast SEO plugin v27.4 - https://yoast.com/product/yoast-seo-wordpress/ -->
<title>Liaison avec la Cour du Québec, chambre civile - Barreau de Montr&eacute;al</title>
<meta name="robots" content="index, follow, max-snippet:-1, max-image-preview:large, max-video-preview:-1" />
<link rel="canonical" href="https://www.barreaudemontreal.qc.ca/en/comites/liaison-avec-la-cour-du-quebec-chambre-civile/" />
<meta property="og:locale" content="en_US" />
<meta property="og:type" content="article" />
<meta property="og:title" content="Liaison avec la Cour du Québec, chambre civile - Barreau de Montr&eacute;al" />
<meta property="og:description" content="MANDAT&nbsp;Le mandat du comité est de faire la liaison entre les avocats du Barreau de Montréal et les juges de la chambre civile de la Cour du Québec, relativement à toute question pouvant les intéresser, touchant la juridiction et les activités de cette Cour.MEMBRES 2021-2022" />
<meta property="og:url" content="https://www.barreaudemontreal.qc.ca/en/comites/liaison-avec-la-cour-du-quebec-chambre-civile/" />
<meta property="og:site_name" content="Barreau de Montr&eacute;al" />
<meta property="article:modified_time" content="2025-08-11T20:40:10+00:00" />
<meta name="twitter:card" content="summary_large_image" />
<meta name="twitter:label1" content="Est. reading time" />
	<meta name="twitter:data1" content="1 minute" />
<script type="application/ld+json" class="yoast-schema-graph">{"@context":"https:\/\/schema.org","@graph":[{"@type":"WebPage","@id":"https:\/\/www.barreaudemontreal.qc.ca\/en\/comites\/liaison-avec-la-cour-du-quebec-chambre-civile\/","url":"https:\/\/www.barreaudemontreal.qc.ca\/en\/comites\/liaison-avec-la-cour-du-quebec-chambre-civile\/","name":"Liaison avec la Cour du Québec, chambre civile - Barreau de Montr&eacute;al","isPartOf":{"@id":"https:\/\/www.barreaudemontreal.qc.ca\/en\/#website"},"datePublished":"2013-04-25T14:02:13+00:00","dateModified":"2025-08-11T20:40:10+00:00","breadcrumb":{"@id":"https:\/\/www.barreaudemontreal.qc.ca\/en\/comites\/liaison-avec-la-cour-du-quebec-chambre-civile\/#breadcrumb"},"inLanguage":"en-US","potentialAction":[{"@type":"ReadAction","target":["https:\/\/www.barreaudemontreal.qc.ca\/en\/comites\/liaison-avec-la-cour-du-quebec-chambre-civile\/"]}]},{"@type":"BreadcrumbList","@id":"https:\/\/www.barreaudemontreal.qc.ca\/en\/comites\/liaison-avec-la-cour-du-quebec-chambre-civile\/#breadcrumb","itemListElement":[{"@type":"ListItem","position":1,"name":"Home","item":"https:\/\/www.barreaudemontreal.qc.ca\/en\/"},{"@type":"ListItem","position":2,"name":"Comités","item":"https:\/\/www.barreaudemontreal.qc.ca\/en\/comites\/"},{"@type":"ListItem","position":3,"name":"Liaison avec la Cour du Québec, chambre civile"}]},{"@type":"WebSite","@id":"https:\/\/www.barreaudemontreal.qc.ca\/en\/#website","url":"https:\/\/www.barreaudemontreal.qc.ca\/en\/","name":"Barreau de Montr&eacute;al","description":"La plus grande section du Barreau du Qu&eacute;bec","potentialAction":[{"@type":"SearchAction","target":{"@type":"EntryPoint","urlTemplate":"https:\/\/www.barreaudemontreal.qc.ca\/en\/?s={search_term_string}"},"query-input":{"@type":"PropertyValueSpecification","valueRequired":true,"valueName":"search_term_string"}}],"inLanguage":"en-US"}]}</script>
<!-- / Yoast SEO plugin. -->

Liaison avec la Cour du Québec, chambre civile - Barreau de Montr&eacute;al

MANDAT&nbsp;Le mandat du comité est de faire la liaison entre les avocats du Barreau de Montréal et les juges de la chambre civile de la Cour du Québec, relativement à toute question pouvant les intéresser, touchant la juridiction et les activités de cette Cour.MEMBRES 2021-2022

Comités
