{"id":8554,"date":"2013-04-11T14:01:02","date_gmt":"2013-04-11T14:01:02","guid":{"rendered":"http:\/\/barreau.stagingminimalmtl.com\/fr\/comite\/liaison-avec-la-conference-des-arbitres-du-quebec\/"},"modified":"2025-08-11T16:35:08","modified_gmt":"2025-08-11T20:35:08","slug":"liaison-avec-la-conference-des-arbitres-du-quebec","status":"publish","type":"comites","link":"https:\/\/www.barreaudemontreal.qc.ca\/en\/comites\/liaison-avec-la-conference-des-arbitres-du-quebec\/","title":{"rendered":"Liaison avec la Conf\u00e9rence des arbitres du Qu\u00e9bec"},"content":{"rendered":"\n<p><strong>MANDAT<\/strong><span class=\"cont_txt_noir\">&nbsp;<\/span><\/p>\n\n\n\n<p>Ce comit\u00e9 a pour objectif de cr\u00e9er un espace d\u2019\u00e9changes informels entre les membres du Barreau de Montr\u00e9al et la Conf\u00e9rence des arbitres du Qu\u00e9bec, afin de discuter de questions pratiques susceptibles de faciliter leur travail devant les tribunaux d\u2019arbitrage.<\/p>\n\n\n\n<p><strong>MEMBRES 2025-2026<\/strong><\/p>\n\n\n\n<p><strong>Me Marjorie Langlois<\/strong>,<em>\u00a0pr\u00e9sidente<\/em>, Mes Sibel Ataogul, Pierre-Alexandre Clermont, Gr\u00e9goire Deniger, Isabelle Gosselin, Maude Grenier, M\u00e9lanie Grenier, Anna Jankowska, F\u00e9lix Martineau, Jeremy Perron ainsi que les repr\u00e9sentants de la Conf\u00e9rence des arbitres.<\/p>\n","protected":false},"author":30,"featured_media":0,"template":"","meta":{"_acf_changed":false,"_editorskit_title_hidden":false,"_editorskit_reading_time":1,"_editorskit_is_block_options_detached":false,"_editorskit_block_options_position":"{}","inline_featured_image":false,"ngg_post_thumbnail":0,"footnotes":""},"comites_category":[],"class_list":["post-8554","comites","type-comites","status-publish","hentry"],"acf":[],"yoast_head":"<!-- This site is optimized with the Yoast SEO plugin v27.4 - https:\/\/yoast.com\/product\/yoast-seo-wordpress\/ -->\n<title>Liaison avec la Conf\u00e9rence des arbitres du Qu\u00e9bec - Barreau de Montr&eacute;al<\/title>\n<meta name=\"robots\" content=\"index, follow, max-snippet:-1, max-image-preview:large, max-video-preview:-1\" \/>\n<link rel=\"canonical\" href=\"https:\/\/www.barreaudemontreal.qc.ca\/en\/comites\/liaison-avec-la-conference-des-arbitres-du-quebec\/\" \/>\n<meta property=\"og:locale\" content=\"en_US\" \/>\n<meta property=\"og:type\" content=\"article\" \/>\n<meta property=\"og:title\" content=\"Liaison avec la Conf\u00e9rence des arbitres du Qu\u00e9bec - Barreau de Montr&eacute;al\" \/>\n<meta property=\"og:description\" content=\"MANDAT&nbsp;Le but de ce comit\u00e9 est de cr\u00e9er un lieu d&#039;\u00e9changes informels entre les membres du Barreau de Montr\u00e9al et la Conf\u00e9rence des arbitres du Qu\u00e9bec sur des questions pratiques susceptibles de faciliter leur travail devant les tribunaux d&#039;arbitrage.MEMBRES 2021-2022\" \/>\n<meta property=\"og:url\" content=\"https:\/\/www.barreaudemontreal.qc.ca\/en\/comites\/liaison-avec-la-conference-des-arbitres-du-quebec\/\" \/>\n<meta property=\"og:site_name\" content=\"Barreau de Montr&eacute;al\" \/>\n<meta property=\"article:modified_time\" content=\"2025-08-11T20:35:08+00:00\" \/>\n<meta name=\"twitter:card\" content=\"summary_large_image\" \/>\n<meta name=\"twitter:label1\" content=\"Est. reading time\" \/>\n\t<meta name=\"twitter:data1\" content=\"1 minute\" \/>\n<script type=\"application\/ld+json\" class=\"yoast-schema-graph\">{\"@context\":\"https:\\\/\\\/schema.org\",\"@graph\":[{\"@type\":\"WebPage\",\"@id\":\"https:\\\/\\\/www.barreaudemontreal.qc.ca\\\/en\\\/comites\\\/liaison-avec-la-conference-des-arbitres-du-quebec\\\/\",\"url\":\"https:\\\/\\\/www.barreaudemontreal.qc.ca\\\/en\\\/comites\\\/liaison-avec-la-conference-des-arbitres-du-quebec\\\/\",\"name\":\"Liaison avec la Conf\u00e9rence des arbitres du Qu\u00e9bec - Barreau de Montr&eacute;al\",\"isPartOf\":{\"@id\":\"https:\\\/\\\/www.barreaudemontreal.qc.ca\\\/en\\\/#website\"},\"datePublished\":\"2013-04-11T14:01:02+00:00\",\"dateModified\":\"2025-08-11T20:35:08+00:00\",\"breadcrumb\":{\"@id\":\"https:\\\/\\\/www.barreaudemontreal.qc.ca\\\/en\\\/comites\\\/liaison-avec-la-conference-des-arbitres-du-quebec\\\/#breadcrumb\"},\"inLanguage\":\"en-US\",\"potentialAction\":[{\"@type\":\"ReadAction\",\"target\":[\"https:\\\/\\\/www.barreaudemontreal.qc.ca\\\/en\\\/comites\\\/liaison-avec-la-conference-des-arbitres-du-quebec\\\/\"]}]},{\"@type\":\"BreadcrumbList\",\"@id\":\"https:\\\/\\\/www.barreaudemontreal.qc.ca\\\/en\\\/comites\\\/liaison-avec-la-conference-des-arbitres-du-quebec\\\/#breadcrumb\",\"itemListElement\":[{\"@type\":\"ListItem\",\"position\":1,\"name\":\"Home\",\"item\":\"https:\\\/\\\/www.barreaudemontreal.qc.ca\\\/en\\\/\"},{\"@type\":\"ListItem\",\"position\":2,\"name\":\"Comit\u00e9s\",\"item\":\"https:\\\/\\\/www.barreaudemontreal.qc.ca\\\/en\\\/comites\\\/\"},{\"@type\":\"ListItem\",\"position\":3,\"name\":\"Liaison avec la Conf\u00e9rence des arbitres du Qu\u00e9bec\"}]},{\"@type\":\"WebSite\",\"@id\":\"https:\\\/\\\/www.barreaudemontreal.qc.ca\\\/en\\\/#website\",\"url\":\"https:\\\/\\\/www.barreaudemontreal.qc.ca\\\/en\\\/\",\"name\":\"Barreau de Montr&eacute;al\",\"description\":\"La plus grande section du Barreau du Qu&eacute;bec\",\"potentialAction\":[{\"@type\":\"SearchAction\",\"target\":{\"@type\":\"EntryPoint\",\"urlTemplate\":\"https:\\\/\\\/www.barreaudemontreal.qc.ca\\\/en\\\/?s={search_term_string}\"},\"query-input\":{\"@type\":\"PropertyValueSpecification\",\"valueRequired\":true,\"valueName\":\"search_term_string\"}}],\"inLanguage\":\"en-US\"}]}<\/script>\n<!-- \/ Yoast SEO plugin. -->","yoast_head_json":{"title":"Liaison avec la Conf\u00e9rence des arbitres du Qu\u00e9bec - Barreau de Montr&eacute;al","robots":{"index":"index","follow":"follow","max-snippet":"max-snippet:-1","max-image-preview":"max-image-preview:large","max-video-preview":"max-video-preview:-1"},"canonical":"https:\/\/www.barreaudemontreal.qc.ca\/en\/comites\/liaison-avec-la-conference-des-arbitres-du-quebec\/","og_locale":"en_US","og_type":"article","og_title":"Liaison avec la Conf\u00e9rence des arbitres du Qu\u00e9bec - Barreau de Montr&eacute;al","og_description":"MANDAT&nbsp;Le but de ce comit\u00e9 est de cr\u00e9er un lieu d'\u00e9changes informels entre les membres du Barreau de Montr\u00e9al et la Conf\u00e9rence des arbitres du Qu\u00e9bec sur des questions pratiques susceptibles de faciliter leur travail devant les tribunaux d'arbitrage.MEMBRES 2021-2022","og_url":"https:\/\/www.barreaudemontreal.qc.ca\/en\/comites\/liaison-avec-la-conference-des-arbitres-du-quebec\/","og_site_name":"Barreau de Montr&eacute;al","article_modified_time":"2025-08-11T20:35:08+00:00","twitter_card":"summary_large_image","twitter_misc":{"Est. reading time":"1 minute"},"schema":{"@context":"https:\/\/schema.org","@graph":[{"@type":"WebPage","@id":"https:\/\/www.barreaudemontreal.qc.ca\/en\/comites\/liaison-avec-la-conference-des-arbitres-du-quebec\/","url":"https:\/\/www.barreaudemontreal.qc.ca\/en\/comites\/liaison-avec-la-conference-des-arbitres-du-quebec\/","name":"Liaison avec la Conf\u00e9rence des arbitres du Qu\u00e9bec - Barreau de Montr&eacute;al","isPartOf":{"@id":"https:\/\/www.barreaudemontreal.qc.ca\/en\/#website"},"datePublished":"2013-04-11T14:01:02+00:00","dateModified":"2025-08-11T20:35:08+00:00","breadcrumb":{"@id":"https:\/\/www.barreaudemontreal.qc.ca\/en\/comites\/liaison-avec-la-conference-des-arbitres-du-quebec\/#breadcrumb"},"inLanguage":"en-US","potentialAction":[{"@type":"ReadAction","target":["https:\/\/www.barreaudemontreal.qc.ca\/en\/comites\/liaison-avec-la-conference-des-arbitres-du-quebec\/"]}]},{"@type":"BreadcrumbList","@id":"https:\/\/www.barreaudemontreal.qc.ca\/en\/comites\/liaison-avec-la-conference-des-arbitres-du-quebec\/#breadcrumb","itemListElement":[{"@type":"ListItem","position":1,"name":"Home","item":"https:\/\/www.barreaudemontreal.qc.ca\/en\/"},{"@type":"ListItem","position":2,"name":"Comit\u00e9s","item":"https:\/\/www.barreaudemontreal.qc.ca\/en\/comites\/"},{"@type":"ListItem","position":3,"name":"Liaison avec la Conf\u00e9rence des arbitres du Qu\u00e9bec"}]},{"@type":"WebSite","@id":"https:\/\/www.barreaudemontreal.qc.ca\/en\/#website","url":"https:\/\/www.barreaudemontreal.qc.ca\/en\/","name":"Barreau de Montr&eacute;al","description":"La plus grande section du Barreau du Qu&eacute;bec","potentialAction":[{"@type":"SearchAction","target":{"@type":"EntryPoint","urlTemplate":"https:\/\/www.barreaudemontreal.qc.ca\/en\/?s={search_term_string}"},"query-input":{"@type":"PropertyValueSpecification","valueRequired":true,"valueName":"search_term_string"}}],"inLanguage":"en-US"}]}},"_links":{"self":[{"href":"https:\/\/www.barreaudemontreal.qc.ca\/en\/wp-json\/wp\/v2\/comites\/8554","targetHints":{"allow":["GET"]}}],"collection":[{"href":"https:\/\/www.barreaudemontreal.qc.ca\/en\/wp-json\/wp\/v2\/comites"}],"about":[{"href":"https:\/\/www.barreaudemontreal.qc.ca\/en\/wp-json\/wp\/v2\/types\/comites"}],"author":[{"embeddable":true,"href":"https:\/\/www.barreaudemontreal.qc.ca\/en\/wp-json\/wp\/v2\/users\/30"}],"version-history":[{"count":0,"href":"https:\/\/www.barreaudemontreal.qc.ca\/en\/wp-json\/wp\/v2\/comites\/8554\/revisions"}],"wp:attachment":[{"href":"https:\/\/www.barreaudemontreal.qc.ca\/en\/wp-json\/wp\/v2\/media?parent=8554"}],"wp:term":[{"taxonomy":"comites_category","embeddable":true,"href":"https:\/\/www.barreaudemontreal.qc.ca\/en\/wp-json\/wp\/v2\/comites_category?post=8554"}],"curies":[{"name":"wp","href":"https:\/\/api.w.org\/{rel}","templated":true}]}}

Liaison avec la Conférence des arbitres du Québec

<p><strong>MANDAT</strong><span class="cont_txt_noir">&nbsp;</span></p>



<p>Ce comité a pour objectif de créer un espace d’échanges informels entre les membres du Barreau de Montréal et la Conférence des arbitres du Québec, afin de discuter de questions pratiques susceptibles de faciliter leur travail devant les tribunaux d’arbitrage.</p>



<p><strong>MEMBRES 2025-2026</strong></p>



<p><strong>Me Marjorie Langlois</strong>,<em> présidente</em>, Mes Sibel Ataogul, Pierre-Alexandre Clermont, Grégoire Deniger, Isabelle Gosselin, Maude Grenier, Mélanie Grenier, Anna Jankowska, Félix Martineau, Jeremy Perron ainsi que les représentants de la Conférence des arbitres.</p>

<!-- This site is optimized with the Yoast SEO plugin v27.4 - https://yoast.com/product/yoast-seo-wordpress/ -->
<title>Liaison avec la Conférence des arbitres du Québec - Barreau de Montr&eacute;al</title>
<meta name="robots" content="index, follow, max-snippet:-1, max-image-preview:large, max-video-preview:-1" />
<link rel="canonical" href="https://www.barreaudemontreal.qc.ca/en/comites/liaison-avec-la-conference-des-arbitres-du-quebec/" />
<meta property="og:locale" content="en_US" />
<meta property="og:type" content="article" />
<meta property="og:title" content="Liaison avec la Conférence des arbitres du Québec - Barreau de Montr&eacute;al" />
<meta property="og:description" content="MANDAT&nbsp;Le but de ce comité est de créer un lieu d&#039;échanges informels entre les membres du Barreau de Montréal et la Conférence des arbitres du Québec sur des questions pratiques susceptibles de faciliter leur travail devant les tribunaux d&#039;arbitrage.MEMBRES 2021-2022" />
<meta property="og:url" content="https://www.barreaudemontreal.qc.ca/en/comites/liaison-avec-la-conference-des-arbitres-du-quebec/" />
<meta property="og:site_name" content="Barreau de Montr&eacute;al" />
<meta property="article:modified_time" content="2025-08-11T20:35:08+00:00" />
<meta name="twitter:card" content="summary_large_image" />
<meta name="twitter:label1" content="Est. reading time" />
	<meta name="twitter:data1" content="1 minute" />
<script type="application/ld+json" class="yoast-schema-graph">{"@context":"https:\/\/schema.org","@graph":[{"@type":"WebPage","@id":"https:\/\/www.barreaudemontreal.qc.ca\/en\/comites\/liaison-avec-la-conference-des-arbitres-du-quebec\/","url":"https:\/\/www.barreaudemontreal.qc.ca\/en\/comites\/liaison-avec-la-conference-des-arbitres-du-quebec\/","name":"Liaison avec la Conférence des arbitres du Québec - Barreau de Montr&eacute;al","isPartOf":{"@id":"https:\/\/www.barreaudemontreal.qc.ca\/en\/#website"},"datePublished":"2013-04-11T14:01:02+00:00","dateModified":"2025-08-11T20:35:08+00:00","breadcrumb":{"@id":"https:\/\/www.barreaudemontreal.qc.ca\/en\/comites\/liaison-avec-la-conference-des-arbitres-du-quebec\/#breadcrumb"},"inLanguage":"en-US","potentialAction":[{"@type":"ReadAction","target":["https:\/\/www.barreaudemontreal.qc.ca\/en\/comites\/liaison-avec-la-conference-des-arbitres-du-quebec\/"]}]},{"@type":"BreadcrumbList","@id":"https:\/\/www.barreaudemontreal.qc.ca\/en\/comites\/liaison-avec-la-conference-des-arbitres-du-quebec\/#breadcrumb","itemListElement":[{"@type":"ListItem","position":1,"name":"Home","item":"https:\/\/www.barreaudemontreal.qc.ca\/en\/"},{"@type":"ListItem","position":2,"name":"Comités","item":"https:\/\/www.barreaudemontreal.qc.ca\/en\/comites\/"},{"@type":"ListItem","position":3,"name":"Liaison avec la Conférence des arbitres du Québec"}]},{"@type":"WebSite","@id":"https:\/\/www.barreaudemontreal.qc.ca\/en\/#website","url":"https:\/\/www.barreaudemontreal.qc.ca\/en\/","name":"Barreau de Montr&eacute;al","description":"La plus grande section du Barreau du Qu&eacute;bec","potentialAction":[{"@type":"SearchAction","target":{"@type":"EntryPoint","urlTemplate":"https:\/\/www.barreaudemontreal.qc.ca\/en\/?s={search_term_string}"},"query-input":{"@type":"PropertyValueSpecification","valueRequired":true,"valueName":"search_term_string"}}],"inLanguage":"en-US"}]}</script>
<!-- / Yoast SEO plugin. -->

Liaison avec la Conférence des arbitres du Québec - Barreau de Montr&eacute;al

MANDAT&nbsp;Le but de ce comité est de créer un lieu d'échanges informels entre les membres du Barreau de Montréal et la Conférence des arbitres du Québec sur des questions pratiques susceptibles de faciliter leur travail devant les tribunaux d'arbitrage.MEMBRES 2021-2022

Comités
