{"id":8534,"date":"2013-04-27T15:36:00","date_gmt":"2013-04-27T19:36:00","guid":{"rendered":"http:\/\/barreau.stagingminimalmtl.com\/fr\/comite\/administration-de-la-justice-en-matiere-criminelle\/"},"modified":"2025-08-10T21:14:46","modified_gmt":"2025-08-11T01:14:46","slug":"administration-de-la-justice-en-matiere-criminelle","status":"publish","type":"comites","link":"https:\/\/www.barreaudemontreal.qc.ca\/en\/comites\/administration-de-la-justice-en-matiere-criminelle\/","title":{"rendered":"Administration de la justice en mati\u00e8re criminelle"},"content":{"rendered":"\n<p><strong>MANDAT<\/strong><\/p>\n\n\n\n<p>Le comit\u00e9 sur l\u2019administration de la justice en mati\u00e8re criminelle maintient le lien essentiel entre le Barreau, ses membres, la Cour du Qu\u00e9bec et la Cour sup\u00e9rieure. Son mandat consiste \u00e0 identifier, d\u00e9battre et, si n\u00e9cessaire, r\u00e9soudre les difficult\u00e9s auxquelles sont souvent confront\u00e9s les nombreux intervenants de l\u2019administration de la justice criminelle dans le district judiciaire de Montr\u00e9al.<\/p>\n\n\n\n<p><strong>MEMBRES 2025-2026<\/strong><\/p>\n\n\n\n<p><strong>Me Isabeau Morrissette<\/strong>,<strong>\u00a0<em>pr\u00e9sidente<\/em><\/strong>, Mes\u00a0Sean Sebastian Cameron, Simon C. Chartier, ainsi que les repr\u00e9sentants de la Cour sup\u00e9rieure, de la Cour du Qu\u00e9bec, de la Cour municipale, de Pinel, de Revenu Qu\u00e9bec, de l\u2019AADM, de l\u2019Aide juridique, de l\u2019Autorit\u00e9 des march\u00e9s financiers, du Directeur des poursuites criminelles et p\u00e9nale, du Minist\u00e8re de la S\u00e9curit\u00e9 publique, du Service de police de la Ville de Montr\u00e9al, du Service des poursuites p\u00e9nales du Canada, des Services judiciaires, de la Suret\u00e9 du Qu\u00e9bec et de la Ville de Montr\u00e9al.<\/p>\n","protected":false},"author":30,"featured_media":0,"template":"","meta":{"_acf_changed":false,"_editorskit_title_hidden":false,"_editorskit_reading_time":1,"_editorskit_is_block_options_detached":false,"_editorskit_block_options_position":"{}","inline_featured_image":false,"ngg_post_thumbnail":0,"footnotes":""},"comites_category":[],"class_list":["post-8534","comites","type-comites","status-publish","hentry"],"acf":[],"yoast_head":"<!-- This site is optimized with the Yoast SEO plugin v27.4 - https:\/\/yoast.com\/product\/yoast-seo-wordpress\/ -->\n<title>Administration de la justice en mati\u00e8re criminelle - Barreau de Montr&eacute;al<\/title>\n<meta name=\"robots\" content=\"index, follow, max-snippet:-1, max-image-preview:large, max-video-preview:-1\" \/>\n<link rel=\"canonical\" href=\"https:\/\/www.barreaudemontreal.qc.ca\/en\/comites\/administration-de-la-justice-en-matiere-criminelle\/\" \/>\n<meta property=\"og:locale\" content=\"en_US\" \/>\n<meta property=\"og:type\" content=\"article\" \/>\n<meta property=\"og:title\" content=\"Administration de la justice en mati\u00e8re criminelle - Barreau de Montr&eacute;al\" \/>\n<meta property=\"og:description\" content=\"MANDAT\" \/>\n<meta property=\"og:url\" content=\"https:\/\/www.barreaudemontreal.qc.ca\/en\/comites\/administration-de-la-justice-en-matiere-criminelle\/\" \/>\n<meta property=\"og:site_name\" content=\"Barreau de Montr&eacute;al\" \/>\n<meta property=\"article:modified_time\" content=\"2025-08-11T01:14:46+00:00\" \/>\n<meta name=\"twitter:card\" content=\"summary_large_image\" \/>\n<meta name=\"twitter:label1\" content=\"Est. reading time\" \/>\n\t<meta name=\"twitter:data1\" content=\"1 minute\" \/>\n<script type=\"application\/ld+json\" class=\"yoast-schema-graph\">{\"@context\":\"https:\\\/\\\/schema.org\",\"@graph\":[{\"@type\":\"WebPage\",\"@id\":\"https:\\\/\\\/www.barreaudemontreal.qc.ca\\\/en\\\/comites\\\/administration-de-la-justice-en-matiere-criminelle\\\/\",\"url\":\"https:\\\/\\\/www.barreaudemontreal.qc.ca\\\/en\\\/comites\\\/administration-de-la-justice-en-matiere-criminelle\\\/\",\"name\":\"Administration de la justice en mati\u00e8re criminelle - Barreau de Montr&eacute;al\",\"isPartOf\":{\"@id\":\"https:\\\/\\\/www.barreaudemontreal.qc.ca\\\/en\\\/#website\"},\"datePublished\":\"2013-04-27T19:36:00+00:00\",\"dateModified\":\"2025-08-11T01:14:46+00:00\",\"breadcrumb\":{\"@id\":\"https:\\\/\\\/www.barreaudemontreal.qc.ca\\\/en\\\/comites\\\/administration-de-la-justice-en-matiere-criminelle\\\/#breadcrumb\"},\"inLanguage\":\"en-US\",\"potentialAction\":[{\"@type\":\"ReadAction\",\"target\":[\"https:\\\/\\\/www.barreaudemontreal.qc.ca\\\/en\\\/comites\\\/administration-de-la-justice-en-matiere-criminelle\\\/\"]}]},{\"@type\":\"BreadcrumbList\",\"@id\":\"https:\\\/\\\/www.barreaudemontreal.qc.ca\\\/en\\\/comites\\\/administration-de-la-justice-en-matiere-criminelle\\\/#breadcrumb\",\"itemListElement\":[{\"@type\":\"ListItem\",\"position\":1,\"name\":\"Home\",\"item\":\"https:\\\/\\\/www.barreaudemontreal.qc.ca\\\/en\\\/\"},{\"@type\":\"ListItem\",\"position\":2,\"name\":\"Comit\u00e9s\",\"item\":\"https:\\\/\\\/www.barreaudemontreal.qc.ca\\\/en\\\/comites\\\/\"},{\"@type\":\"ListItem\",\"position\":3,\"name\":\"Administration de la justice en mati\u00e8re criminelle\"}]},{\"@type\":\"WebSite\",\"@id\":\"https:\\\/\\\/www.barreaudemontreal.qc.ca\\\/en\\\/#website\",\"url\":\"https:\\\/\\\/www.barreaudemontreal.qc.ca\\\/en\\\/\",\"name\":\"Barreau de Montr&eacute;al\",\"description\":\"La plus grande section du Barreau du Qu&eacute;bec\",\"potentialAction\":[{\"@type\":\"SearchAction\",\"target\":{\"@type\":\"EntryPoint\",\"urlTemplate\":\"https:\\\/\\\/www.barreaudemontreal.qc.ca\\\/en\\\/?s={search_term_string}\"},\"query-input\":{\"@type\":\"PropertyValueSpecification\",\"valueRequired\":true,\"valueName\":\"search_term_string\"}}],\"inLanguage\":\"en-US\"}]}<\/script>\n<!-- \/ Yoast SEO plugin. -->","yoast_head_json":{"title":"Administration de la justice en mati\u00e8re criminelle - Barreau de Montr&eacute;al","robots":{"index":"index","follow":"follow","max-snippet":"max-snippet:-1","max-image-preview":"max-image-preview:large","max-video-preview":"max-video-preview:-1"},"canonical":"https:\/\/www.barreaudemontreal.qc.ca\/en\/comites\/administration-de-la-justice-en-matiere-criminelle\/","og_locale":"en_US","og_type":"article","og_title":"Administration de la justice en mati\u00e8re criminelle - Barreau de Montr&eacute;al","og_description":"MANDAT","og_url":"https:\/\/www.barreaudemontreal.qc.ca\/en\/comites\/administration-de-la-justice-en-matiere-criminelle\/","og_site_name":"Barreau de Montr&eacute;al","article_modified_time":"2025-08-11T01:14:46+00:00","twitter_card":"summary_large_image","twitter_misc":{"Est. reading time":"1 minute"},"schema":{"@context":"https:\/\/schema.org","@graph":[{"@type":"WebPage","@id":"https:\/\/www.barreaudemontreal.qc.ca\/en\/comites\/administration-de-la-justice-en-matiere-criminelle\/","url":"https:\/\/www.barreaudemontreal.qc.ca\/en\/comites\/administration-de-la-justice-en-matiere-criminelle\/","name":"Administration de la justice en mati\u00e8re criminelle - Barreau de Montr&eacute;al","isPartOf":{"@id":"https:\/\/www.barreaudemontreal.qc.ca\/en\/#website"},"datePublished":"2013-04-27T19:36:00+00:00","dateModified":"2025-08-11T01:14:46+00:00","breadcrumb":{"@id":"https:\/\/www.barreaudemontreal.qc.ca\/en\/comites\/administration-de-la-justice-en-matiere-criminelle\/#breadcrumb"},"inLanguage":"en-US","potentialAction":[{"@type":"ReadAction","target":["https:\/\/www.barreaudemontreal.qc.ca\/en\/comites\/administration-de-la-justice-en-matiere-criminelle\/"]}]},{"@type":"BreadcrumbList","@id":"https:\/\/www.barreaudemontreal.qc.ca\/en\/comites\/administration-de-la-justice-en-matiere-criminelle\/#breadcrumb","itemListElement":[{"@type":"ListItem","position":1,"name":"Home","item":"https:\/\/www.barreaudemontreal.qc.ca\/en\/"},{"@type":"ListItem","position":2,"name":"Comit\u00e9s","item":"https:\/\/www.barreaudemontreal.qc.ca\/en\/comites\/"},{"@type":"ListItem","position":3,"name":"Administration de la justice en mati\u00e8re criminelle"}]},{"@type":"WebSite","@id":"https:\/\/www.barreaudemontreal.qc.ca\/en\/#website","url":"https:\/\/www.barreaudemontreal.qc.ca\/en\/","name":"Barreau de Montr&eacute;al","description":"La plus grande section du Barreau du Qu&eacute;bec","potentialAction":[{"@type":"SearchAction","target":{"@type":"EntryPoint","urlTemplate":"https:\/\/www.barreaudemontreal.qc.ca\/en\/?s={search_term_string}"},"query-input":{"@type":"PropertyValueSpecification","valueRequired":true,"valueName":"search_term_string"}}],"inLanguage":"en-US"}]}},"_links":{"self":[{"href":"https:\/\/www.barreaudemontreal.qc.ca\/en\/wp-json\/wp\/v2\/comites\/8534","targetHints":{"allow":["GET"]}}],"collection":[{"href":"https:\/\/www.barreaudemontreal.qc.ca\/en\/wp-json\/wp\/v2\/comites"}],"about":[{"href":"https:\/\/www.barreaudemontreal.qc.ca\/en\/wp-json\/wp\/v2\/types\/comites"}],"author":[{"embeddable":true,"href":"https:\/\/www.barreaudemontreal.qc.ca\/en\/wp-json\/wp\/v2\/users\/30"}],"version-history":[{"count":0,"href":"https:\/\/www.barreaudemontreal.qc.ca\/en\/wp-json\/wp\/v2\/comites\/8534\/revisions"}],"wp:attachment":[{"href":"https:\/\/www.barreaudemontreal.qc.ca\/en\/wp-json\/wp\/v2\/media?parent=8534"}],"wp:term":[{"taxonomy":"comites_category","embeddable":true,"href":"https:\/\/www.barreaudemontreal.qc.ca\/en\/wp-json\/wp\/v2\/comites_category?post=8534"}],"curies":[{"name":"wp","href":"https:\/\/api.w.org\/{rel}","templated":true}]}}

Administration de la justice en matière criminelle

<p><strong>MANDAT</strong></p>



<p>Le comité sur l’administration de la justice en matière criminelle maintient le lien essentiel entre le Barreau, ses membres, la Cour du Québec et la Cour supérieure. Son mandat consiste à identifier, débattre et, si nécessaire, résoudre les difficultés auxquelles sont souvent confrontés les nombreux intervenants de l’administration de la justice criminelle dans le district judiciaire de Montréal.</p>



<p><strong>MEMBRES 2025-2026</strong></p>



<p><strong>Me Isabeau Morrissette</strong>,<strong> <em>présidente</em></strong>, Mes Sean Sebastian Cameron, Simon C. Chartier, ainsi que les représentants de la Cour supérieure, de la Cour du Québec, de la Cour municipale, de Pinel, de Revenu Québec, de l’AADM, de l’Aide juridique, de l’Autorité des marchés financiers, du Directeur des poursuites criminelles et pénale, du Ministère de la Sécurité publique, du Service de police de la Ville de Montréal, du Service des poursuites pénales du Canada, des Services judiciaires, de la Sureté du Québec et de la Ville de Montréal.</p>

<!-- This site is optimized with the Yoast SEO plugin v27.4 - https://yoast.com/product/yoast-seo-wordpress/ -->
<title>Administration de la justice en matière criminelle - Barreau de Montr&eacute;al</title>
<meta name="robots" content="index, follow, max-snippet:-1, max-image-preview:large, max-video-preview:-1" />
<link rel="canonical" href="https://www.barreaudemontreal.qc.ca/en/comites/administration-de-la-justice-en-matiere-criminelle/" />
<meta property="og:locale" content="en_US" />
<meta property="og:type" content="article" />
<meta property="og:title" content="Administration de la justice en matière criminelle - Barreau de Montr&eacute;al" />
<meta property="og:description" content="MANDAT" />
<meta property="og:url" content="https://www.barreaudemontreal.qc.ca/en/comites/administration-de-la-justice-en-matiere-criminelle/" />
<meta property="og:site_name" content="Barreau de Montr&eacute;al" />
<meta property="article:modified_time" content="2025-08-11T01:14:46+00:00" />
<meta name="twitter:card" content="summary_large_image" />
<meta name="twitter:label1" content="Est. reading time" />
	<meta name="twitter:data1" content="1 minute" />
<script type="application/ld+json" class="yoast-schema-graph">{"@context":"https:\/\/schema.org","@graph":[{"@type":"WebPage","@id":"https:\/\/www.barreaudemontreal.qc.ca\/en\/comites\/administration-de-la-justice-en-matiere-criminelle\/","url":"https:\/\/www.barreaudemontreal.qc.ca\/en\/comites\/administration-de-la-justice-en-matiere-criminelle\/","name":"Administration de la justice en matière criminelle - Barreau de Montr&eacute;al","isPartOf":{"@id":"https:\/\/www.barreaudemontreal.qc.ca\/en\/#website"},"datePublished":"2013-04-27T19:36:00+00:00","dateModified":"2025-08-11T01:14:46+00:00","breadcrumb":{"@id":"https:\/\/www.barreaudemontreal.qc.ca\/en\/comites\/administration-de-la-justice-en-matiere-criminelle\/#breadcrumb"},"inLanguage":"en-US","potentialAction":[{"@type":"ReadAction","target":["https:\/\/www.barreaudemontreal.qc.ca\/en\/comites\/administration-de-la-justice-en-matiere-criminelle\/"]}]},{"@type":"BreadcrumbList","@id":"https:\/\/www.barreaudemontreal.qc.ca\/en\/comites\/administration-de-la-justice-en-matiere-criminelle\/#breadcrumb","itemListElement":[{"@type":"ListItem","position":1,"name":"Home","item":"https:\/\/www.barreaudemontreal.qc.ca\/en\/"},{"@type":"ListItem","position":2,"name":"Comités","item":"https:\/\/www.barreaudemontreal.qc.ca\/en\/comites\/"},{"@type":"ListItem","position":3,"name":"Administration de la justice en matière criminelle"}]},{"@type":"WebSite","@id":"https:\/\/www.barreaudemontreal.qc.ca\/en\/#website","url":"https:\/\/www.barreaudemontreal.qc.ca\/en\/","name":"Barreau de Montr&eacute;al","description":"La plus grande section du Barreau du Qu&eacute;bec","potentialAction":[{"@type":"SearchAction","target":{"@type":"EntryPoint","urlTemplate":"https:\/\/www.barreaudemontreal.qc.ca\/en\/?s={search_term_string}"},"query-input":{"@type":"PropertyValueSpecification","valueRequired":true,"valueName":"search_term_string"}}],"inLanguage":"en-US"}]}</script>
<!-- / Yoast SEO plugin. -->

Administration de la justice en matière criminelle - Barreau de Montr&eacute;al

Comités
