{"id":49774,"date":"2026-04-20T23:31:52","date_gmt":"2026-04-21T03:31:52","guid":{"rendered":"https:\/\/www.barreaudemontreal.qc.ca\/?post_type=activite&#038;p=49774"},"modified":"2026-04-24T23:18:43","modified_gmt":"2026-04-25T03:18:43","slug":"rendez-vous-visez-droit-le-divorce-pas-a-pas","status":"publish","type":"activite","link":"https:\/\/www.barreaudemontreal.qc.ca\/en\/activite\/rendez-vous-visez-droit-le-divorce-pas-a-pas\/","title":{"rendered":"Rendez-vous VISEZ DROIT : Le divorce pas \u00e0 pas"},"content":{"rendered":"<div class=\"wp-block-image\">\n<figure class=\"alignright size-large is-resized\"><img decoding=\"async\" width=\"1024\" height=\"1024\" src=\"https:\/\/www.barreaudemontreal.qc.ca\/wp-content\/uploads\/rdvvd-web-24-1024x1024.png\" alt=\"\" class=\"wp-image-37478\" style=\"object-fit:cover;width:241px;height:auto\"\/><\/figure>\n<\/div>\n\n\n<h3 class=\"wp-block-heading\">Date: 12 mai 2026, 18 h \u00e0 19 h 30<\/h3>\n\n\n\n<p><strong>Conf\u00e9rence en pr\u00e9sentiel<\/strong><\/p>\n\n\n\n<p>Lieu :&nbsp;<a href=\"https:\/\/www.ydesfemmesmtl.org\/nouveau-ydesfemmes-montreal\/\" target=\"_blank\" rel=\"noreferrer noopener\">YWCA (1275, avenue De Lorimier, Montr\u00e9al)<\/a><\/p>\n\n\n\n<p>Vous pensez \u00e0 divorcer ou vous \u00eates en cours de divorce, cette conf\u00e9rence vous guidera pas \u00e0 pas dans ce processus complexe.&nbsp;<\/p>\n\n\n\n<p>Conf\u00e9renci\u00e8res :&nbsp;<a href=\"https:\/\/www.barreaudemontreal.qc.ca\/public\/les-rendez-vous-visez-droit\/ateliers-et-conferences\/biographie-lhon-duplessis-me-merrette-me-aubret\/\" target=\"_blank\" rel=\"noreferrer noopener\">l\u2019honorable Guylaine Duplessis, juge de la Cour sup\u00e9rieure et Me No\u00e9mie Merrette<\/a><\/p>\n\n\n\n<p><em>Cette conf\u00e9rence est organis\u00e9e dans le cadre des Rendez-vous VISEZ DROIT, avec la collaboration du Y des femmes de Montr\u00e9al (YWCA), de la Cour sup\u00e9rieure et d\u2019Info Justice.<\/em><\/p>\n\n\n\n<div class=\"wp-block-buttons is-layout-flex wp-block-buttons-is-layout-flex\">\n<div class=\"wp-block-button\"><a class=\"wp-block-button__link has-central-palette-6-color has-central-palette-2-background-color has-text-color has-background has-link-color wp-element-button\" href=\"https:\/\/www.barreaudemontreal.qc.ca\/public\/les-rendez-vous-visez-droit\/ateliers-et-conferences\/\">En savoir plus et s&#8217;inscrire gratuitement<\/a><\/div>\n<\/div>\n\n\n\n<p><\/p>\n","protected":false},"author":3,"featured_media":0,"template":"","meta":{"_acf_changed":true,"_editorskit_title_hidden":false,"_editorskit_reading_time":0,"_editorskit_is_block_options_detached":false,"_editorskit_block_options_position":"{}","inline_featured_image":false,"ngg_post_thumbnail":0},"categories":[],"class_list":["post-49774","activite","type-activite","status-publish","hentry"],"acf":[],"yoast_head":"<!-- This site is optimized with the Yoast SEO plugin v27.4 - https:\/\/yoast.com\/product\/yoast-seo-wordpress\/ -->\n<title>Rendez-vous VISEZ DROIT : Le divorce pas \u00e0 pas - Barreau de Montr&eacute;al<\/title>\n<meta name=\"robots\" content=\"index, follow, max-snippet:-1, max-image-preview:large, max-video-preview:-1\" \/>\n<link rel=\"canonical\" href=\"https:\/\/www.barreaudemontreal.qc.ca\/en\/activite\/rendez-vous-visez-droit-le-divorce-pas-a-pas\/\" \/>\n<meta property=\"og:locale\" content=\"en_US\" \/>\n<meta property=\"og:type\" content=\"article\" \/>\n<meta property=\"og:title\" content=\"Rendez-vous VISEZ DROIT : Le divorce pas \u00e0 pas - Barreau de Montr&eacute;al\" \/>\n<meta property=\"og:description\" content=\"Date: 12 mai 2026, 18 h \u00e0 19 h 30 Conf\u00e9rence en pr\u00e9sentiel Lieu :&nbsp;YWCA (1275, avenue De Lorimier, Montr\u00e9al) Vous pensez \u00e0 divorcer ou vous \u00eates en cours de [&hellip;]\" \/>\n<meta property=\"og:url\" content=\"https:\/\/www.barreaudemontreal.qc.ca\/en\/activite\/rendez-vous-visez-droit-le-divorce-pas-a-pas\/\" \/>\n<meta property=\"og:site_name\" content=\"Barreau de Montr&eacute;al\" \/>\n<meta property=\"article:modified_time\" content=\"2026-04-25T03:18:43+00:00\" \/>\n<meta property=\"og:image\" content=\"https:\/\/www.barreaudemontreal.qc.ca\/wp-content\/uploads\/rdvvd-web-24.png\" \/>\n\t<meta property=\"og:image:width\" content=\"2560\" \/>\n\t<meta property=\"og:image:height\" content=\"2560\" \/>\n\t<meta property=\"og:image:type\" content=\"image\/png\" \/>\n<meta name=\"twitter:card\" content=\"summary_large_image\" \/>\n<meta name=\"twitter:label1\" content=\"Est. reading time\" \/>\n\t<meta name=\"twitter:data1\" content=\"1 minute\" \/>\n<script type=\"application\/ld+json\" class=\"yoast-schema-graph\">{\"@context\":\"https:\\\/\\\/schema.org\",\"@graph\":[{\"@type\":\"WebPage\",\"@id\":\"https:\\\/\\\/www.barreaudemontreal.qc.ca\\\/en\\\/activite\\\/rendez-vous-visez-droit-le-divorce-pas-a-pas\\\/\",\"url\":\"https:\\\/\\\/www.barreaudemontreal.qc.ca\\\/en\\\/activite\\\/rendez-vous-visez-droit-le-divorce-pas-a-pas\\\/\",\"name\":\"Rendez-vous VISEZ DROIT : Le divorce pas \u00e0 pas - Barreau de Montr&eacute;al\",\"isPartOf\":{\"@id\":\"https:\\\/\\\/www.barreaudemontreal.qc.ca\\\/en\\\/#website\"},\"primaryImageOfPage\":{\"@id\":\"https:\\\/\\\/www.barreaudemontreal.qc.ca\\\/en\\\/activite\\\/rendez-vous-visez-droit-le-divorce-pas-a-pas\\\/#primaryimage\"},\"image\":{\"@id\":\"https:\\\/\\\/www.barreaudemontreal.qc.ca\\\/en\\\/activite\\\/rendez-vous-visez-droit-le-divorce-pas-a-pas\\\/#primaryimage\"},\"thumbnailUrl\":\"https:\\\/\\\/www.barreaudemontreal.qc.ca\\\/wp-content\\\/uploads\\\/rdvvd-web-24-1024x1024.png\",\"datePublished\":\"2026-04-21T03:31:52+00:00\",\"dateModified\":\"2026-04-25T03:18:43+00:00\",\"breadcrumb\":{\"@id\":\"https:\\\/\\\/www.barreaudemontreal.qc.ca\\\/en\\\/activite\\\/rendez-vous-visez-droit-le-divorce-pas-a-pas\\\/#breadcrumb\"},\"inLanguage\":\"en-US\",\"potentialAction\":[{\"@type\":\"ReadAction\",\"target\":[\"https:\\\/\\\/www.barreaudemontreal.qc.ca\\\/en\\\/activite\\\/rendez-vous-visez-droit-le-divorce-pas-a-pas\\\/\"]}]},{\"@type\":\"ImageObject\",\"inLanguage\":\"en-US\",\"@id\":\"https:\\\/\\\/www.barreaudemontreal.qc.ca\\\/en\\\/activite\\\/rendez-vous-visez-droit-le-divorce-pas-a-pas\\\/#primaryimage\",\"url\":\"https:\\\/\\\/www.barreaudemontreal.qc.ca\\\/wp-content\\\/uploads\\\/rdvvd-web-24-1024x1024.png\",\"contentUrl\":\"https:\\\/\\\/www.barreaudemontreal.qc.ca\\\/wp-content\\\/uploads\\\/rdvvd-web-24-1024x1024.png\"},{\"@type\":\"BreadcrumbList\",\"@id\":\"https:\\\/\\\/www.barreaudemontreal.qc.ca\\\/en\\\/activite\\\/rendez-vous-visez-droit-le-divorce-pas-a-pas\\\/#breadcrumb\",\"itemListElement\":[{\"@type\":\"ListItem\",\"position\":1,\"name\":\"Home\",\"item\":\"https:\\\/\\\/www.barreaudemontreal.qc.ca\\\/en\\\/\"},{\"@type\":\"ListItem\",\"position\":2,\"name\":\"Activit\u00e9s\",\"item\":\"https:\\\/\\\/www.barreaudemontreal.qc.ca\\\/en\\\/activite\\\/\"},{\"@type\":\"ListItem\",\"position\":3,\"name\":\"Rendez-vous VISEZ DROIT : Le divorce pas \u00e0 pas\"}]},{\"@type\":\"WebSite\",\"@id\":\"https:\\\/\\\/www.barreaudemontreal.qc.ca\\\/en\\\/#website\",\"url\":\"https:\\\/\\\/www.barreaudemontreal.qc.ca\\\/en\\\/\",\"name\":\"Barreau de Montr&eacute;al\",\"description\":\"La plus grande section du Barreau du Qu&eacute;bec\",\"potentialAction\":[{\"@type\":\"SearchAction\",\"target\":{\"@type\":\"EntryPoint\",\"urlTemplate\":\"https:\\\/\\\/www.barreaudemontreal.qc.ca\\\/en\\\/?s={search_term_string}\"},\"query-input\":{\"@type\":\"PropertyValueSpecification\",\"valueRequired\":true,\"valueName\":\"search_term_string\"}}],\"inLanguage\":\"en-US\"}]}<\/script>\n<!-- \/ Yoast SEO plugin. -->","yoast_head_json":{"title":"Rendez-vous VISEZ DROIT : Le divorce pas \u00e0 pas - Barreau de Montr&eacute;al","robots":{"index":"index","follow":"follow","max-snippet":"max-snippet:-1","max-image-preview":"max-image-preview:large","max-video-preview":"max-video-preview:-1"},"canonical":"https:\/\/www.barreaudemontreal.qc.ca\/en\/activite\/rendez-vous-visez-droit-le-divorce-pas-a-pas\/","og_locale":"en_US","og_type":"article","og_title":"Rendez-vous VISEZ DROIT : Le divorce pas \u00e0 pas - Barreau de Montr&eacute;al","og_description":"Date: 12 mai 2026, 18 h \u00e0 19 h 30 Conf\u00e9rence en pr\u00e9sentiel Lieu :&nbsp;YWCA (1275, avenue De Lorimier, Montr\u00e9al) Vous pensez \u00e0 divorcer ou vous \u00eates en cours de [&hellip;]","og_url":"https:\/\/www.barreaudemontreal.qc.ca\/en\/activite\/rendez-vous-visez-droit-le-divorce-pas-a-pas\/","og_site_name":"Barreau de Montr&eacute;al","article_modified_time":"2026-04-25T03:18:43+00:00","og_image":[{"width":2560,"height":2560,"url":"https:\/\/www.barreaudemontreal.qc.ca\/wp-content\/uploads\/rdvvd-web-24.png","type":"image\/png"}],"twitter_card":"summary_large_image","twitter_misc":{"Est. reading time":"1 minute"},"schema":{"@context":"https:\/\/schema.org","@graph":[{"@type":"WebPage","@id":"https:\/\/www.barreaudemontreal.qc.ca\/en\/activite\/rendez-vous-visez-droit-le-divorce-pas-a-pas\/","url":"https:\/\/www.barreaudemontreal.qc.ca\/en\/activite\/rendez-vous-visez-droit-le-divorce-pas-a-pas\/","name":"Rendez-vous VISEZ DROIT : Le divorce pas \u00e0 pas - Barreau de Montr&eacute;al","isPartOf":{"@id":"https:\/\/www.barreaudemontreal.qc.ca\/en\/#website"},"primaryImageOfPage":{"@id":"https:\/\/www.barreaudemontreal.qc.ca\/en\/activite\/rendez-vous-visez-droit-le-divorce-pas-a-pas\/#primaryimage"},"image":{"@id":"https:\/\/www.barreaudemontreal.qc.ca\/en\/activite\/rendez-vous-visez-droit-le-divorce-pas-a-pas\/#primaryimage"},"thumbnailUrl":"https:\/\/www.barreaudemontreal.qc.ca\/wp-content\/uploads\/rdvvd-web-24-1024x1024.png","datePublished":"2026-04-21T03:31:52+00:00","dateModified":"2026-04-25T03:18:43+00:00","breadcrumb":{"@id":"https:\/\/www.barreaudemontreal.qc.ca\/en\/activite\/rendez-vous-visez-droit-le-divorce-pas-a-pas\/#breadcrumb"},"inLanguage":"en-US","potentialAction":[{"@type":"ReadAction","target":["https:\/\/www.barreaudemontreal.qc.ca\/en\/activite\/rendez-vous-visez-droit-le-divorce-pas-a-pas\/"]}]},{"@type":"ImageObject","inLanguage":"en-US","@id":"https:\/\/www.barreaudemontreal.qc.ca\/en\/activite\/rendez-vous-visez-droit-le-divorce-pas-a-pas\/#primaryimage","url":"https:\/\/www.barreaudemontreal.qc.ca\/wp-content\/uploads\/rdvvd-web-24-1024x1024.png","contentUrl":"https:\/\/www.barreaudemontreal.qc.ca\/wp-content\/uploads\/rdvvd-web-24-1024x1024.png"},{"@type":"BreadcrumbList","@id":"https:\/\/www.barreaudemontreal.qc.ca\/en\/activite\/rendez-vous-visez-droit-le-divorce-pas-a-pas\/#breadcrumb","itemListElement":[{"@type":"ListItem","position":1,"name":"Home","item":"https:\/\/www.barreaudemontreal.qc.ca\/en\/"},{"@type":"ListItem","position":2,"name":"Activit\u00e9s","item":"https:\/\/www.barreaudemontreal.qc.ca\/en\/activite\/"},{"@type":"ListItem","position":3,"name":"Rendez-vous VISEZ DROIT : Le divorce pas \u00e0 pas"}]},{"@type":"WebSite","@id":"https:\/\/www.barreaudemontreal.qc.ca\/en\/#website","url":"https:\/\/www.barreaudemontreal.qc.ca\/en\/","name":"Barreau de Montr&eacute;al","description":"La plus grande section du Barreau du Qu&eacute;bec","potentialAction":[{"@type":"SearchAction","target":{"@type":"EntryPoint","urlTemplate":"https:\/\/www.barreaudemontreal.qc.ca\/en\/?s={search_term_string}"},"query-input":{"@type":"PropertyValueSpecification","valueRequired":true,"valueName":"search_term_string"}}],"inLanguage":"en-US"}]}},"_links":{"self":[{"href":"https:\/\/www.barreaudemontreal.qc.ca\/en\/wp-json\/wp\/v2\/activite\/49774","targetHints":{"allow":["GET"]}}],"collection":[{"href":"https:\/\/www.barreaudemontreal.qc.ca\/en\/wp-json\/wp\/v2\/activite"}],"about":[{"href":"https:\/\/www.barreaudemontreal.qc.ca\/en\/wp-json\/wp\/v2\/types\/activite"}],"author":[{"embeddable":true,"href":"https:\/\/www.barreaudemontreal.qc.ca\/en\/wp-json\/wp\/v2\/users\/3"}],"wp:attachment":[{"href":"https:\/\/www.barreaudemontreal.qc.ca\/en\/wp-json\/wp\/v2\/media?parent=49774"}],"wp:term":[{"taxonomy":"category","embeddable":true,"href":"https:\/\/www.barreaudemontreal.qc.ca\/en\/wp-json\/wp\/v2\/categories?post=49774"}],"curies":[{"name":"wp","href":"https:\/\/api.w.org\/{rel}","templated":true}]}}

Rendez-vous VISEZ DROIT : Le divorce pas à pas

<div class="wp-block-image">
<figure class="alignright size-large is-resized"><img decoding="async" width="1024" height="1024" src="https://www.barreaudemontreal.qc.ca/wp-content/uploads/rdvvd-web-24-1024x1024.png" alt="" class="wp-image-37478" style="object-fit:cover;width:241px;height:auto"/></figure>
</div>


<h3 class="wp-block-heading">Date: 12 mai 2026, 18 h à 19 h 30</h3>



<p><strong>Conférence en présentiel</strong></p>



<p>Lieu :&nbsp;<a href="https://www.ydesfemmesmtl.org/nouveau-ydesfemmes-montreal/" target="_blank" rel="noreferrer noopener">YWCA (1275, avenue De Lorimier, Montréal)</a></p>



<p>Vous pensez à divorcer ou vous êtes en cours de divorce, cette conférence vous guidera pas à pas dans ce processus complexe.&nbsp;</p>



<p>Conférencières :&nbsp;<a href="https://www.barreaudemontreal.qc.ca/public/les-rendez-vous-visez-droit/ateliers-et-conferences/biographie-lhon-duplessis-me-merrette-me-aubret/" target="_blank" rel="noreferrer noopener">l’honorable Guylaine Duplessis, juge de la Cour supérieure et Me Noémie Merrette</a></p>



<p><em>Cette conférence est organisée dans le cadre des Rendez-vous VISEZ DROIT, avec la collaboration du Y des femmes de Montréal (YWCA), de la Cour supérieure et d’Info Justice.</em></p>



<div class="wp-block-buttons is-layout-flex wp-block-buttons-is-layout-flex">
<div class="wp-block-button"><a class="wp-block-button__link has-central-palette-6-color has-central-palette-2-background-color has-text-color has-background has-link-color wp-element-button" href="https://www.barreaudemontreal.qc.ca/public/les-rendez-vous-visez-droit/ateliers-et-conferences/">En savoir plus et s&#8217;inscrire gratuitement</a></div>
</div>



<p></p>

<!-- This site is optimized with the Yoast SEO plugin v27.4 - https://yoast.com/product/yoast-seo-wordpress/ -->
<title>Rendez-vous VISEZ DROIT : Le divorce pas à pas - Barreau de Montr&eacute;al</title>
<meta name="robots" content="index, follow, max-snippet:-1, max-image-preview:large, max-video-preview:-1" />
<link rel="canonical" href="https://www.barreaudemontreal.qc.ca/en/activite/rendez-vous-visez-droit-le-divorce-pas-a-pas/" />
<meta property="og:locale" content="en_US" />
<meta property="og:type" content="article" />
<meta property="og:title" content="Rendez-vous VISEZ DROIT : Le divorce pas à pas - Barreau de Montr&eacute;al" />
<meta property="og:description" content="Date: 12 mai 2026, 18 h à 19 h 30 Conférence en présentiel Lieu :&nbsp;YWCA (1275, avenue De Lorimier, Montréal) Vous pensez à divorcer ou vous êtes en cours de [&hellip;]" />
<meta property="og:url" content="https://www.barreaudemontreal.qc.ca/en/activite/rendez-vous-visez-droit-le-divorce-pas-a-pas/" />
<meta property="og:site_name" content="Barreau de Montr&eacute;al" />
<meta property="article:modified_time" content="2026-04-25T03:18:43+00:00" />
<meta property="og:image" content="https://www.barreaudemontreal.qc.ca/wp-content/uploads/rdvvd-web-24.png" />
	<meta property="og:image:width" content="2560" />
	<meta property="og:image:height" content="2560" />
	<meta property="og:image:type" content="image/png" />
<meta name="twitter:card" content="summary_large_image" />
<meta name="twitter:label1" content="Est. reading time" />
	<meta name="twitter:data1" content="1 minute" />
<script type="application/ld+json" class="yoast-schema-graph">{"@context":"https:\/\/schema.org","@graph":[{"@type":"WebPage","@id":"https:\/\/www.barreaudemontreal.qc.ca\/en\/activite\/rendez-vous-visez-droit-le-divorce-pas-a-pas\/","url":"https:\/\/www.barreaudemontreal.qc.ca\/en\/activite\/rendez-vous-visez-droit-le-divorce-pas-a-pas\/","name":"Rendez-vous VISEZ DROIT : Le divorce pas à pas - Barreau de Montr&eacute;al","isPartOf":{"@id":"https:\/\/www.barreaudemontreal.qc.ca\/en\/#website"},"primaryImageOfPage":{"@id":"https:\/\/www.barreaudemontreal.qc.ca\/en\/activite\/rendez-vous-visez-droit-le-divorce-pas-a-pas\/#primaryimage"},"image":{"@id":"https:\/\/www.barreaudemontreal.qc.ca\/en\/activite\/rendez-vous-visez-droit-le-divorce-pas-a-pas\/#primaryimage"},"thumbnailUrl":"https:\/\/www.barreaudemontreal.qc.ca\/wp-content\/uploads\/rdvvd-web-24-1024x1024.png","datePublished":"2026-04-21T03:31:52+00:00","dateModified":"2026-04-25T03:18:43+00:00","breadcrumb":{"@id":"https:\/\/www.barreaudemontreal.qc.ca\/en\/activite\/rendez-vous-visez-droit-le-divorce-pas-a-pas\/#breadcrumb"},"inLanguage":"en-US","potentialAction":[{"@type":"ReadAction","target":["https:\/\/www.barreaudemontreal.qc.ca\/en\/activite\/rendez-vous-visez-droit-le-divorce-pas-a-pas\/"]}]},{"@type":"ImageObject","inLanguage":"en-US","@id":"https:\/\/www.barreaudemontreal.qc.ca\/en\/activite\/rendez-vous-visez-droit-le-divorce-pas-a-pas\/#primaryimage","url":"https:\/\/www.barreaudemontreal.qc.ca\/wp-content\/uploads\/rdvvd-web-24-1024x1024.png","contentUrl":"https:\/\/www.barreaudemontreal.qc.ca\/wp-content\/uploads\/rdvvd-web-24-1024x1024.png"},{"@type":"BreadcrumbList","@id":"https:\/\/www.barreaudemontreal.qc.ca\/en\/activite\/rendez-vous-visez-droit-le-divorce-pas-a-pas\/#breadcrumb","itemListElement":[{"@type":"ListItem","position":1,"name":"Home","item":"https:\/\/www.barreaudemontreal.qc.ca\/en\/"},{"@type":"ListItem","position":2,"name":"Activités","item":"https:\/\/www.barreaudemontreal.qc.ca\/en\/activite\/"},{"@type":"ListItem","position":3,"name":"Rendez-vous VISEZ DROIT : Le divorce pas à pas"}]},{"@type":"WebSite","@id":"https:\/\/www.barreaudemontreal.qc.ca\/en\/#website","url":"https:\/\/www.barreaudemontreal.qc.ca\/en\/","name":"Barreau de Montr&eacute;al","description":"La plus grande section du Barreau du Qu&eacute;bec","potentialAction":[{"@type":"SearchAction","target":{"@type":"EntryPoint","urlTemplate":"https:\/\/www.barreaudemontreal.qc.ca\/en\/?s={search_term_string}"},"query-input":{"@type":"PropertyValueSpecification","valueRequired":true,"valueName":"search_term_string"}}],"inLanguage":"en-US"}]}</script>
<!-- / Yoast SEO plugin. -->

Rendez-vous VISEZ DROIT : Le divorce pas à pas - Barreau de Montr&eacute;al

Date: 12 mai 2026, 18 h à 19 h 30 Conférence en présentiel Lieu :&nbsp;YWCA (1275, avenue De Lorimier, Montréal) Vous pensez à divorcer ou vous êtes en cours de [&hellip;]

Activités
