{"id":49772,"date":"2026-04-20T23:20:15","date_gmt":"2026-04-21T03:20:15","guid":{"rendered":"https:\/\/www.barreaudemontreal.qc.ca\/?post_type=activite&#038;p=49772"},"modified":"2026-04-24T23:21:25","modified_gmt":"2026-04-25T03:21:25","slug":"assemblee-generale-annuelle-2026","status":"publish","type":"activite","link":"https:\/\/www.barreaudemontreal.qc.ca\/en\/activite\/assemblee-generale-annuelle-2026\/","title":{"rendered":"Assembl\u00e9e g\u00e9n\u00e9rale annuelle 2026"},"content":{"rendered":"\n<p>Les membres du Barreau de Montr\u00e9al sont convoqu\u00e9s \u00e0 l\u2019assembl\u00e9e g\u00e9n\u00e9rale annuelle qui se tiendra le <strong>jeudi 7 mai 2026 \u00e0 17 h 30<\/strong>, \u00e0 la salle 5.15 du Palais de justice de Montr\u00e9al (10, rue Saint-Antoine Est).<\/p>\n\n\n\n<p>Une consultation doit \u00eatre men\u00e9e par le Conseil d\u2019administration avant l\u2019Assembl\u00e9e g\u00e9n\u00e9rale annuelle des membres sur sa cotisation 2026-2027, en vertu de l\u2019article 68 (1) et (7) de la <em>Loi du Barreau<\/em> et de l\u2019article <em>103.1<\/em> du <em>Codes des professions<\/em> qui pr\u00e9voient ce qui&nbsp;suit :<\/p>\n\n\n\n<p><strong>Loi sur le Barreau<\/strong><\/p>\n\n\n\n<p><em><strong>Article 68.<\/strong><br><strong>1.<\/strong> Le Conseil g\u00e9n\u00e9ral et les conseils de section fixent, suivant leur juridiction respective, les cotisations annuelles exigibles des membres appartenant \u00e0 chacune des cat\u00e9gories de membres ou \u00e0 certaines classes d\u2019entre eux \u00e9tablies en fonction des activit\u00e9s professionnelles exerc\u00e9es, qu\u2019ils peuvent d\u00e9terminer.<br><strong>7. <\/strong>Les dispositions du Code des professions (chapitre C-26) concernant les cotisations s\u2019appliquent, compte tenu des adaptations n\u00e9cessaires, aux cotisations impos\u00e9es en vertu du pr\u00e9sent article.<\/em><\/p>\n\n\n\n<div style=\"height:0px\" aria-hidden=\"true\" class=\"wp-block-spacer\"><\/div>\n\n\n\n<p><strong>Code des professions<\/strong><\/p>\n\n\n\n<p><em><strong>103.1.<\/strong> Au moins 30 jours avant l\u2019assembl\u00e9e g\u00e9n\u00e9rale annuelle, le secr\u00e9taire de l\u2019ordre doit communiquer \u00e0 tous les membres de l\u2019ordre, pour commentaires, l\u2019information au sujet du montant de la cotisation annuelle. L\u2019information est accompagn\u00e9e du projet de r\u00e9solution modifiant ce montant, le cas \u00e9ch\u00e9ant, des pr\u00e9visions budg\u00e9taires pour l\u2019ann\u00e9e financi\u00e8re vis\u00e9e par la cotisation, incluant une ventilation de la r\u00e9mun\u00e9ration des administrateurs \u00e9lus, et d\u2019un projet de rapport annuel.<\/em><\/p>\n\n\n\n<div style=\"height:40px\" aria-hidden=\"true\" class=\"wp-block-spacer\"><\/div>\n\n\n\n<h5 class=\"wp-block-heading\">Cocktail des collaborateurs<\/h5>\n\n\n\n<p>Les membres sont \u00e9galement invit\u00e9s au cocktail qui suivra l&#8217;assembl\u00e9e, <strong>vers 19 h<\/strong>, et qui se tiendra \u00e0 Cour d\u2019appel (\u00c9difice Ernest Cormier \u2013 100, rue Notre-Dame Est).<\/p>\n\n\n\n<div class=\"wp-block-buttons is-layout-flex wp-block-buttons-is-layout-flex\">\n<div class=\"wp-block-button is-style-fill\"><a class=\"wp-block-button__link has-central-palette-6-color has-central-palette-2-background-color has-text-color has-background wp-element-button\" href=\"https:\/\/forms.office.com\/r\/iRzZMgSFCY\" target=\"_blank\" rel=\"noreferrer noopener\">Confirmer ma pr\u00e9sence \u00e0 l&#8217;AGA et au cocktail<\/a><\/div>\n<\/div>\n\n\n\n<div style=\"height:20px\" aria-hidden=\"true\" class=\"wp-block-spacer\"><\/div>\n\n\n\n<h5 class=\"wp-block-heading\">ORDRE DU JOUR<\/h5>\n\n\n\n<ol style=\"list-style-type:1\" class=\"wp-block-list\">\n<li>Ouverture de l\u2019assembl\u00e9e<\/li>\n\n\n\n<li>Adoption de l\u2019ordre du jour<\/li>\n\n\n\n<li>Adoption du proc\u00e8s-verbal de l\u2019assembl\u00e9e g\u00e9n\u00e9rale annuelle du 7 mai 2025<\/li>\n\n\n\n<li>Allocution de M. le b\u00e2tonnier du Qu\u00e9bec, Me Marcel-Olivier Nadeau<\/li>\n\n\n\n<li>Pr\u00e9sentation du Prix Pierre-Fournier 2026 \u00e0 Me Luc Deshaies, Ad. E.<\/li>\n\n\n\n<li>Pr\u00e9sentation du Prix d\u2019excellence 2026 \u00e0 Me Nicholas St-Jacques, Ad. E.<\/li>\n\n\n\n<li>Rapport du Tr\u00e9sorier par int\u00e9rim, Me Joey Suri<br> 7.1 Pr\u00e9sentation des \u00e9tats financiers<br> 7.2 Nomination des auditeurs<br> 7.3 <a href=\"https:\/\/www.barreaudemontreal.qc.ca\/wp-content\/uploads\/cotisation-pour-lexercice-2027-2028.pdf\" target=\"_blank\" rel=\"noreferrer noopener\">Cotisations pour l&#8217;exercice 2027-2028<\/a><\/li>\n\n\n\n<li>Rapport de Mme la b\u00e2tonni\u00e8re, Me Val\u00e9rie Assouline<\/li>\n\n\n\n<li>Proclamation des dirigeants et conseillers \u00e9lus par Me Patrice Guay, pr\u00e9sident de l\u2019\u00e9lection<\/li>\n\n\n\n<li>Allocution de la nouvelle b\u00e2tonni\u00e8re, Me Alice Popovici<\/li>\n\n\n\n<li>P\u00e9riode de questions<\/li>\n\n\n\n<li>Lev\u00e9e de l\u2019assembl\u00e9e<\/li>\n<\/ol>\n\n\n\n<div style=\"height:20px\" aria-hidden=\"true\" class=\"wp-block-spacer\"><\/div>\n\n\n\n<p>Pour soumettre vos commentaires, veuillez \u00e9crire \u00e0 <a href=\"mailto:direction@barreaudemontreal.qc.ca\" target=\"_blank\" rel=\"noreferrer noopener\">direction@barreaudemontreal.qc.ca<\/a>.<\/p>\n\n\n\n<div style=\"height:40px\" aria-hidden=\"true\" class=\"wp-block-spacer\"><\/div>\n\n\n\n<p><strong>Le rapport annuel et les \u00e9tats financiers 2025-2026 seront disponibles <a href=\"https:\/\/www.barreaudemontreal.qc.ca\/contenus-corporatifs\/\" target=\"_blank\" rel=\"noreferrer noopener\">ici<\/a>, \u00e0 compter du 7 mai 2026.<\/strong><\/p>\n\n\n\n<div style=\"height:40px\" aria-hidden=\"true\" class=\"wp-block-spacer\"><\/div>\n\n\n\n<div class=\"wp-block-columns is-layout-flex wp-container-core-columns-is-layout-9d6595d7 wp-block-columns-is-layout-flex\">\n<div class=\"wp-block-column is-layout-flow wp-block-column-is-layout-flow\"><\/div>\n\n\n\n<div class=\"wp-block-column is-layout-flow wp-block-column-is-layout-flow\"><\/div>\n\n\n\n<div class=\"wp-block-column is-layout-flow wp-block-column-is-layout-flow\"><\/div>\n\n\n\n<div class=\"wp-block-column is-layout-flow wp-block-column-is-layout-flow\"><\/div>\n<\/div>\n","protected":false},"author":3,"featured_media":0,"template":"","meta":{"_acf_changed":true,"_editorskit_title_hidden":false,"_editorskit_reading_time":0,"_editorskit_is_block_options_detached":false,"_editorskit_block_options_position":"{}","inline_featured_image":false,"ngg_post_thumbnail":0},"categories":[],"class_list":["post-49772","activite","type-activite","status-publish","hentry"],"acf":[],"yoast_head":"<!-- This site is optimized with the Yoast SEO plugin v27.4 - https:\/\/yoast.com\/product\/yoast-seo-wordpress\/ -->\n<title>Assembl\u00e9e g\u00e9n\u00e9rale annuelle 2026 - Barreau de Montr&eacute;al<\/title>\n<meta name=\"robots\" content=\"index, follow, max-snippet:-1, max-image-preview:large, max-video-preview:-1\" \/>\n<link rel=\"canonical\" href=\"https:\/\/www.barreaudemontreal.qc.ca\/en\/activite\/assemblee-generale-annuelle-2026\/\" \/>\n<meta property=\"og:locale\" content=\"en_US\" \/>\n<meta property=\"og:type\" content=\"article\" \/>\n<meta property=\"og:title\" content=\"Assembl\u00e9e g\u00e9n\u00e9rale annuelle 2026 - Barreau de Montr&eacute;al\" \/>\n<meta property=\"og:description\" content=\"Les membres du Barreau de Montr\u00e9al sont convoqu\u00e9s \u00e0 l\u2019assembl\u00e9e g\u00e9n\u00e9rale annuelle qui se tiendra le jeudi 7 mai 2026 \u00e0 17 h 30, \u00e0 la salle 5.15 du Palais [&hellip;]\" \/>\n<meta property=\"og:url\" content=\"https:\/\/www.barreaudemontreal.qc.ca\/en\/activite\/assemblee-generale-annuelle-2026\/\" \/>\n<meta property=\"og:site_name\" content=\"Barreau de Montr&eacute;al\" \/>\n<meta property=\"article:modified_time\" content=\"2026-04-25T03:21:25+00:00\" \/>\n<meta name=\"twitter:card\" content=\"summary_large_image\" \/>\n<meta name=\"twitter:label1\" content=\"Est. reading time\" \/>\n\t<meta name=\"twitter:data1\" content=\"3 minutes\" \/>\n<script type=\"application\/ld+json\" class=\"yoast-schema-graph\">{\"@context\":\"https:\\\/\\\/schema.org\",\"@graph\":[{\"@type\":\"WebPage\",\"@id\":\"https:\\\/\\\/www.barreaudemontreal.qc.ca\\\/en\\\/activite\\\/assemblee-generale-annuelle-2026\\\/\",\"url\":\"https:\\\/\\\/www.barreaudemontreal.qc.ca\\\/en\\\/activite\\\/assemblee-generale-annuelle-2026\\\/\",\"name\":\"Assembl\u00e9e g\u00e9n\u00e9rale annuelle 2026 - Barreau de Montr&eacute;al\",\"isPartOf\":{\"@id\":\"https:\\\/\\\/www.barreaudemontreal.qc.ca\\\/en\\\/#website\"},\"datePublished\":\"2026-04-21T03:20:15+00:00\",\"dateModified\":\"2026-04-25T03:21:25+00:00\",\"breadcrumb\":{\"@id\":\"https:\\\/\\\/www.barreaudemontreal.qc.ca\\\/en\\\/activite\\\/assemblee-generale-annuelle-2026\\\/#breadcrumb\"},\"inLanguage\":\"en-US\",\"potentialAction\":[{\"@type\":\"ReadAction\",\"target\":[\"https:\\\/\\\/www.barreaudemontreal.qc.ca\\\/en\\\/activite\\\/assemblee-generale-annuelle-2026\\\/\"]}]},{\"@type\":\"BreadcrumbList\",\"@id\":\"https:\\\/\\\/www.barreaudemontreal.qc.ca\\\/en\\\/activite\\\/assemblee-generale-annuelle-2026\\\/#breadcrumb\",\"itemListElement\":[{\"@type\":\"ListItem\",\"position\":1,\"name\":\"Home\",\"item\":\"https:\\\/\\\/www.barreaudemontreal.qc.ca\\\/en\\\/\"},{\"@type\":\"ListItem\",\"position\":2,\"name\":\"Activit\u00e9s\",\"item\":\"https:\\\/\\\/www.barreaudemontreal.qc.ca\\\/en\\\/activite\\\/\"},{\"@type\":\"ListItem\",\"position\":3,\"name\":\"Assembl\u00e9e g\u00e9n\u00e9rale annuelle 2026\"}]},{\"@type\":\"WebSite\",\"@id\":\"https:\\\/\\\/www.barreaudemontreal.qc.ca\\\/en\\\/#website\",\"url\":\"https:\\\/\\\/www.barreaudemontreal.qc.ca\\\/en\\\/\",\"name\":\"Barreau de Montr&eacute;al\",\"description\":\"La plus grande section du Barreau du Qu&eacute;bec\",\"potentialAction\":[{\"@type\":\"SearchAction\",\"target\":{\"@type\":\"EntryPoint\",\"urlTemplate\":\"https:\\\/\\\/www.barreaudemontreal.qc.ca\\\/en\\\/?s={search_term_string}\"},\"query-input\":{\"@type\":\"PropertyValueSpecification\",\"valueRequired\":true,\"valueName\":\"search_term_string\"}}],\"inLanguage\":\"en-US\"}]}<\/script>\n<!-- \/ Yoast SEO plugin. -->","yoast_head_json":{"title":"Assembl\u00e9e g\u00e9n\u00e9rale annuelle 2026 - Barreau de Montr&eacute;al","robots":{"index":"index","follow":"follow","max-snippet":"max-snippet:-1","max-image-preview":"max-image-preview:large","max-video-preview":"max-video-preview:-1"},"canonical":"https:\/\/www.barreaudemontreal.qc.ca\/en\/activite\/assemblee-generale-annuelle-2026\/","og_locale":"en_US","og_type":"article","og_title":"Assembl\u00e9e g\u00e9n\u00e9rale annuelle 2026 - Barreau de Montr&eacute;al","og_description":"Les membres du Barreau de Montr\u00e9al sont convoqu\u00e9s \u00e0 l\u2019assembl\u00e9e g\u00e9n\u00e9rale annuelle qui se tiendra le jeudi 7 mai 2026 \u00e0 17 h 30, \u00e0 la salle 5.15 du Palais [&hellip;]","og_url":"https:\/\/www.barreaudemontreal.qc.ca\/en\/activite\/assemblee-generale-annuelle-2026\/","og_site_name":"Barreau de Montr&eacute;al","article_modified_time":"2026-04-25T03:21:25+00:00","twitter_card":"summary_large_image","twitter_misc":{"Est. reading time":"3 minutes"},"schema":{"@context":"https:\/\/schema.org","@graph":[{"@type":"WebPage","@id":"https:\/\/www.barreaudemontreal.qc.ca\/en\/activite\/assemblee-generale-annuelle-2026\/","url":"https:\/\/www.barreaudemontreal.qc.ca\/en\/activite\/assemblee-generale-annuelle-2026\/","name":"Assembl\u00e9e g\u00e9n\u00e9rale annuelle 2026 - Barreau de Montr&eacute;al","isPartOf":{"@id":"https:\/\/www.barreaudemontreal.qc.ca\/en\/#website"},"datePublished":"2026-04-21T03:20:15+00:00","dateModified":"2026-04-25T03:21:25+00:00","breadcrumb":{"@id":"https:\/\/www.barreaudemontreal.qc.ca\/en\/activite\/assemblee-generale-annuelle-2026\/#breadcrumb"},"inLanguage":"en-US","potentialAction":[{"@type":"ReadAction","target":["https:\/\/www.barreaudemontreal.qc.ca\/en\/activite\/assemblee-generale-annuelle-2026\/"]}]},{"@type":"BreadcrumbList","@id":"https:\/\/www.barreaudemontreal.qc.ca\/en\/activite\/assemblee-generale-annuelle-2026\/#breadcrumb","itemListElement":[{"@type":"ListItem","position":1,"name":"Home","item":"https:\/\/www.barreaudemontreal.qc.ca\/en\/"},{"@type":"ListItem","position":2,"name":"Activit\u00e9s","item":"https:\/\/www.barreaudemontreal.qc.ca\/en\/activite\/"},{"@type":"ListItem","position":3,"name":"Assembl\u00e9e g\u00e9n\u00e9rale annuelle 2026"}]},{"@type":"WebSite","@id":"https:\/\/www.barreaudemontreal.qc.ca\/en\/#website","url":"https:\/\/www.barreaudemontreal.qc.ca\/en\/","name":"Barreau de Montr&eacute;al","description":"La plus grande section du Barreau du Qu&eacute;bec","potentialAction":[{"@type":"SearchAction","target":{"@type":"EntryPoint","urlTemplate":"https:\/\/www.barreaudemontreal.qc.ca\/en\/?s={search_term_string}"},"query-input":{"@type":"PropertyValueSpecification","valueRequired":true,"valueName":"search_term_string"}}],"inLanguage":"en-US"}]}},"_links":{"self":[{"href":"https:\/\/www.barreaudemontreal.qc.ca\/en\/wp-json\/wp\/v2\/activite\/49772","targetHints":{"allow":["GET"]}}],"collection":[{"href":"https:\/\/www.barreaudemontreal.qc.ca\/en\/wp-json\/wp\/v2\/activite"}],"about":[{"href":"https:\/\/www.barreaudemontreal.qc.ca\/en\/wp-json\/wp\/v2\/types\/activite"}],"author":[{"embeddable":true,"href":"https:\/\/www.barreaudemontreal.qc.ca\/en\/wp-json\/wp\/v2\/users\/3"}],"wp:attachment":[{"href":"https:\/\/www.barreaudemontreal.qc.ca\/en\/wp-json\/wp\/v2\/media?parent=49772"}],"wp:term":[{"taxonomy":"category","embeddable":true,"href":"https:\/\/www.barreaudemontreal.qc.ca\/en\/wp-json\/wp\/v2\/categories?post=49772"}],"curies":[{"name":"wp","href":"https:\/\/api.w.org\/{rel}","templated":true}]}}

Assemblée générale annuelle 2026

<p>Les membres du Barreau de Montréal sont convoqués à l’assemblée générale annuelle qui se tiendra le <strong>jeudi 7 mai 2026 à 17 h 30</strong>, à la salle 5.15 du Palais de justice de Montréal (10, rue Saint-Antoine Est).</p>



<p>Une consultation doit être menée par le Conseil d’administration avant l’Assemblée générale annuelle des membres sur sa cotisation 2026-2027, en vertu de l’article 68 (1) et (7) de la <em>Loi du Barreau</em> et de l’article <em>103.1</em> du <em>Codes des professions</em> qui prévoient ce qui&nbsp;suit :</p>



<p><strong>Loi sur le Barreau</strong></p>



<p><em><strong>Article 68.</strong><br><strong>1.</strong> Le Conseil général et les conseils de section fixent, suivant leur juridiction respective, les cotisations annuelles exigibles des membres appartenant à chacune des catégories de membres ou à certaines classes d’entre eux établies en fonction des activités professionnelles exercées, qu’ils peuvent déterminer.<br><strong>7. </strong>Les dispositions du Code des professions (chapitre C-26) concernant les cotisations s’appliquent, compte tenu des adaptations nécessaires, aux cotisations imposées en vertu du présent article.</em></p>



<div style="height:0px" aria-hidden="true" class="wp-block-spacer"></div>



<p><strong>Code des professions</strong></p>



<p><em><strong>103.1.</strong> Au moins 30 jours avant l’assemblée générale annuelle, le secrétaire de l’ordre doit communiquer à tous les membres de l’ordre, pour commentaires, l’information au sujet du montant de la cotisation annuelle. L’information est accompagnée du projet de résolution modifiant ce montant, le cas échéant, des prévisions budgétaires pour l’année financière visée par la cotisation, incluant une ventilation de la rémunération des administrateurs élus, et d’un projet de rapport annuel.</em></p>



<div style="height:40px" aria-hidden="true" class="wp-block-spacer"></div>



<h5 class="wp-block-heading">Cocktail des collaborateurs</h5>



<p>Les membres sont également invités au cocktail qui suivra l&#8217;assemblée, <strong>vers 19 h</strong>, et qui se tiendra à Cour d’appel (Édifice Ernest Cormier – 100, rue Notre-Dame Est).</p>



<div class="wp-block-buttons is-layout-flex wp-block-buttons-is-layout-flex">
<div class="wp-block-button is-style-fill"><a class="wp-block-button__link has-central-palette-6-color has-central-palette-2-background-color has-text-color has-background wp-element-button" href="https://forms.office.com/r/iRzZMgSFCY" target="_blank" rel="noreferrer noopener">Confirmer ma présence à l&#8217;AGA et au cocktail</a></div>
</div>



<div style="height:20px" aria-hidden="true" class="wp-block-spacer"></div>



<h5 class="wp-block-heading">ORDRE DU JOUR</h5>



<ol style="list-style-type:1" class="wp-block-list">
<li>Ouverture de l’assemblée</li>



<li>Adoption de l’ordre du jour</li>



<li>Adoption du procès-verbal de l’assemblée générale annuelle du 7 mai 2025</li>



<li>Allocution de M. le bâtonnier du Québec, Me Marcel-Olivier Nadeau</li>



<li>Présentation du Prix Pierre-Fournier 2026 à Me Luc Deshaies, Ad. E.</li>



<li>Présentation du Prix d’excellence 2026 à Me Nicholas St-Jacques, Ad. E.</li>



<li>Rapport du Trésorier par intérim, Me Joey Suri<br> 7.1 Présentation des états financiers<br> 7.2 Nomination des auditeurs<br> 7.3 <a href="https://www.barreaudemontreal.qc.ca/wp-content/uploads/cotisation-pour-lexercice-2027-2028.pdf" target="_blank" rel="noreferrer noopener">Cotisations pour l&#8217;exercice 2027-2028</a></li>



<li>Rapport de Mme la bâtonnière, Me Valérie Assouline</li>



<li>Proclamation des dirigeants et conseillers élus par Me Patrice Guay, président de l’élection</li>



<li>Allocution de la nouvelle bâtonnière, Me Alice Popovici</li>



<li>Période de questions</li>



<li>Levée de l’assemblée</li>
</ol>



<div style="height:20px" aria-hidden="true" class="wp-block-spacer"></div>



<p>Pour soumettre vos commentaires, veuillez écrire à <a href="mailto:direction@barreaudemontreal.qc.ca" target="_blank" rel="noreferrer noopener">direction@barreaudemontreal.qc.ca</a>.</p>



<div style="height:40px" aria-hidden="true" class="wp-block-spacer"></div>



<p><strong>Le rapport annuel et les états financiers 2025-2026 seront disponibles <a href="https://www.barreaudemontreal.qc.ca/contenus-corporatifs/" target="_blank" rel="noreferrer noopener">ici</a>, à compter du 7 mai 2026.</strong></p>



<div style="height:40px" aria-hidden="true" class="wp-block-spacer"></div>



<div class="wp-block-columns is-layout-flex wp-container-core-columns-is-layout-9d6595d7 wp-block-columns-is-layout-flex">
<div class="wp-block-column is-layout-flow wp-block-column-is-layout-flow"></div>



<div class="wp-block-column is-layout-flow wp-block-column-is-layout-flow"></div>



<div class="wp-block-column is-layout-flow wp-block-column-is-layout-flow"></div>



<div class="wp-block-column is-layout-flow wp-block-column-is-layout-flow"></div>
</div>

<!-- This site is optimized with the Yoast SEO plugin v27.4 - https://yoast.com/product/yoast-seo-wordpress/ -->
<title>Assemblée générale annuelle 2026 - Barreau de Montr&eacute;al</title>
<meta name="robots" content="index, follow, max-snippet:-1, max-image-preview:large, max-video-preview:-1" />
<link rel="canonical" href="https://www.barreaudemontreal.qc.ca/en/activite/assemblee-generale-annuelle-2026/" />
<meta property="og:locale" content="en_US" />
<meta property="og:type" content="article" />
<meta property="og:title" content="Assemblée générale annuelle 2026 - Barreau de Montr&eacute;al" />
<meta property="og:description" content="Les membres du Barreau de Montréal sont convoqués à l’assemblée générale annuelle qui se tiendra le jeudi 7 mai 2026 à 17 h 30, à la salle 5.15 du Palais [&hellip;]" />
<meta property="og:url" content="https://www.barreaudemontreal.qc.ca/en/activite/assemblee-generale-annuelle-2026/" />
<meta property="og:site_name" content="Barreau de Montr&eacute;al" />
<meta property="article:modified_time" content="2026-04-25T03:21:25+00:00" />
<meta name="twitter:card" content="summary_large_image" />
<meta name="twitter:label1" content="Est. reading time" />
	<meta name="twitter:data1" content="3 minutes" />
<script type="application/ld+json" class="yoast-schema-graph">{"@context":"https:\/\/schema.org","@graph":[{"@type":"WebPage","@id":"https:\/\/www.barreaudemontreal.qc.ca\/en\/activite\/assemblee-generale-annuelle-2026\/","url":"https:\/\/www.barreaudemontreal.qc.ca\/en\/activite\/assemblee-generale-annuelle-2026\/","name":"Assemblée générale annuelle 2026 - Barreau de Montr&eacute;al","isPartOf":{"@id":"https:\/\/www.barreaudemontreal.qc.ca\/en\/#website"},"datePublished":"2026-04-21T03:20:15+00:00","dateModified":"2026-04-25T03:21:25+00:00","breadcrumb":{"@id":"https:\/\/www.barreaudemontreal.qc.ca\/en\/activite\/assemblee-generale-annuelle-2026\/#breadcrumb"},"inLanguage":"en-US","potentialAction":[{"@type":"ReadAction","target":["https:\/\/www.barreaudemontreal.qc.ca\/en\/activite\/assemblee-generale-annuelle-2026\/"]}]},{"@type":"BreadcrumbList","@id":"https:\/\/www.barreaudemontreal.qc.ca\/en\/activite\/assemblee-generale-annuelle-2026\/#breadcrumb","itemListElement":[{"@type":"ListItem","position":1,"name":"Home","item":"https:\/\/www.barreaudemontreal.qc.ca\/en\/"},{"@type":"ListItem","position":2,"name":"Activités","item":"https:\/\/www.barreaudemontreal.qc.ca\/en\/activite\/"},{"@type":"ListItem","position":3,"name":"Assemblée générale annuelle 2026"}]},{"@type":"WebSite","@id":"https:\/\/www.barreaudemontreal.qc.ca\/en\/#website","url":"https:\/\/www.barreaudemontreal.qc.ca\/en\/","name":"Barreau de Montr&eacute;al","description":"La plus grande section du Barreau du Qu&eacute;bec","potentialAction":[{"@type":"SearchAction","target":{"@type":"EntryPoint","urlTemplate":"https:\/\/www.barreaudemontreal.qc.ca\/en\/?s={search_term_string}"},"query-input":{"@type":"PropertyValueSpecification","valueRequired":true,"valueName":"search_term_string"}}],"inLanguage":"en-US"}]}</script>
<!-- / Yoast SEO plugin. -->

Assemblée générale annuelle 2026 - Barreau de Montr&eacute;al

Les membres du Barreau de Montréal sont convoqués à l’assemblée générale annuelle qui se tiendra le jeudi 7 mai 2026 à 17 h 30, à la salle 5.15 du Palais [&hellip;]

Activités
