{"id":32346,"date":"2023-04-06T12:34:30","date_gmt":"2023-04-06T16:34:30","guid":{"rendered":"https:\/\/www.barreaudemontreal.qc.ca\/?post_type=activite&#038;p=32346"},"modified":"2023-04-11T11:29:07","modified_gmt":"2023-04-11T15:29:07","slug":"debut-de-la-campagne-electorale-14-au-24-avril-2023","status":"publish","type":"activite","link":"https:\/\/www.barreaudemontreal.qc.ca\/en\/activite\/debut-de-la-campagne-electorale-14-au-24-avril-2023\/","title":{"rendered":"D\u00e9but de la Campagne \u00e9lectorale"},"content":{"rendered":"\n<p>Chaque ann\u00e9e, en avril, le Barreau de Montr\u00e9al tient des \u00e9lections, conform\u00e9ment au <a href=\"https:\/\/www.barreaudemontreal.qc.ca\/wp-content\/uploads\/reglementgeneral_20190429.pdf\" target=\"_blank\" rel=\"noreferrer noopener\"><em>R\u00e8glement g\u00e9n\u00e9ral<\/em><\/a>, afin de pourvoir les postes d\u2019administrateurs dont le mandat est \u00e9chu au sein de son Conseil.<\/p>\n\n\n\n<div class=\"wp-block-buttons is-layout-flex wp-block-buttons-is-layout-flex\">\n<div class=\"wp-block-button\"><a class=\"wp-block-button__link has-central-palette-6-color has-central-palette-2-background-color has-text-color has-background wp-element-button\" href=\"https:\/\/www.barreaudemontreal.qc.ca\/barreau\/gouvernance\/election\/\">Pour tout savoir sur l&#8217;\u00e9lection 2023, cliquez ici<\/a><\/div>\n<\/div>\n","protected":false},"author":3,"featured_media":0,"template":"","meta":{"_acf_changed":false,"_editorskit_title_hidden":false,"_editorskit_reading_time":0,"_editorskit_is_block_options_detached":false,"_editorskit_block_options_position":"{}","inline_featured_image":false,"ngg_post_thumbnail":0},"categories":[],"class_list":["post-32346","activite","type-activite","status-publish","hentry"],"acf":[],"yoast_head":"<!-- This site is optimized with the Yoast SEO plugin v27.4 - https:\/\/yoast.com\/product\/yoast-seo-wordpress\/ -->\n<title>D\u00e9but de la Campagne \u00e9lectorale - Barreau de Montr&eacute;al<\/title>\n<meta name=\"robots\" content=\"index, follow, max-snippet:-1, max-image-preview:large, max-video-preview:-1\" \/>\n<link rel=\"canonical\" href=\"https:\/\/www.barreaudemontreal.qc.ca\/en\/activite\/debut-de-la-campagne-electorale-14-au-24-avril-2023\/\" \/>\n<meta property=\"og:locale\" content=\"en_US\" \/>\n<meta property=\"og:type\" content=\"article\" \/>\n<meta property=\"og:title\" content=\"D\u00e9but de la Campagne \u00e9lectorale - Barreau de Montr&eacute;al\" \/>\n<meta property=\"og:description\" content=\"Chaque ann\u00e9e, en avril, le Barreau de Montr\u00e9al tient des \u00e9lections, conform\u00e9ment au R\u00e8glement g\u00e9n\u00e9ral, afin de pourvoir les postes d\u2019administrateurs dont le mandat est \u00e9chu au sein de son [&hellip;]\" \/>\n<meta property=\"og:url\" content=\"https:\/\/www.barreaudemontreal.qc.ca\/en\/activite\/debut-de-la-campagne-electorale-14-au-24-avril-2023\/\" \/>\n<meta property=\"og:site_name\" content=\"Barreau de Montr&eacute;al\" \/>\n<meta property=\"article:modified_time\" content=\"2023-04-11T15:29:07+00:00\" \/>\n<meta name=\"twitter:card\" content=\"summary_large_image\" \/>\n<meta name=\"twitter:label1\" content=\"Est. reading time\" \/>\n\t<meta name=\"twitter:data1\" content=\"1 minute\" \/>\n<script type=\"application\/ld+json\" class=\"yoast-schema-graph\">{\"@context\":\"https:\\\/\\\/schema.org\",\"@graph\":[{\"@type\":\"WebPage\",\"@id\":\"https:\\\/\\\/www.barreaudemontreal.qc.ca\\\/en\\\/activite\\\/debut-de-la-campagne-electorale-14-au-24-avril-2023\\\/\",\"url\":\"https:\\\/\\\/www.barreaudemontreal.qc.ca\\\/en\\\/activite\\\/debut-de-la-campagne-electorale-14-au-24-avril-2023\\\/\",\"name\":\"D\u00e9but de la Campagne \u00e9lectorale - Barreau de Montr&eacute;al\",\"isPartOf\":{\"@id\":\"https:\\\/\\\/www.barreaudemontreal.qc.ca\\\/en\\\/#website\"},\"datePublished\":\"2023-04-06T16:34:30+00:00\",\"dateModified\":\"2023-04-11T15:29:07+00:00\",\"breadcrumb\":{\"@id\":\"https:\\\/\\\/www.barreaudemontreal.qc.ca\\\/en\\\/activite\\\/debut-de-la-campagne-electorale-14-au-24-avril-2023\\\/#breadcrumb\"},\"inLanguage\":\"en-US\",\"potentialAction\":[{\"@type\":\"ReadAction\",\"target\":[\"https:\\\/\\\/www.barreaudemontreal.qc.ca\\\/en\\\/activite\\\/debut-de-la-campagne-electorale-14-au-24-avril-2023\\\/\"]}]},{\"@type\":\"BreadcrumbList\",\"@id\":\"https:\\\/\\\/www.barreaudemontreal.qc.ca\\\/en\\\/activite\\\/debut-de-la-campagne-electorale-14-au-24-avril-2023\\\/#breadcrumb\",\"itemListElement\":[{\"@type\":\"ListItem\",\"position\":1,\"name\":\"Home\",\"item\":\"https:\\\/\\\/www.barreaudemontreal.qc.ca\\\/en\\\/\"},{\"@type\":\"ListItem\",\"position\":2,\"name\":\"Activit\u00e9s\",\"item\":\"https:\\\/\\\/www.barreaudemontreal.qc.ca\\\/en\\\/activite\\\/\"},{\"@type\":\"ListItem\",\"position\":3,\"name\":\"D\u00e9but de la Campagne \u00e9lectorale\"}]},{\"@type\":\"WebSite\",\"@id\":\"https:\\\/\\\/www.barreaudemontreal.qc.ca\\\/en\\\/#website\",\"url\":\"https:\\\/\\\/www.barreaudemontreal.qc.ca\\\/en\\\/\",\"name\":\"Barreau de Montr&eacute;al\",\"description\":\"La plus grande section du Barreau du Qu&eacute;bec\",\"potentialAction\":[{\"@type\":\"SearchAction\",\"target\":{\"@type\":\"EntryPoint\",\"urlTemplate\":\"https:\\\/\\\/www.barreaudemontreal.qc.ca\\\/en\\\/?s={search_term_string}\"},\"query-input\":{\"@type\":\"PropertyValueSpecification\",\"valueRequired\":true,\"valueName\":\"search_term_string\"}}],\"inLanguage\":\"en-US\"}]}<\/script>\n<!-- \/ Yoast SEO plugin. -->","yoast_head_json":{"title":"D\u00e9but de la Campagne \u00e9lectorale - Barreau de Montr&eacute;al","robots":{"index":"index","follow":"follow","max-snippet":"max-snippet:-1","max-image-preview":"max-image-preview:large","max-video-preview":"max-video-preview:-1"},"canonical":"https:\/\/www.barreaudemontreal.qc.ca\/en\/activite\/debut-de-la-campagne-electorale-14-au-24-avril-2023\/","og_locale":"en_US","og_type":"article","og_title":"D\u00e9but de la Campagne \u00e9lectorale - Barreau de Montr&eacute;al","og_description":"Chaque ann\u00e9e, en avril, le Barreau de Montr\u00e9al tient des \u00e9lections, conform\u00e9ment au R\u00e8glement g\u00e9n\u00e9ral, afin de pourvoir les postes d\u2019administrateurs dont le mandat est \u00e9chu au sein de son [&hellip;]","og_url":"https:\/\/www.barreaudemontreal.qc.ca\/en\/activite\/debut-de-la-campagne-electorale-14-au-24-avril-2023\/","og_site_name":"Barreau de Montr&eacute;al","article_modified_time":"2023-04-11T15:29:07+00:00","twitter_card":"summary_large_image","twitter_misc":{"Est. reading time":"1 minute"},"schema":{"@context":"https:\/\/schema.org","@graph":[{"@type":"WebPage","@id":"https:\/\/www.barreaudemontreal.qc.ca\/en\/activite\/debut-de-la-campagne-electorale-14-au-24-avril-2023\/","url":"https:\/\/www.barreaudemontreal.qc.ca\/en\/activite\/debut-de-la-campagne-electorale-14-au-24-avril-2023\/","name":"D\u00e9but de la Campagne \u00e9lectorale - Barreau de Montr&eacute;al","isPartOf":{"@id":"https:\/\/www.barreaudemontreal.qc.ca\/en\/#website"},"datePublished":"2023-04-06T16:34:30+00:00","dateModified":"2023-04-11T15:29:07+00:00","breadcrumb":{"@id":"https:\/\/www.barreaudemontreal.qc.ca\/en\/activite\/debut-de-la-campagne-electorale-14-au-24-avril-2023\/#breadcrumb"},"inLanguage":"en-US","potentialAction":[{"@type":"ReadAction","target":["https:\/\/www.barreaudemontreal.qc.ca\/en\/activite\/debut-de-la-campagne-electorale-14-au-24-avril-2023\/"]}]},{"@type":"BreadcrumbList","@id":"https:\/\/www.barreaudemontreal.qc.ca\/en\/activite\/debut-de-la-campagne-electorale-14-au-24-avril-2023\/#breadcrumb","itemListElement":[{"@type":"ListItem","position":1,"name":"Home","item":"https:\/\/www.barreaudemontreal.qc.ca\/en\/"},{"@type":"ListItem","position":2,"name":"Activit\u00e9s","item":"https:\/\/www.barreaudemontreal.qc.ca\/en\/activite\/"},{"@type":"ListItem","position":3,"name":"D\u00e9but de la Campagne \u00e9lectorale"}]},{"@type":"WebSite","@id":"https:\/\/www.barreaudemontreal.qc.ca\/en\/#website","url":"https:\/\/www.barreaudemontreal.qc.ca\/en\/","name":"Barreau de Montr&eacute;al","description":"La plus grande section du Barreau du Qu&eacute;bec","potentialAction":[{"@type":"SearchAction","target":{"@type":"EntryPoint","urlTemplate":"https:\/\/www.barreaudemontreal.qc.ca\/en\/?s={search_term_string}"},"query-input":{"@type":"PropertyValueSpecification","valueRequired":true,"valueName":"search_term_string"}}],"inLanguage":"en-US"}]}},"_links":{"self":[{"href":"https:\/\/www.barreaudemontreal.qc.ca\/en\/wp-json\/wp\/v2\/activite\/32346","targetHints":{"allow":["GET"]}}],"collection":[{"href":"https:\/\/www.barreaudemontreal.qc.ca\/en\/wp-json\/wp\/v2\/activite"}],"about":[{"href":"https:\/\/www.barreaudemontreal.qc.ca\/en\/wp-json\/wp\/v2\/types\/activite"}],"author":[{"embeddable":true,"href":"https:\/\/www.barreaudemontreal.qc.ca\/en\/wp-json\/wp\/v2\/users\/3"}],"wp:attachment":[{"href":"https:\/\/www.barreaudemontreal.qc.ca\/en\/wp-json\/wp\/v2\/media?parent=32346"}],"wp:term":[{"taxonomy":"category","embeddable":true,"href":"https:\/\/www.barreaudemontreal.qc.ca\/en\/wp-json\/wp\/v2\/categories?post=32346"}],"curies":[{"name":"wp","href":"https:\/\/api.w.org\/{rel}","templated":true}]}}

Début de la Campagne électorale

<p>Chaque année, en avril, le Barreau de Montréal tient des élections, conformément au <a href="https://www.barreaudemontreal.qc.ca/wp-content/uploads/reglementgeneral_20190429.pdf" target="_blank" rel="noreferrer noopener"><em>Règlement général</em></a>, afin de pourvoir les postes d’administrateurs dont le mandat est échu au sein de son Conseil.</p>



<div class="wp-block-buttons is-layout-flex wp-block-buttons-is-layout-flex">
<div class="wp-block-button"><a class="wp-block-button__link has-central-palette-6-color has-central-palette-2-background-color has-text-color has-background wp-element-button" href="https://www.barreaudemontreal.qc.ca/barreau/gouvernance/election/">Pour tout savoir sur l&#8217;élection 2023, cliquez ici</a></div>
</div>

<!-- This site is optimized with the Yoast SEO plugin v27.4 - https://yoast.com/product/yoast-seo-wordpress/ -->
<title>Début de la Campagne électorale - Barreau de Montr&eacute;al</title>
<meta name="robots" content="index, follow, max-snippet:-1, max-image-preview:large, max-video-preview:-1" />
<link rel="canonical" href="https://www.barreaudemontreal.qc.ca/en/activite/debut-de-la-campagne-electorale-14-au-24-avril-2023/" />
<meta property="og:locale" content="en_US" />
<meta property="og:type" content="article" />
<meta property="og:title" content="Début de la Campagne électorale - Barreau de Montr&eacute;al" />
<meta property="og:description" content="Chaque année, en avril, le Barreau de Montréal tient des élections, conformément au Règlement général, afin de pourvoir les postes d’administrateurs dont le mandat est échu au sein de son [&hellip;]" />
<meta property="og:url" content="https://www.barreaudemontreal.qc.ca/en/activite/debut-de-la-campagne-electorale-14-au-24-avril-2023/" />
<meta property="og:site_name" content="Barreau de Montr&eacute;al" />
<meta property="article:modified_time" content="2023-04-11T15:29:07+00:00" />
<meta name="twitter:card" content="summary_large_image" />
<meta name="twitter:label1" content="Est. reading time" />
	<meta name="twitter:data1" content="1 minute" />
<script type="application/ld+json" class="yoast-schema-graph">{"@context":"https:\/\/schema.org","@graph":[{"@type":"WebPage","@id":"https:\/\/www.barreaudemontreal.qc.ca\/en\/activite\/debut-de-la-campagne-electorale-14-au-24-avril-2023\/","url":"https:\/\/www.barreaudemontreal.qc.ca\/en\/activite\/debut-de-la-campagne-electorale-14-au-24-avril-2023\/","name":"Début de la Campagne électorale - Barreau de Montr&eacute;al","isPartOf":{"@id":"https:\/\/www.barreaudemontreal.qc.ca\/en\/#website"},"datePublished":"2023-04-06T16:34:30+00:00","dateModified":"2023-04-11T15:29:07+00:00","breadcrumb":{"@id":"https:\/\/www.barreaudemontreal.qc.ca\/en\/activite\/debut-de-la-campagne-electorale-14-au-24-avril-2023\/#breadcrumb"},"inLanguage":"en-US","potentialAction":[{"@type":"ReadAction","target":["https:\/\/www.barreaudemontreal.qc.ca\/en\/activite\/debut-de-la-campagne-electorale-14-au-24-avril-2023\/"]}]},{"@type":"BreadcrumbList","@id":"https:\/\/www.barreaudemontreal.qc.ca\/en\/activite\/debut-de-la-campagne-electorale-14-au-24-avril-2023\/#breadcrumb","itemListElement":[{"@type":"ListItem","position":1,"name":"Home","item":"https:\/\/www.barreaudemontreal.qc.ca\/en\/"},{"@type":"ListItem","position":2,"name":"Activités","item":"https:\/\/www.barreaudemontreal.qc.ca\/en\/activite\/"},{"@type":"ListItem","position":3,"name":"Début de la Campagne électorale"}]},{"@type":"WebSite","@id":"https:\/\/www.barreaudemontreal.qc.ca\/en\/#website","url":"https:\/\/www.barreaudemontreal.qc.ca\/en\/","name":"Barreau de Montr&eacute;al","description":"La plus grande section du Barreau du Qu&eacute;bec","potentialAction":[{"@type":"SearchAction","target":{"@type":"EntryPoint","urlTemplate":"https:\/\/www.barreaudemontreal.qc.ca\/en\/?s={search_term_string}"},"query-input":{"@type":"PropertyValueSpecification","valueRequired":true,"valueName":"search_term_string"}}],"inLanguage":"en-US"}]}</script>
<!-- / Yoast SEO plugin. -->

Début de la Campagne électorale - Barreau de Montr&eacute;al

Chaque année, en avril, le Barreau de Montréal tient des élections, conformément au Règlement général, afin de pourvoir les postes d’administrateurs dont le mandat est échu au sein de son [&hellip;]

Activités
